{"id":37742,"date":"2017-01-02T19:45:08","date_gmt":"2017-01-02T19:45:08","guid":{"rendered":"http:\/\/www.irdin.org.br\/site\/?page_id=37742"},"modified":"2024-04-23T13:01:43","modified_gmt":"2024-04-23T13:01:43","slug":"pensamento-do-dia","status":"publish","type":"page","link":"https:\/\/www.irdin.org.br\/site\/pensamento-do-dia\/","title":{"rendered":"Pensamento do dia"},"content":{"rendered":"\t\t<div data-elementor-type=\"wp-page\" data-elementor-id=\"37742\" class=\"elementor elementor-37742\">\n\t\t\t\t<div class=\"wd-negative-gap elementor-element elementor-element-5dc0695f e-flex e-con-boxed e-con e-parent\" data-id=\"5dc0695f\" data-element_type=\"container\" data-e-type=\"container\">\n\t\t\t\t\t<div class=\"e-con-inner\">\n\t\t\t\t<div class=\"elementor-element elementor-element-617f79f0 color-scheme-inherit text-left elementor-widget elementor-widget-text-editor\" data-id=\"617f79f0\" data-element_type=\"widget\" data-e-type=\"widget\" data-widget_type=\"text-editor.default\">\n\t\t\t\t<div class=\"elementor-widget-container\">\n\t\t\t\t\t\t\t\t\t<p><a href=\"https:\/\/irdin.org.br\/site\/envios\/pdfs\/pensamentos_por.pdf\" download=\"\">Portugu\u00eas<\/a><\/p><p><a href=\"https:\/\/irdin.org.br\/site\/envios\/pdfs\/pensamentos_spa.pdf\" download=\"\">Espanhol<\/a><\/p><p><a href=\"https:\/\/irdin.org.br\/site\/envios\/pdfs\/pensamentos_ita.pdf\" download=\"\">Italiano<\/a><\/p><p><a href=\"https:\/\/irdin.org.br\/site\/envios\/pdfs\/pensamentos_epo.pdf\" download=\"\">Esperanto<\/a><\/p><p><a href=\"https:\/\/irdin.org.br\/site\/envios\/pdfs\/pensamentos_fra.pdf\" download=\"\">Franc\u00eas<\/a><\/p><p><a href=\"https:\/\/irdin.org.br\/site\/envios\/pdfs\/pensamentos_eng.pdf\" download=\"\">Ingl\u00eas<\/a><\/p><p><a href=\"https:\/\/irdin.org.br\/site\/envios\/pdfs\/pensamentos_ger.pdf\" download=\"\">Alem\u00e3o<\/a><\/p><p>Esse esfor\u00e7o de renovar e disponibilizar conte\u00fado em nosso site conta com a colabora\u00e7\u00e3o volunt\u00e1ria para acontecer e podermos melhorar a cada dia a difus\u00e3o desse ensinamento.<\/p>\t\t\t\t\t\t\t\t<\/div>\n\t\t\t\t<\/div>\n\t\t\t\t\t<\/div>\n\t\t\t\t<\/div>\n\t\t\t\t<\/div>\n\t\t","protected":false},"excerpt":{"rendered":"<p>Portugu\u00eas Espanhol Italiano Esperanto Franc\u00eas Ingl\u00eas Alem\u00e3o Esse esfor\u00e7o de renovar e disponibilizar conte\u00fado em nosso site conta com a<\/p>\n","protected":false},"author":1,"featured_media":0,"parent":0,"menu_order":0,"comment_status":"closed","ping_status":"open","template":"","meta":{"_acf_changed":false,"footnotes":""},"class_list":["post-37742","page","type-page","status-publish","hentry"],"acf":[],"_links":{"self":[{"href":"https:\/\/www.irdin.org.br\/site\/wp-json\/wp\/v2\/pages\/37742","targetHints":{"allow":["GET"]}}],"collection":[{"href":"https:\/\/www.irdin.org.br\/site\/wp-json\/wp\/v2\/pages"}],"about":[{"href":"https:\/\/www.irdin.org.br\/site\/wp-json\/wp\/v2\/types\/page"}],"author":[{"embeddable":true,"href":"https:\/\/www.irdin.org.br\/site\/wp-json\/wp\/v2\/users\/1"}],"replies":[{"embeddable":true,"href":"https:\/\/www.irdin.org.br\/site\/wp-json\/wp\/v2\/comments?post=37742"}],"version-history":[{"count":7,"href":"https:\/\/www.irdin.org.br\/site\/wp-json\/wp\/v2\/pages\/37742\/revisions"}],"predecessor-version":[{"id":105636,"href":"https:\/\/www.irdin.org.br\/site\/wp-json\/wp\/v2\/pages\/37742\/revisions\/105636"}],"wp:attachment":[{"href":"https:\/\/www.irdin.org.br\/site\/wp-json\/wp\/v2\/media?parent=37742"}],"curies":[{"name":"wp","href":"https:\/\/api.w.org\/{rel}","templated":true}]}}