{"id":58854,"date":"2017-03-13T23:09:21","date_gmt":"2017-03-13T23:09:21","guid":{"rendered":"http:\/\/www.irdin.org.br\/site\/?page_id=58854"},"modified":"2017-03-21T14:48:27","modified_gmt":"2017-03-21T14:48:27","slug":"pendrive","status":"publish","type":"page","link":"https:\/\/www.irdin.org.br\/site\/pendrive\/","title":{"rendered":"Atendimento_Pendrive"},"content":{"rendered":"<p>[vc_row gap=&#8221;35&#8243;][vc_column][vc_text_separator title=&#8221;Perguntas frequentes&#8221;][\/vc_column][\/vc_row][vc_row][vc_column width=&#8221;1\/6&#8243;][vc_column_text][\/vc_column_text][\/vc_column][vc_column width=&#8221;2\/3&#8243;][vc_tta_tour][vc_tta_section i_icon_fontawesome=&#8221;fa fa-user&#8221; add_icon=&#8221;true&#8221; title=&#8221;Informa\u00e7\u00f5es T\u00e9cnicas&#8221; tab_id=&#8221;1490093529661-9a87e4fa-0f2d&#8221;][vc_column_text]<strong>Informa\u00e7\u00f5es T\u00e9cnicas<\/strong><\/p>\n<p>Este material \u00e9 melhor visualizado atrav\u00e9s dos navegadores de internet com vers\u00e3o m\u00ednima:<\/p>\n<table border=\"0\">\n<tbody>\n<tr>\n<td align=\"right\" width=\"60\"><img decoding=\"async\" src=\"file:\/\/\/C:\/Backup5\/REINOS_pendrive.ofic.1b\/html\/img\/firefox.gif\" \/><\/td>\n<td align=\"left\"><a href=\"http:\/\/br.mozdev.org\/firefox\/download\/\"> Firefox &#8211; v51.x ou superior <\/a><\/td>\n<\/tr>\n<tr>\n<td align=\"right\" width=\"60\"><img decoding=\"async\" src=\"file:\/\/\/C:\/Backup5\/REINOS_pendrive.ofic.1b\/html\/img\/chrome.gif\" \/><\/td>\n<td align=\"left\"><a href=\"https:\/\/www.google.com\/intl\/pt-BR\/chrome\/browser\/desktop\/index.html?standalone=1\">Chrome &#8211; v56.0 ou superior<\/a><\/td>\n<\/tr>\n<\/tbody>\n<\/table>\n<p>Compat\u00edvel Windows, Linux e macOS para desktops, notebooks e tablets (com adaptador USB 2.0 tipo A). Configura\u00e7\u00e3o m\u00ednima de v\u00eddeo 1024 x 768 e Configura\u00e7\u00e3o m\u00ednima de 4GB de mem\u00f3ria RAM.<\/p>\n<p>Para ouvir os \u00e1udios deste dispositivo \u00e9 necess\u00e1rio que seu aparelho tenha suporte a USB 2.0 Tipo A ou superior e suporte ao formato de \u00e1udio MP3.<\/p>\n<p>A funcionalidade de pesquisa est\u00e1 dispon\u00edvel somente para os dispositivos que suportam browser internet. Normalmente n\u00e3o est\u00e3o dispon\u00edveis em aparelhos port\u00e1teis de som, carros ou aparelhos de DVD.[\/vc_column_text][\/vc_tta_section][vc_tta_section i_icon_fontawesome=&#8221;fa fa-refresh&#8221; add_icon=&#8221;true&#8221; title=&#8221;Instru\u00e7\u00f5es de Uso (on line)&#8221; tab_id=&#8221;1475865250625-5d73d531-8332&#8243;][vc_column_text]Agora voc\u00ea disp\u00f5e de um material que possibilita a audi\u00e7\u00e3o desse material de \u00e1udio em aparelhos de som automotivo, som port\u00e1til e computadores (desktop, notebooks, tablets) que possuam as caracter\u00edsticas m\u00ednimas para sua execu\u00e7\u00e3o, conforme o item Informa\u00e7\u00f5es T\u00e9cnicas. Para ouvir os \u00e1udios deste dispositivo \u00e9 necess\u00e1rio que seu aparelho tenha suporte a USB 2.0 Tipo A ou superior e suporte ao formato de \u00e1udio MP3.<\/p>\n<p>A funcionalidade de pesquisa est\u00e1 dispon\u00edvel somente para os dispositivos que suportam browser internet. Normalmente n\u00e3o dispon\u00edveis em aparelhos de som port\u00e1til e carros.[\/vc_column_text][\/vc_tta_section][vc_tta_section i_icon_fontawesome=&#8221;fa fa-lock&#8221; add_icon=&#8221;true&#8221; title=&#8221;Qualidade e Acesso aos \u00c1udios&#8221; tab_id=&#8221;1475864440956-7858b757-f9d1&#8243;][vc_column_text]<\/p>\n<p><strong>A qualidade do \u00e1udio<\/strong><\/p>\n<p>Os \u00e1udios podem ter percep\u00e7\u00f5es diferentes de audi\u00e7\u00e3o de acordo com a qualidade e intensidade de reprodu\u00e7\u00e3o do \u00e1udio.<\/p>\n<p><strong>Acesso aos \u00e1udios<\/strong><\/p>\n<p>Os \u00e1udios podem ser acessados a partir da pasta &#8220;\u00e1udios&#8221; da pendrive. Os \u00e1udios est\u00e3o organizados por<\/p>\n<p>reinos separados em cada pasta:<\/p>\n<p>&nbsp;<\/p>\n<p><img loading=\"lazy\" decoding=\"async\" class=\"size-full wp-image-52422 alignleft\" src=\"http:\/\/www.irdin.org.br\/site\/wp-content\/uploads\/2017\/02\/pendrive_pastas.png\" alt=\"\" width=\"233\" height=\"151\" srcset=\"https:\/\/www.irdin.org.br\/site\/wp-content\/uploads\/2017\/02\/pendrive_pastas.png 233w, https:\/\/www.irdin.org.br\/site\/wp-content\/uploads\/2017\/02\/pendrive_pastas-150x97.png 150w\" sizes=\"auto, (max-width: 233px) 100vw, 233px\" \/><\/p>\n<p>&nbsp;<\/p>\n<p>&nbsp;<\/p>\n<p>&nbsp;<\/p>\n<p>&nbsp;<\/p>\n<p>&nbsp;<\/p>\n<p>Cada arquivos est\u00e1 classificado pela inicial dos reinos\u00a0e seu respectivo n\u00famero:<\/p>\n<p><img loading=\"lazy\" decoding=\"async\" class=\"size-full wp-image-52424 alignleft\" src=\"http:\/\/www.irdin.org.br\/site\/wp-content\/uploads\/2017\/02\/pendrive_arquivos.png\" alt=\"\" width=\"202\" height=\"515\" srcset=\"https:\/\/www.irdin.org.br\/site\/wp-content\/uploads\/2017\/02\/pendrive_arquivos.png 202w, https:\/\/www.irdin.org.br\/site\/wp-content\/uploads\/2017\/02\/pendrive_arquivos-150x382.png 150w, https:\/\/www.irdin.org.br\/site\/wp-content\/uploads\/2017\/02\/pendrive_arquivos-118x300.png 118w\" sizes=\"auto, (max-width: 202px) 100vw, 202px\" \/><\/p>\n<p>&nbsp;<\/p>\n<p>&nbsp;<\/p>\n<p>&nbsp;<\/p>\n<p>&nbsp;<\/p>\n<p>&nbsp;<\/p>\n<p>&nbsp;<\/p>\n<p>&nbsp;<\/p>\n<p>&nbsp;<\/p>\n<p>&nbsp;<\/p>\n<p>&nbsp;<\/p>\n<p>&nbsp;<\/p>\n<p>&nbsp;<\/p>\n<p>&nbsp;<\/p>\n<p>&nbsp;<\/p>\n<p>[\/vc_column_text][\/vc_tta_section][vc_tta_section i_icon_fontawesome=&#8221;fa fa-credit-card-alt&#8221; add_icon=&#8221;true&#8221; title=&#8221;Comandos e Fun\u00e7\u00f5es&#8221; tab_id=&#8221;1475865048251-9502b772-17c0&#8243;][vc_column_text]<\/p>\n<p>&nbsp;<\/p>\n<p>&nbsp;<\/p>\n<p><strong>COMANDOS E FUN\u00c7\u00d5ES<\/strong><\/p>\n<p><strong>Navega\u00e7\u00e3o da Tela Principal<\/strong><\/p>\n<p>Utilize clicar na imagem do respectivo Reino para acessar os \u00e1udios e realizar pesquisas. Na parte inferior da tela obt\u00e9m-se informa\u00e7\u00f5es adicionais como: \u201cInstru\u00e7\u00f5es de Uso\u201d, \u201cInforma\u00e7\u00f5es T\u00e9cnicas\u201d e \u201cSobre a Irdin Editora\u201d.<\/p>\n<p>&nbsp;<\/p>\n<p><strong>Control-F <\/strong><\/p>\n<p>Utilize Ctrl-F para realizar pesquisas no dispositivo, informando uma palavra-chave. O uso desta fun\u00e7\u00e3o varia conforme o tipo e vers\u00e3o do navegador internet que voc\u00ea estiver utilizando.<\/p>\n<p>Esta fun\u00e7\u00e3o n\u00e3o estar\u00e1 dispon\u00edvel em dispositivos que n\u00e3o suportam navega\u00e7\u00e3o como: som automotivo ou aparelhos de som port\u00e1til USB.<\/p>\n<p>No site da Irdin Editora voc\u00ea encontra informa\u00e7\u00f5es adicionais sobre esse e outros materiais.<\/p>\n<p>&nbsp;<\/p>\n<p><img loading=\"lazy\" decoding=\"async\" class=\"wp-image-52425 alignnone\" src=\"http:\/\/www.irdin.org.br\/site\/wp-content\/uploads\/2017\/02\/voltar.png\" alt=\"\" width=\"91\" height=\"45\" srcset=\"https:\/\/www.irdin.org.br\/site\/wp-content\/uploads\/2017\/02\/voltar.png 1012w, https:\/\/www.irdin.org.br\/site\/wp-content\/uploads\/2017\/02\/voltar-430x218.png 430w, https:\/\/www.irdin.org.br\/site\/wp-content\/uploads\/2017\/02\/voltar-150x76.png 150w, https:\/\/www.irdin.org.br\/site\/wp-content\/uploads\/2017\/02\/voltar-700x354.png 700w, https:\/\/www.irdin.org.br\/site\/wp-content\/uploads\/2017\/02\/voltar-300x152.png 300w, https:\/\/www.irdin.org.br\/site\/wp-content\/uploads\/2017\/02\/voltar-768x389.png 768w, https:\/\/www.irdin.org.br\/site\/wp-content\/uploads\/2017\/02\/voltar-600x304.png 600w, https:\/\/www.irdin.org.br\/site\/wp-content\/uploads\/2017\/02\/voltar-247x125.png 247w, https:\/\/www.irdin.org.br\/site\/wp-content\/uploads\/2017\/02\/voltar-510x258.png 510w\" sizes=\"auto, (max-width: 91px) 100vw, 91px\" \/><\/p>\n<p>Para retornar \u00e0 tela principal ou p\u00e1gina anterior clique\u00a0na interface no bot\u00e3o voltar.<\/p>\n<p>[\/vc_column_text][\/vc_tta_section][vc_tta_section i_icon_fontawesome=&#8221;fa fa-book&#8221; add_icon=&#8221;true&#8221; title=&#8221;Compatibilidade de Dispositivos&#8221; tab_id=&#8221;1475865176730-0742195c-c159&#8243;][vc_column_text]<strong>COMPATIBILIDADE DE DISPOSITIVOS<\/strong><\/p>\n<p>&nbsp;<\/p>\n<p><strong>Em aparelhos de som port\u00e1til <\/strong><\/p>\n<p>Insira o pen drive do cart\u00e3o no aparelho. Depois ligue o aparelho e posicione na op\u00e7\u00e3o USB e aguarde at\u00e9 que o aparelho mostre os \u00e1udios. Alguns aparelhos fazem essa sele\u00e7\u00e3o automaticamente.<\/p>\n<p>Os nomes dos \u00e1udios ser\u00e3o mostrados em seguida, onde voc\u00ea poder\u00e1 atrav\u00e9s dos controles de navega\u00e7\u00e3o do seu aparelho ir para o pr\u00f3ximo \u00e1udio, voltar para um \u00e1udio anterior. Essas fun\u00e7\u00f5es de navega\u00e7\u00e3o podem ser diferentes ou at\u00e9 n\u00e3o serem dispon\u00edveis dependendo de aparelho para aparelho.<\/p>\n<p>&nbsp;<\/p>\n<p><strong>Em computadores, notebooks e tablets<\/strong><\/p>\n<p>Insira o pen drive do cart\u00e3o no aparelho. Caso o seu aparelho n\u00e3o tenha suporte a esse formato de pen drive, o usu\u00e1rio poder\u00e1 usar um adaptador ou conversor (o qual n\u00e3o acompanha esse material).<\/p>\n<p>Aguarde at\u00e9 que o aparelho mostre os \u00e1udios.<\/p>\n<p>Os nomes dos \u00e1udios ser\u00e3o mostrados em seguida, onde voc\u00ea poder\u00e1 atrav\u00e9s dos controles de navega\u00e7\u00e3o do seu aparelho ir para o pr\u00f3ximo \u00e1udio, voltar para um \u00e1udio anterior. Essas fun\u00e7\u00f5es de navega\u00e7\u00e3o podem ser diferentes ou at\u00e9 n\u00e3o serem dispon\u00edveis dependendo de aparelho para aparelho.<\/p>\n<p>&nbsp;<\/p>\n<p><strong>Aparelhos de TV ou DVD<\/strong><\/p>\n<p>Insira o pen drive do cart\u00e3o no aparelho. Seu aparelho deve ter suporte de leitura MP3 para reproduzir esse \u00e1udio. Aguarde at\u00e9 que o aparelho mostre os \u00e1udios.<\/p>\n<p>Os nomes dos \u00e1udios ser\u00e3o mostrados em seguida, onde voc\u00ea poder\u00e1 atrav\u00e9s dos controles de navega\u00e7\u00e3o do seu aparelho ir para o pr\u00f3ximo \u00e1udio, voltar para um \u00e1udio anterior. Essas fun\u00e7\u00f5es de navega\u00e7\u00e3o podem ser diferentes ou at\u00e9 n\u00e3o serem dispon\u00edveis dependendo de aparelho para aparelho.<\/p>\n<p>&nbsp;<\/p>\n<p><strong>CUIDADO COM ESSE DISPOSITIVO DE ARMAZENAMENTO:<\/strong><\/p>\n<ol>\n<li>Armazenar esse dispositivo em local fresco, livre de altas temperaturas, umidade e eletromagnetismo.<\/li>\n<li>Mantenha este dispositivo em local com boa ventila\u00e7\u00e3o.<\/li>\n<li>N\u00e3o exponha seu aparelho \u00e0 luz solar direta ou aquecedores, pois poder\u00e1 afetar o conte\u00fado nele armazenado, e n\u00e3o coloque sobre o aparelho fontes de calor.<\/li>\n<li>Para limpar esse dispositivo utilize pano seco e macio. Nunca use produtos qu\u00edmicos ou humidade.<\/li>\n<li>Em caso deste dispositivo molhar, deixe-o em ambiente fresco n\u00e3o expondo-o \u00e0 luz solar direta, pois poder\u00e1 danific\u00e1-lo.<\/li>\n<\/ol>\n<p>[\/vc_column_text][\/vc_tta_section][vc_tta_section i_icon_fontawesome=&#8221;fa fa-exclamation-triangle&#8221; add_icon=&#8221;true&#8221; title=&#8221;Corre\u00e7\u00f5es&#8221; tab_id=&#8221;1475864832745-2796c02d-0e3e&#8221;][vc_column_text]<\/p>\n<p><b>Corre\u00e7\u00e3o dos \u00e1udios\u00a0 <\/b><\/p>\n<p>&nbsp;<\/p>\n<p>Para os casos em que ao colocar o pendrive em ve\u00edculos ou aparelhos \u00a0eletroeletr\u00f4nicos os \u00e1udios pulam (a cada 10 ou 15 segundos) execute os passos abaixo:<\/p>\n<p><b>1.\u00a0Abra a unidade do pendrive<\/b><\/p>\n<p>&nbsp;<\/p>\n<p><img loading=\"lazy\" decoding=\"async\" class=\"aligncenter wp-image-58855\" src=\"http:\/\/www.irdin.org.br\/site\/wp-content\/uploads\/2017\/03\/pendrive.01.png\" alt=\"\" width=\"615\" height=\"305\" \/><\/p>\n<p><b>2.\u00a0Clicar\u00a0duas vezes sobre o \u00edcone REINOS e abrir a pasta Audios.<\/b><\/p>\n<p><img loading=\"lazy\" decoding=\"async\" class=\"aligncenter wp-image-58856\" src=\"http:\/\/www.irdin.org.br\/site\/wp-content\/uploads\/2017\/03\/pendrive.02.png\" alt=\"\" width=\"693\" height=\"327\" \/><\/p>\n<p>&nbsp;<\/p>\n<p><b>3.\u00a0Clicar\u00a0duas vezes sobre a pasta 01_reino_mineral <\/b><\/p>\n<p><img loading=\"lazy\" decoding=\"async\" class=\"aligncenter size-full wp-image-58857\" src=\"http:\/\/www.irdin.org.br\/site\/wp-content\/uploads\/2017\/03\/pendrive.03.png\" alt=\"\" width=\"799\" height=\"398\" srcset=\"https:\/\/www.irdin.org.br\/site\/wp-content\/uploads\/2017\/03\/pendrive.03.png 799w, https:\/\/www.irdin.org.br\/site\/wp-content\/uploads\/2017\/03\/pendrive.03-430x214.png 430w, https:\/\/www.irdin.org.br\/site\/wp-content\/uploads\/2017\/03\/pendrive.03-150x75.png 150w, https:\/\/www.irdin.org.br\/site\/wp-content\/uploads\/2017\/03\/pendrive.03-700x349.png 700w, https:\/\/www.irdin.org.br\/site\/wp-content\/uploads\/2017\/03\/pendrive.03-300x149.png 300w, https:\/\/www.irdin.org.br\/site\/wp-content\/uploads\/2017\/03\/pendrive.03-768x383.png 768w, https:\/\/www.irdin.org.br\/site\/wp-content\/uploads\/2017\/03\/pendrive.03-600x299.png 600w, https:\/\/www.irdin.org.br\/site\/wp-content\/uploads\/2017\/03\/pendrive.03-247x123.png 247w, https:\/\/www.irdin.org.br\/site\/wp-content\/uploads\/2017\/03\/pendrive.03-510x254.png 510w\" sizes=\"auto, (max-width: 799px) 100vw, 799px\" \/><\/p>\n<p><b>4.\u00a0Selecionar os seguintes arquivos com Shift (RM1001.MP3, RM1002.MP3, RM1003.MP3, RM1004.MP3, RM1005.MP3, RM1006.MP3, RM1007.MP3, RM1008.MP3, RM1009.MP3), somente os arquivos com tamanho 236KB e teclar\u00a0Delete.<\/b><\/p>\n<p><img loading=\"lazy\" decoding=\"async\" class=\"aligncenter size-full wp-image-58860\" src=\"http:\/\/www.irdin.org.br\/site\/wp-content\/uploads\/2017\/03\/pendrive.05-1.png\" alt=\"\" width=\"956\" height=\"493\" srcset=\"https:\/\/www.irdin.org.br\/site\/wp-content\/uploads\/2017\/03\/pendrive.05-1.png 956w, https:\/\/www.irdin.org.br\/site\/wp-content\/uploads\/2017\/03\/pendrive.05-1-430x222.png 430w, https:\/\/www.irdin.org.br\/site\/wp-content\/uploads\/2017\/03\/pendrive.05-1-150x77.png 150w, https:\/\/www.irdin.org.br\/site\/wp-content\/uploads\/2017\/03\/pendrive.05-1-700x361.png 700w, https:\/\/www.irdin.org.br\/site\/wp-content\/uploads\/2017\/03\/pendrive.05-1-300x155.png 300w, https:\/\/www.irdin.org.br\/site\/wp-content\/uploads\/2017\/03\/pendrive.05-1-768x396.png 768w, https:\/\/www.irdin.org.br\/site\/wp-content\/uploads\/2017\/03\/pendrive.05-1-600x309.png 600w, https:\/\/www.irdin.org.br\/site\/wp-content\/uploads\/2017\/03\/pendrive.05-1-247x127.png 247w, https:\/\/www.irdin.org.br\/site\/wp-content\/uploads\/2017\/03\/pendrive.05-1-510x263.png 510w, https:\/\/www.irdin.org.br\/site\/wp-content\/uploads\/2017\/03\/pendrive.05-1-450x231.png 450w\" sizes=\"auto, (max-width: 956px) 100vw, 956px\" \/><\/p>\n<p>[\/vc_column_text][\/vc_tta_section][\/vc_tta_tour][\/vc_column][vc_column width=&#8221;1\/6&#8243;][\/vc_column][\/vc_row][vc_row][vc_column][\/vc_column][\/vc_row]<\/p>\n","protected":false},"excerpt":{"rendered":"<p>[vc_row gap=&#8221;35&#8243;][vc_column][vc_text_separator title=&#8221;Perguntas frequentes&#8221;][\/vc_column][\/vc_row][vc_row][vc_column width=&#8221;1\/6&#8243;][vc_column_text][\/vc_column_text][\/vc_column][vc_column width=&#8221;2\/3&#8243;][vc_tta_tour][vc_tta_section i_icon_fontawesome=&#8221;fa fa-user&#8221; add_icon=&#8221;true&#8221; title=&#8221;Informa\u00e7\u00f5es T\u00e9cnicas&#8221; tab_id=&#8221;1490093529661-9a87e4fa-0f2d&#8221;][vc_column_text]Informa\u00e7\u00f5es T\u00e9cnicas Este material \u00e9 melhor visualizado atrav\u00e9s dos<\/p>\n","protected":false},"author":1,"featured_media":0,"parent":0,"menu_order":0,"comment_status":"closed","ping_status":"open","template":"","meta":{"_acf_changed":false,"footnotes":""},"class_list":["post-58854","page","type-page","status-publish","hentry"],"acf":[],"_links":{"self":[{"href":"https:\/\/www.irdin.org.br\/site\/wp-json\/wp\/v2\/pages\/58854","targetHints":{"allow":["GET"]}}],"collection":[{"href":"https:\/\/www.irdin.org.br\/site\/wp-json\/wp\/v2\/pages"}],"about":[{"href":"https:\/\/www.irdin.org.br\/site\/wp-json\/wp\/v2\/types\/page"}],"author":[{"embeddable":true,"href":"https:\/\/www.irdin.org.br\/site\/wp-json\/wp\/v2\/users\/1"}],"replies":[{"embeddable":true,"href":"https:\/\/www.irdin.org.br\/site\/wp-json\/wp\/v2\/comments?post=58854"}],"version-history":[{"count":0,"href":"https:\/\/www.irdin.org.br\/site\/wp-json\/wp\/v2\/pages\/58854\/revisions"}],"wp:attachment":[{"href":"https:\/\/www.irdin.org.br\/site\/wp-json\/wp\/v2\/media?parent=58854"}],"curies":[{"name":"wp","href":"https:\/\/api.w.org\/{rel}","templated":true}]}}