{"id":104517,"date":"2024-03-20T16:55:30","date_gmt":"2024-03-20T16:55:30","guid":{"rendered":"https:\/\/www.irdin.org.br\/site\/?post_type=product&#038;p=104517"},"modified":"2026-04-09T10:47:20","modified_gmt":"2026-04-09T13:47:20","slug":"9786588468616","status":"publish","type":"product","link":"https:\/\/www.irdin.org.br\/site\/produtos\/9786588468616\/","title":{"rendered":"Conversas sobre Trigueirinho &#8211; Figueira Desperta &#8211; Livro 3"},"content":{"rendered":"<p>Fundada por Jos\u00e9 Trigueirinho em 1987, a Comunidade-Luz Figueira \u00e9 o tema deste livro. Trata da reconstitui\u00e7\u00e3o hist\u00f3rica do poderoso movimento regido pelo instrutor, escritor e fil\u00f3sofo para erigir o Centro Espiritual. Isso se deu e ainda hoje prossegue com doa\u00e7\u00f5es espont\u00e2neas de colaboradores, que o suprem, e com um vasto grupo de volunt\u00e1rios.<br \/>\n\u00c1reas de pastagem ao sul de Minas Gerais tornaram-se belas fazendas reflorestadas, que j\u00e1 receberam mais de 36 mil seres humanos de v\u00e1rias idades e nacionalidades.<br \/>\nQual o sentido profundo de cada \u00e1rea, casa, labirinto, lago, api\u00e1rio, onde ancoram o sil\u00eancio, ora\u00e7\u00f5es, mantras, retiros?<br \/>\nFigueira se tornou um laborat\u00f3rio em busca do sagrado, da paz, da harmonia com os Reinos da Natureza. Sem v\u00ednculo com religi\u00e3o constitu\u00edda, as atividades da associa\u00e7\u00e3o civil sem fins lucrativos s\u00e3o ofertadas sem custos.<br \/>\nImpulsionada, at\u00e9 2017, pela instru\u00e7\u00e3o e a guia de Trigueirinho, a eleva\u00e7\u00e3o da consci\u00eancia \u00e9 o \u00edm\u00e3 que segue unindo residentes, monges e visitantes da comunidade e de seus N\u00facleos-Luz. Espelhadas em Figueira, Comunidades-Luz e extensa rede de associa\u00e7\u00f5es altru\u00edstas nasceram na Argentina, no Uruguai, em Portugal, nos Estados Unidos, na Gr\u00e9cia e na Su\u00ed\u00e7a.<br \/>\nA narrativa viaja entre mutir\u00f5es, observa\u00e7\u00e3o do c\u00e9u noturno, vida mon\u00e1stica, energia ess\u00eania que une eras, horizontes infinitos. O amor pela vida, sorrisos e solidariedade permeiam<br \/>\na atmosfera desta escrita contempor\u00e2nea l\u00edrica.<\/p>\n<p><a class=\"pdf\" href=\"\/pdf\/Conversas_sobre_Trigueirinho_Figueira_Desperta_WEB.pdf\" target=\"_blank\" rel=\"noopener\">Baixar Gratuitamente<\/a><\/p>\n<p><iframe loading=\"lazy\" title=\"CONVERSAS SOBRE TRIGUEIRINHO: FIGUEIRA DESPERTA\" width=\"500\" height=\"281\" src=\"https:\/\/www.youtube.com\/embed\/dXq-Y81EesI?feature=oembed\" frameborder=\"0\" allow=\"accelerometer; autoplay; clipboard-write; encrypted-media; gyroscope; picture-in-picture; web-share\" referrerpolicy=\"strict-origin-when-cross-origin\" allowfullscreen><\/iframe><\/p>\n<p>&nbsp;<\/p>\n","protected":false},"excerpt":{"rendered":"<p>Fundada por Jos\u00e9 Trigueirinho em 1987, a Comunidade-Luz Figueira \u00e9 o tema deste livro. Trata da reconstitui\u00e7\u00e3o hist\u00f3rica do poderoso<\/p>\n","protected":false},"featured_media":104518,"template":"","meta":{"_acf_changed":false},"product_brand":[],"product_cat":[33286,17972],"product_tag":[44138],"class_list":{"0":"post-104517","1":"product","2":"type-product","3":"status-publish","4":"has-post-thumbnail","6":"product_cat-livro","7":"product_cat-livros-livro","8":"product_tag-destaque","9":"pa_autor-ana-regina-nogueira","10":"pa_codigo-de-barras-44078","11":"pa_edicao-17979","12":"pa_idioma-de-destino-portugues","13":"pa_idioma-de-origem-portugues","14":"pa_lancamento-yes","15":"pa_midia-papel","16":"pa_produto-fisico","17":"pa_quantidade-de-paginas-44077","19":"first","20":"outofstock","21":"featured","22":"product-type-simple"},"acf":[],"_links":{"self":[{"href":"https:\/\/www.irdin.org.br\/site\/wp-json\/wp\/v2\/product\/104517","targetHints":{"allow":["GET"]}}],"collection":[{"href":"https:\/\/www.irdin.org.br\/site\/wp-json\/wp\/v2\/product"}],"about":[{"href":"https:\/\/www.irdin.org.br\/site\/wp-json\/wp\/v2\/types\/product"}],"version-history":[{"count":3,"href":"https:\/\/www.irdin.org.br\/site\/wp-json\/wp\/v2\/product\/104517\/revisions"}],"predecessor-version":[{"id":109536,"href":"https:\/\/www.irdin.org.br\/site\/wp-json\/wp\/v2\/product\/104517\/revisions\/109536"}],"wp:featuredmedia":[{"embeddable":true,"href":"https:\/\/www.irdin.org.br\/site\/wp-json\/wp\/v2\/media\/104518"}],"wp:attachment":[{"href":"https:\/\/www.irdin.org.br\/site\/wp-json\/wp\/v2\/media?parent=104517"}],"wp:term":[{"taxonomy":"product_brand","embeddable":true,"href":"https:\/\/www.irdin.org.br\/site\/wp-json\/wp\/v2\/product_brand?post=104517"},{"taxonomy":"product_cat","embeddable":true,"href":"https:\/\/www.irdin.org.br\/site\/wp-json\/wp\/v2\/product_cat?post=104517"},{"taxonomy":"product_tag","embeddable":true,"href":"https:\/\/www.irdin.org.br\/site\/wp-json\/wp\/v2\/product_tag?post=104517"}],"curies":[{"name":"wp","href":"https:\/\/api.w.org\/{rel}","templated":true}]}}