{"id":107999,"date":"2025-03-05T16:21:51","date_gmt":"2025-03-05T16:21:51","guid":{"rendered":"https:\/\/www.irdin.org.br\/site\/?post_type=product&#038;p=107999"},"modified":"2026-04-04T14:19:48","modified_gmt":"2026-04-04T17:19:48","slug":"9786588468753","status":"publish","type":"product","link":"https:\/\/www.irdin.org.br\/site\/produtos\/9786588468753\/","title":{"rendered":"Tambi\u00e9n Vivimos Mientras So\u00f1amos"},"content":{"rendered":"<p>En nuestro interior hay una poderosa energ\u00eda creativa: una parte de ella se hace evidente en la vida de los sue\u00f1os, donde sucede lo imposible. La importancia de los sue\u00f1os, sus consecuencias, los diferentes tipos de sue\u00f1os, las ense\u00f1anzas que recibimos de ellos, los sue\u00f1os prof\u00e9ticos y los sue\u00f1os como mensajes del alma, son algunos de los interesantes temas tratados en este libro.Como afirma el autor, los sue\u00f1os constituyen un instrumento precioso para la evoluci\u00f3n del hombre, quien a trav\u00e9s de ellos puede participar de la vida en varios niveles de realidad y consciencia. Si prestamos atenci\u00f3n a la vida durante nuestros sue\u00f1os, aprovecharemos mejor gran parte de nuestra estancia en la Tierra, ya que pasamos aproximadamente un tercio de ella durmiendo.<\/p>\n<p><a class=\"pdf\" href=\"\/pdf\/Tambien Vivimos Mientras Sonamos_WEB.pdf\" target=\"_blank\" rel=\"noopener\">Baixar Gratuitamente<\/a><\/p>\n<p>&nbsp;<\/p>\n","protected":false},"excerpt":{"rendered":"<p>En nuestro interior hay una poderosa energ\u00eda creativa: una parte de ella se hace evidente en la vida de los<\/p>\n","protected":false},"featured_media":108026,"template":"","meta":{"_acf_changed":false},"product_brand":[],"product_cat":[33286,17972],"product_tag":[44149],"class_list":{"0":"post-107999","1":"product","2":"type-product","3":"status-publish","4":"has-post-thumbnail","6":"product_cat-livro","7":"product_cat-livros-livro","8":"product_tag-lancamento","9":"pa_autor-trigueirinho","10":"pa_classe-do-produto-fisico","11":"pa_codigo-de-barras-44196","12":"pa_codigo-externo-tr009pep","13":"pa_data-de-lancamento-23114","14":"pa_edicao-17979","15":"pa_idioma-de-destino-espanhol","16":"pa_idioma-de-origem-portugues","17":"pa_lancamento-yes","18":"pa_midia-papel","19":"pa_moac-33488","20":"pa_quantidade-de-paginas-17993","22":"first","23":"instock","24":"purchasable","25":"product-type-simple"},"acf":[],"_links":{"self":[{"href":"https:\/\/www.irdin.org.br\/site\/wp-json\/wp\/v2\/product\/107999","targetHints":{"allow":["GET"]}}],"collection":[{"href":"https:\/\/www.irdin.org.br\/site\/wp-json\/wp\/v2\/product"}],"about":[{"href":"https:\/\/www.irdin.org.br\/site\/wp-json\/wp\/v2\/types\/product"}],"version-history":[{"count":2,"href":"https:\/\/www.irdin.org.br\/site\/wp-json\/wp\/v2\/product\/107999\/revisions"}],"predecessor-version":[{"id":109672,"href":"https:\/\/www.irdin.org.br\/site\/wp-json\/wp\/v2\/product\/107999\/revisions\/109672"}],"wp:featuredmedia":[{"embeddable":true,"href":"https:\/\/www.irdin.org.br\/site\/wp-json\/wp\/v2\/media\/108026"}],"wp:attachment":[{"href":"https:\/\/www.irdin.org.br\/site\/wp-json\/wp\/v2\/media?parent=107999"}],"wp:term":[{"taxonomy":"product_brand","embeddable":true,"href":"https:\/\/www.irdin.org.br\/site\/wp-json\/wp\/v2\/product_brand?post=107999"},{"taxonomy":"product_cat","embeddable":true,"href":"https:\/\/www.irdin.org.br\/site\/wp-json\/wp\/v2\/product_cat?post=107999"},{"taxonomy":"product_tag","embeddable":true,"href":"https:\/\/www.irdin.org.br\/site\/wp-json\/wp\/v2\/product_tag?post=107999"}],"curies":[{"name":"wp","href":"https:\/\/api.w.org\/{rel}","templated":true}]}}