{"id":108031,"date":"2025-03-11T13:45:06","date_gmt":"2025-03-11T13:45:06","guid":{"rendered":"https:\/\/www.irdin.org.br\/site\/?post_type=product&#038;p=108031"},"modified":"2026-04-04T14:20:11","modified_gmt":"2026-04-04T17:20:11","slug":"9786588468722","status":"publish","type":"product","link":"https:\/\/www.irdin.org.br\/site\/produtos\/9786588468722\/","title":{"rendered":"El Misterio de la Cruz en la Actual Transici\u00f3n Planetaria"},"content":{"rendered":"<p>En per\u00edodos de transici\u00f3n, como el presente, se ofrecen grandes oportunidades evolutivas al hombre y se producen cambios profundos en su proceso inici\u00e1tico. Aquellos que buscan fervientemente el infinito, dan testimonio de eso y, por experiencia directa, se convierten en heraldos del pr\u00f3ximo ciclo.Tal como se anunci\u00f3 hace dos mil a\u00f1os, llegar\u00eda el momento en que la Revelaci\u00f3n se har\u00eda abiertamente a aquellos que acudieran y clamaran por Luz. Ese momento ha llegado y la Verdad se revela de manera \u00fanica al n\u00facleo \u00edntimo de cada ser que se rinde ante \u00e9l, disolviendo las ilusiones que, en la superficie de la Tierra, separan al hombre de la Realidad.Este libro, fruto del trabajo de un grupo en los niveles internos de la vida, nos invita a emprender fielmente esta b\u00fasqueda, brind\u00e1ndonos las llaves de los portales sublimes que ahora se abren para la humanidad terrestre.<\/p>\n<p><a class=\"pdf\" href=\"\/pdf\/El Misterio de la Cruz_WEB.pdf\" target=\"_blank\" rel=\"noopener\">Baixar Gratuitamente<\/a><\/p>\n<p>&nbsp;<\/p>\n","protected":false},"excerpt":{"rendered":"<p>En per\u00edodos de transici\u00f3n, como el presente, se ofrecen grandes oportunidades evolutivas al hombre y se producen cambios profundos en<\/p>\n","protected":false},"featured_media":108037,"template":"","meta":{"_acf_changed":false},"product_brand":[],"product_cat":[33286,17972],"product_tag":[44149],"class_list":{"0":"post-108031","1":"product","2":"type-product","3":"status-publish","4":"has-post-thumbnail","6":"product_cat-livro","7":"product_cat-livros-livro","8":"product_tag-lancamento","9":"pa_autor-trigueirinho","10":"pa_classe-do-produto-fisico","11":"pa_codigo-de-barras-44197","12":"pa_codigo-externo-tr009pep","13":"pa_data-de-lancamento-23114","14":"pa_edicao-17979","15":"pa_idioma-de-destino-espanhol","16":"pa_idioma-de-origem-portugues","17":"pa_lancamento-yes","18":"pa_midia-papel","19":"pa_moac-33488","20":"pa_quantidade-de-paginas-22074","22":"first","23":"instock","24":"purchasable","25":"product-type-simple"},"acf":[],"_links":{"self":[{"href":"https:\/\/www.irdin.org.br\/site\/wp-json\/wp\/v2\/product\/108031","targetHints":{"allow":["GET"]}}],"collection":[{"href":"https:\/\/www.irdin.org.br\/site\/wp-json\/wp\/v2\/product"}],"about":[{"href":"https:\/\/www.irdin.org.br\/site\/wp-json\/wp\/v2\/types\/product"}],"version-history":[{"count":2,"href":"https:\/\/www.irdin.org.br\/site\/wp-json\/wp\/v2\/product\/108031\/revisions"}],"predecessor-version":[{"id":108040,"href":"https:\/\/www.irdin.org.br\/site\/wp-json\/wp\/v2\/product\/108031\/revisions\/108040"}],"wp:featuredmedia":[{"embeddable":true,"href":"https:\/\/www.irdin.org.br\/site\/wp-json\/wp\/v2\/media\/108037"}],"wp:attachment":[{"href":"https:\/\/www.irdin.org.br\/site\/wp-json\/wp\/v2\/media?parent=108031"}],"wp:term":[{"taxonomy":"product_brand","embeddable":true,"href":"https:\/\/www.irdin.org.br\/site\/wp-json\/wp\/v2\/product_brand?post=108031"},{"taxonomy":"product_cat","embeddable":true,"href":"https:\/\/www.irdin.org.br\/site\/wp-json\/wp\/v2\/product_cat?post=108031"},{"taxonomy":"product_tag","embeddable":true,"href":"https:\/\/www.irdin.org.br\/site\/wp-json\/wp\/v2\/product_tag?post=108031"}],"curies":[{"name":"wp","href":"https:\/\/api.w.org\/{rel}","templated":true}]}}