{"id":108096,"date":"2025-03-11T19:02:25","date_gmt":"2025-03-11T19:02:25","guid":{"rendered":"https:\/\/www.irdin.org.br\/site\/?post_type=product&#038;p=108096"},"modified":"2026-04-04T14:21:43","modified_gmt":"2026-04-04T17:21:43","slug":"9786588468814","status":"publish","type":"product","link":"https:\/\/www.irdin.org.br\/site\/produtos\/9786588468814\/","title":{"rendered":"Oraci\u00f3n Victoriosa a los Siete Rayos de Jes\u00fas"},"content":{"rendered":"<p>Vivimos en una era de despertar que nos invita a una transformaci\u00f3n completa, plena de desaf\u00edos. Mas, un Instructor Universal viene a nuestro encuentro y nos oferece Su Amor Divino para que sigamos nuestro camino de crecimiento con esperanza. Cristo Jes\u00fas, en Su Mensaje diario del 8 de julio de 2013, nos dice:<\/p>\n<p><em>\u201cMi Consciencia irradia a los corazones por medio del mensaje, la luz y la expresi\u00f3n de los Siete Rayos. En un arco iris creado por una infinidad de elementos, ustedes podr\u00e1n encontrarme a trav\u00e9s del tono inmaterial de luz y de color que saciar\u00e1 las necesidades de sus vidas. En estos matices de colores y formas lum\u00ednicas, sus consci\u00eancias pueden ingresar con confianza y fe; as\u00ed estar\u00e1n uni\u00e9ndose a las dimensiones misericordiosas de Mi Coraz\u00f3n (&#8230;). Para que su esperanza de redimirse sea m\u00e1s fuerte que su propia voluntad, y para que el amor emane eternamente y transmute sus aspectos desconocidos, ustedes repetir\u00e1n con fe, devoci\u00f3n y convicci\u00f3n divina, la Oraci\u00f3n victoriosa a los Siete Rayos de Jes\u00fas\u201d.<\/em><\/p>\n<p><a class=\"pdf\" href=\"\/pdf\/Oracion Victoriosa a los Siete Rayos de Jesus_WEB.pdf\" target=\"_blank\" rel=\"noopener\">&#8220;Descargar Oraci\u00f3n Gratis&#8221;<\/a><\/p>\n","protected":false},"excerpt":{"rendered":"<p>Vivimos en una era de despertar que nos invita a una transformaci\u00f3n completa, plena de desaf\u00edos. Mas, un Instructor Universal<\/p>\n","protected":false},"featured_media":108160,"template":"","meta":{"_acf_changed":false},"product_brand":[],"product_cat":[33286,17972],"product_tag":[44149],"class_list":{"0":"post-108096","1":"product","2":"type-product","3":"status-publish","4":"has-post-thumbnail","6":"product_cat-livro","7":"product_cat-livros-livro","8":"product_tag-lancamento","9":"pa_autor-ordem-graca-misericordia","10":"pa_classe-do-produto-fisico","11":"pa_codigo-de-barras-44207","12":"pa_edicao-17979","13":"pa_idioma-de-destino-espanhol","14":"pa_idioma-de-origem-espanhol","15":"pa_lancamento-yes","16":"pa_midia-papel","17":"pa_quantidade-de-paginas-44192","18":"pa_quantidade-de-saldo-32994","19":"pa_tipo-de-traducao-nao-classificado","21":"first","22":"instock","23":"purchasable","24":"product-type-simple"},"acf":[],"_links":{"self":[{"href":"https:\/\/www.irdin.org.br\/site\/wp-json\/wp\/v2\/product\/108096","targetHints":{"allow":["GET"]}}],"collection":[{"href":"https:\/\/www.irdin.org.br\/site\/wp-json\/wp\/v2\/product"}],"about":[{"href":"https:\/\/www.irdin.org.br\/site\/wp-json\/wp\/v2\/types\/product"}],"version-history":[{"count":5,"href":"https:\/\/www.irdin.org.br\/site\/wp-json\/wp\/v2\/product\/108096\/revisions"}],"predecessor-version":[{"id":109474,"href":"https:\/\/www.irdin.org.br\/site\/wp-json\/wp\/v2\/product\/108096\/revisions\/109474"}],"wp:featuredmedia":[{"embeddable":true,"href":"https:\/\/www.irdin.org.br\/site\/wp-json\/wp\/v2\/media\/108160"}],"wp:attachment":[{"href":"https:\/\/www.irdin.org.br\/site\/wp-json\/wp\/v2\/media?parent=108096"}],"wp:term":[{"taxonomy":"product_brand","embeddable":true,"href":"https:\/\/www.irdin.org.br\/site\/wp-json\/wp\/v2\/product_brand?post=108096"},{"taxonomy":"product_cat","embeddable":true,"href":"https:\/\/www.irdin.org.br\/site\/wp-json\/wp\/v2\/product_cat?post=108096"},{"taxonomy":"product_tag","embeddable":true,"href":"https:\/\/www.irdin.org.br\/site\/wp-json\/wp\/v2\/product_tag?post=108096"}],"curies":[{"name":"wp","href":"https:\/\/api.w.org\/{rel}","templated":true}]}}

Oración Victoriosa a los Siete Rayos de Jesús

<p>Vivimos en una era de despertar que nos invita a una transformación completa, plena de desafíos. Mas, un Instructor Universal viene a nuestro encuentro y nos oferece Su Amor Divino para que sigamos nuestro camino de crecimiento con esperanza. Cristo Jesús, en Su Mensaje diario del 8 de julio de 2013, nos dice:</p>
<p><em>“Mi Consciencia irradia a los corazones por medio del mensaje, la luz y la expresión de los Siete Rayos. En un arco iris creado por una infinidad de elementos, ustedes podrán encontrarme a través del tono inmaterial de luz y de color que saciará las necesidades de sus vidas. En estos matices de colores y formas lumínicas, sus consciências pueden ingresar con confianza y fe; así estarán uniéndose a las dimensiones misericordiosas de Mi Corazón (&#8230;). Para que su esperanza de redimirse sea más fuerte que su propia voluntad, y para que el amor emane eternamente y transmute sus aspectos desconocidos, ustedes repetirán con fe, devoción y convicción divina, la Oración victoriosa a los Siete Rayos de Jesús”.</em></p>
<p><a class="pdf" href="/pdf/Oracion Victoriosa a los Siete Rayos de Jesus_WEB.pdf" target="_blank" rel="noopener">&#8220;Descargar Oración Gratis&#8221;</a></p>

<p>Vivimos en una era de despertar que nos invita a una transformación completa, plena de desafíos. Mas, un Instructor Universal</p>
