{"id":82591,"date":"2018-04-26T18:08:08","date_gmt":"2018-04-26T18:08:08","guid":{"rendered":"http:\/\/www.irdin.org.br\/site\/produto\/conversas-com-trigueirinho-no-463\/"},"modified":"2025-03-16T01:14:16","modified_gmt":"2025-03-16T01:14:16","slug":"conversas-com-trigueirinho-no-463","status":"publish","type":"product","link":"https:\/\/www.irdin.org.br\/site\/produtos\/conversas-com-trigueirinho-no-463\/","title":{"rendered":"Conversas com Trigueirinho n\u00ba 463"},"content":{"rendered":"<p>Transmiss\u00e3o do prop\u00f3sito espiritual \/ Hierarquia em diversos n\u00edveis e aspectos \/ Sutiliza\u00e7\u00e3o do corpo \/ Animais e seres humanos no plano astral ap\u00f3s a morte \/ Flor, realiza\u00e7\u00e3o da planta \/ Uso correto de vegetais \/ Arte e cultura na Nova Terra \/ Estigmas \/ Influ\u00eancia do canto sobre n\u00f3s \/ Alho e cebola \/ Pagamento de d\u00edzimo e doa\u00e7\u00e3o espont\u00e2nea \/ Doen\u00e7as no \u00e2nus \/ Purifica\u00e7\u00e3o por desastres naturais                                                                                                                                                                                                                                                                                                                                                                                                                                                                                                                                                                                                                                                                                                                                                                                                                                                                                                                                                                                                                                                                                                                                                                                                                                                                                                                                                                                                                                                                                                                                                                                                                                                                                                                                                                                                                                                                                                                                                                                                                                                                                                                                                                                                                                                                                                                                                                                                                                                                                                                                                                                                                                                                                                                                                                                                                                                                                                                                                                                                                                                                                                                                                                                                                                                                                                                                                                                                                                                                                                                                                                                                                                                                                                                                                                                                                                                                                                                                                                                                                                                                                                                                                                                                                                                                                                                                                                                                                                                                                                                                                                                                                                                                                                                                                                                                                                                                                                                                                                                                                                                                                                                                                                                                                                                                                                                                                                                                                                                                                                                                                                                                                                                                                                                                                                                                                                                                                                                                                                                                                                                                                                                                                                                                                                                                                                                                                                                                                                                                                                                                                                                                                                                                                                                                                                                                                                                                                                                                                                                                                                                                                                                                                                                                                                                                                                                                                                                                                                                                                                                                                                                                                                                                                                                                                                                                                                                                                                                                                                                                                                                                                                                   <\/p>\n<p>&nbsp;<\/p>\n<p>&nbsp;<br \/>\n<strong>Ou\u00e7a agora:<\/strong><\/p>\n<p><span data-href=\"https:\/\/www.irdin.org.br\/site\/envios\/audios\/0023_0463__por_por__conversas_com_trigueirinho_n463.mp3\" data-title=\"Conversas com Trigueirinho n\u00ba 463\" data-rel=\"\" data-target=\"\" data-meta=\"#fap-meta-6a04d3085e44b\" class=\"fap-single-track fap-track-button fap-play-button\" data-enqueue=\"no\" data-autoenqueue=\"no\" title=\"Conversas com Trigueirinho n\u00ba 463\"><span class=\"fap-icon-play\"><\/span>Ouvir<\/span> <a href=\"https:\/\/www.irdin.org.br\/site\/envios\/audios\/0023_0463__por_por__conversas_com_trigueirinho_n463.mp3\" class=\"baixar\" download><span class=\"fa fa-arrow-down\"><\/span>Baixar<\/span><\/a> <span class=\"textobaixar\"> Conversas com Trigueirinho n\u00ba 463<\/span><\/p>\n","protected":false},"excerpt":{"rendered":"<p>Transmiss\u00e3o do prop\u00f3sito espiritual \/ Hierarquia em diversos n\u00edveis e aspectos \/ Sutiliza\u00e7\u00e3o do corpo \/ Animais e seres humanos<\/p>\n","protected":false},"featured_media":37479,"template":"","meta":{"_acf_changed":false},"product_brand":[],"product_cat":[18076,33068],"product_tag":[],"class_list":{"0":"post-82591","1":"product","2":"type-product","3":"status-publish","4":"has-post-thumbnail","6":"product_cat-cddvd","7":"product_cat-palestras","8":"pa_autor-trigueirinho","9":"pa_codigo-da-serie-31985","10":"pa_codigo-de-barras-28918","11":"pa_codigo-externo-00230463porcd","12":"pa_data-de-edicao-24751","13":"pa_data-de-gravacao-28915","14":"pa_data-de-lancamento-24752","15":"pa_duracao-36min","16":"pa_idioma-de-destino-portugues","17":"pa_idioma-de-origem-portugues","18":"pa_lancamento-no","19":"pa_midia-cd","20":"pa_quantidade-de-saldo-33067","21":"pa_sequencial-da-serie-32165","22":"pa_tipo-de-traducao-nao-traduzido","24":"first","25":"outofstock","26":"product-type-simple"},"acf":[],"_links":{"self":[{"href":"https:\/\/www.irdin.org.br\/site\/wp-json\/wp\/v2\/product\/82591","targetHints":{"allow":["GET"]}}],"collection":[{"href":"https:\/\/www.irdin.org.br\/site\/wp-json\/wp\/v2\/product"}],"about":[{"href":"https:\/\/www.irdin.org.br\/site\/wp-json\/wp\/v2\/types\/product"}],"version-history":[{"count":1,"href":"https:\/\/www.irdin.org.br\/site\/wp-json\/wp\/v2\/product\/82591\/revisions"}],"predecessor-version":[{"id":109334,"href":"https:\/\/www.irdin.org.br\/site\/wp-json\/wp\/v2\/product\/82591\/revisions\/109334"}],"wp:featuredmedia":[{"embeddable":true,"href":"https:\/\/www.irdin.org.br\/site\/wp-json\/wp\/v2\/media\/37479"}],"wp:attachment":[{"href":"https:\/\/www.irdin.org.br\/site\/wp-json\/wp\/v2\/media?parent=82591"}],"wp:term":[{"taxonomy":"product_brand","embeddable":true,"href":"https:\/\/www.irdin.org.br\/site\/wp-json\/wp\/v2\/product_brand?post=82591"},{"taxonomy":"product_cat","embeddable":true,"href":"https:\/\/www.irdin.org.br\/site\/wp-json\/wp\/v2\/product_cat?post=82591"},{"taxonomy":"product_tag","embeddable":true,"href":"https:\/\/www.irdin.org.br\/site\/wp-json\/wp\/v2\/product_tag?post=82591"}],"curies":[{"name":"wp","href":"https:\/\/api.w.org\/{rel}","templated":true}]}}