{"id":82596,"date":"2018-04-26T18:08:08","date_gmt":"2018-04-26T18:08:08","guid":{"rendered":"http:\/\/www.irdin.org.br\/site\/produto\/conversas-com-trigueirinho-no-468\/"},"modified":"2025-03-16T01:15:19","modified_gmt":"2025-03-16T01:15:19","slug":"conversas-com-trigueirinho-no-468","status":"publish","type":"product","link":"https:\/\/www.irdin.org.br\/site\/produtos\/conversas-com-trigueirinho-no-468\/","title":{"rendered":"Conversas com Trigueirinho n\u00ba 468"},"content":{"rendered":"<p>Figueira e o centro planet\u00e1rio Mirna Jad \/ Cura interior, hospedagem, estudo e retiro em Figueira \/ Harmonia e devo\u00e7\u00e3o \/ Transmigra\u00e7\u00e3o e traslado \/ Abrir o cora\u00e7\u00e3o \/ Contatos com naves \/ Individualiza\u00e7\u00e3o de animais \/ Disposi\u00e7\u00e3o ao servi\u00e7o \/ Destino \/ Al\u00e9m das for\u00e7as antag\u00f4nicas \/ Purifica\u00e7\u00e3o do ser \/ Transmuta\u00e7\u00e3o et\u00e9rico-f\u00edsica \/ Estar na \u00faltima encarna\u00e7\u00e3o \/ Tratamento de c\u00e2ncer \/ Mantras e paz                                                                                                                                                                                                                                                                                                                                                                                                                                                                                                                                                                                                                                                                                                                                                                                                                                                                                                                                                                                                                                                                                                                                                                                                                                                                                                                                                                                                                                                                                                                                                                                                                                                                                                                                                                                                                                                                                                                                                                                                                                                                                                                                                                                                                                                                                                                                                                                                                                                                                                                                                                                                                                                                                                                                                                                                                                                                                                                                                                                                                                                                                                                                                                                                                                                                                                                                                                                                                                                                                                                                                                                                                                                                                                                                                                                                                                                                                                                                                                                                                                                                                                                                                                                                                                                                                                                                                                                                                                                                                                                                                                                                                                                                                                                                                                                                                                                                                                                                                                                                                                                                                                                                                                                                                                                                                                                                                                                                                                                                                                                                                                                                                                                                                                                                                                                                                                                                                                                                                                                                                                                                                                                                                                                                                                                                                                                                                                                                                                                                                                                                                                                                                                                                                                                                                                                                                                                                                                                                                                                                                                                                                                                                                                                                                                                                                                                                                                                                                                                                                                                                                                                                                                                                                                                                                                                                                                                                                                                                                                                                                                                                                                                    <\/p>\n<p>&nbsp;<\/p>\n<p>&nbsp;<br \/>\n<strong>Ou\u00e7a agora:<\/strong><\/p>\n<p><span data-href=\"https:\/\/www.irdin.org.br\/site\/envios\/audios\/0023_0468__por_por__conversas_com_trigueirinho_n468.mp3\" data-title=\"Conversas com Trigueirinho n\u00ba 468\" data-rel=\"\" data-target=\"\" data-meta=\"#fap-meta-69f702e18a415\" class=\"fap-single-track fap-track-button fap-play-button\" data-enqueue=\"no\" data-autoenqueue=\"no\" title=\"Conversas com Trigueirinho n\u00ba 468\"><span class=\"fap-icon-play\"><\/span>Ouvir<\/span> <a href=\"https:\/\/www.irdin.org.br\/site\/envios\/audios\/0023_0468__por_por__conversas_com_trigueirinho_n468.mp3\" class=\"baixar\" download><span class=\"fa fa-arrow-down\"><\/span>Baixar<\/span><\/a> <span class=\"textobaixar\"> Conversas com Trigueirinho n\u00ba 468<\/span><\/p>\n","protected":false},"excerpt":{"rendered":"<p>Figueira e o centro planet\u00e1rio Mirna Jad \/ Cura interior, hospedagem, estudo e retiro em Figueira \/ Harmonia e devo\u00e7\u00e3o<\/p>\n","protected":false},"featured_media":37479,"template":"","meta":{"_acf_changed":false},"product_brand":[],"product_cat":[18076,33068],"product_tag":[],"class_list":{"0":"post-82596","1":"product","2":"type-product","3":"status-publish","4":"has-post-thumbnail","6":"product_cat-cddvd","7":"product_cat-palestras","8":"pa_autor-trigueirinho","9":"pa_codigo-da-serie-31985","10":"pa_codigo-de-barras-28938","11":"pa_codigo-externo-00230468porcd","12":"pa_data-de-edicao-38491","13":"pa_data-de-gravacao-28935","14":"pa_data-de-lancamento-38492","15":"pa_duracao-45min","16":"pa_idioma-de-destino-portugues","17":"pa_idioma-de-origem-portugues","18":"pa_lancamento-no","19":"pa_midia-cd","20":"pa_quantidade-de-saldo-33067","21":"pa_sequencial-da-serie-32173","22":"pa_tipo-de-traducao-nao-traduzido","24":"first","25":"outofstock","26":"product-type-simple"},"acf":[],"_links":{"self":[{"href":"https:\/\/www.irdin.org.br\/site\/wp-json\/wp\/v2\/product\/82596","targetHints":{"allow":["GET"]}}],"collection":[{"href":"https:\/\/www.irdin.org.br\/site\/wp-json\/wp\/v2\/product"}],"about":[{"href":"https:\/\/www.irdin.org.br\/site\/wp-json\/wp\/v2\/types\/product"}],"version-history":[{"count":1,"href":"https:\/\/www.irdin.org.br\/site\/wp-json\/wp\/v2\/product\/82596\/revisions"}],"predecessor-version":[{"id":109339,"href":"https:\/\/www.irdin.org.br\/site\/wp-json\/wp\/v2\/product\/82596\/revisions\/109339"}],"wp:featuredmedia":[{"embeddable":true,"href":"https:\/\/www.irdin.org.br\/site\/wp-json\/wp\/v2\/media\/37479"}],"wp:attachment":[{"href":"https:\/\/www.irdin.org.br\/site\/wp-json\/wp\/v2\/media?parent=82596"}],"wp:term":[{"taxonomy":"product_brand","embeddable":true,"href":"https:\/\/www.irdin.org.br\/site\/wp-json\/wp\/v2\/product_brand?post=82596"},{"taxonomy":"product_cat","embeddable":true,"href":"https:\/\/www.irdin.org.br\/site\/wp-json\/wp\/v2\/product_cat?post=82596"},{"taxonomy":"product_tag","embeddable":true,"href":"https:\/\/www.irdin.org.br\/site\/wp-json\/wp\/v2\/product_tag?post=82596"}],"curies":[{"name":"wp","href":"https:\/\/api.w.org\/{rel}","templated":true}]}}