{"id":82599,"date":"2007-03-04T00:00:00","date_gmt":"2007-03-04T00:00:00","guid":{"rendered":"http:\/\/www.irdin.org.br\/site\/produto\/conversas-com-trigueirinho-no-471\/"},"modified":"2025-03-16T02:18:24","modified_gmt":"2025-03-16T02:18:24","slug":"conversas-com-trigueirinho-no-471","status":"publish","type":"product","link":"https:\/\/www.irdin.org.br\/site\/produtos\/conversas-com-trigueirinho-no-471\/","title":{"rendered":"Conversas com Trigueirinho n\u00ba 471"},"content":{"rendered":"<p>Que significa \u0093estar s\u00f3\u0094 \/ Valor do nome \/ Viol\u00eancia que n\u00e3o \u00e9 ira \/ Verdadeiro estudo \/ Indica\u00e7\u00e3o m\u00e9dica limitada \/ Devas na gravidez \/ Mantras e prote\u00e7\u00e3o \/ Vis\u00e3o harmoniosa \/ Mongol\u00f3ides e alegria \/ Queixas v\u00e3s \/ Ajuda \u00e0 ora\u00e7\u00e3o \/ Destino \/ Animais e alma \/ Ess\u00eancia solar \/ Experi\u00eancias espirituais no sono \/ Ascens\u00e3o da energia sexual \/ Ajudar ou servir? \/ Aprender com a morte                                                                                                                                                                                                                                                                                                                                                                                                                                                                                                                                                                                                                                                                                                                                                                                                                                                                                                                                                                                                                                                                                                                                                                                                                                                                                                                                                                                                                                                                                                                                                                                                                                                                                                                                                                                                                                                                                                                                                                                                                                                                                                                                                                                                                                                                                                                                                                                                                                                                                                                                                                                                                                                                                                                                                                                                                                                                                                                                                                                                                                                                                                                                                                                                                                                                                                                                                                                                                                                                                                                                                                                                                                                                                                                                                                                                                                                                                                                                                                                                                                                                                                                                                                                                                                                                                                                                                                                                                                                                                                                                                                                                                                                                                                                                                                                                                                                                                                                                                                                                                                                                                                                                                                                                                                                                                                                                                                                                                                                                                                                                                                                                                                                                                                                                                                                                                                                                                                                                                                                                                                                                                                                                                                                                                                                                                                                                                                                                                                                                                                                                                                                                                                                                                                                                                                                                                                                                                                                                                                                                                                                                                                                                                                                                                                                                                                                                                                                                                                                                                                                                                                                                                                                                                                                                                                                                                                                                                                                                                                                                                                                                                                                                     <\/p>\n<p>&nbsp;<\/p>\n<p>&nbsp;<br \/>\n<strong>Ou\u00e7a agora:<\/strong><\/p>\n<p><span data-href=\"https:\/\/www.irdin.org.br\/site\/envios\/audios\/0023_0471__por_por__conversas_com_trigueirinho_n471.mp3\" data-title=\"Conversas com Trigueirinho n\u00ba 471\" data-rel=\"\" data-target=\"\" data-meta=\"#fap-meta-6a05b2c2be61c\" class=\"fap-single-track fap-track-button fap-play-button\" data-enqueue=\"no\" data-autoenqueue=\"no\" title=\"Conversas com Trigueirinho n\u00ba 471\"><span class=\"fap-icon-play\"><\/span>Ouvir<\/span> <a href=\"https:\/\/www.irdin.org.br\/site\/envios\/audios\/0023_0471__por_por__conversas_com_trigueirinho_n471.mp3\" class=\"baixar\" download><span class=\"fa fa-arrow-down\"><\/span>Baixar<\/span><\/a> <span class=\"textobaixar\"> Conversas com Trigueirinho n\u00ba 471<\/span><\/p>\n","protected":false},"excerpt":{"rendered":"<p>Que significa \u0093estar s\u00f3\u0094 \/ Valor do nome \/ Viol\u00eancia que n\u00e3o \u00e9 ira \/ Verdadeiro estudo \/ Indica\u00e7\u00e3o m\u00e9dica<\/p>\n","protected":false},"featured_media":37479,"template":"","meta":{"_acf_changed":false},"product_brand":[],"product_cat":[18076,33068],"product_tag":[],"class_list":{"0":"post-82599","1":"product","2":"type-product","3":"status-publish","4":"has-post-thumbnail","6":"product_cat-cddvd","7":"product_cat-palestras","8":"pa_autor-trigueirinho","9":"pa_codigo-da-serie-31985","10":"pa_codigo-de-barras-28950","11":"pa_codigo-externo-00230471porcd","12":"pa_data-de-edicao-24887","13":"pa_data-de-gravacao-28947","14":"pa_data-de-lancamento-24738","15":"pa_duracao-58min","16":"pa_idioma-de-destino-portugues","17":"pa_idioma-de-origem-portugues","18":"pa_lancamento-no","19":"pa_midia-cd","20":"pa_quantidade-de-saldo-33067","21":"pa_sequencial-da-serie-32177","22":"pa_tipo-de-traducao-nao-traduzido","24":"first","25":"outofstock","26":"product-type-simple"},"acf":[],"_links":{"self":[{"href":"https:\/\/www.irdin.org.br\/site\/wp-json\/wp\/v2\/product\/82599","targetHints":{"allow":["GET"]}}],"collection":[{"href":"https:\/\/www.irdin.org.br\/site\/wp-json\/wp\/v2\/product"}],"about":[{"href":"https:\/\/www.irdin.org.br\/site\/wp-json\/wp\/v2\/types\/product"}],"version-history":[{"count":1,"href":"https:\/\/www.irdin.org.br\/site\/wp-json\/wp\/v2\/product\/82599\/revisions"}],"predecessor-version":[{"id":109450,"href":"https:\/\/www.irdin.org.br\/site\/wp-json\/wp\/v2\/product\/82599\/revisions\/109450"}],"wp:featuredmedia":[{"embeddable":true,"href":"https:\/\/www.irdin.org.br\/site\/wp-json\/wp\/v2\/media\/37479"}],"wp:attachment":[{"href":"https:\/\/www.irdin.org.br\/site\/wp-json\/wp\/v2\/media?parent=82599"}],"wp:term":[{"taxonomy":"product_brand","embeddable":true,"href":"https:\/\/www.irdin.org.br\/site\/wp-json\/wp\/v2\/product_brand?post=82599"},{"taxonomy":"product_cat","embeddable":true,"href":"https:\/\/www.irdin.org.br\/site\/wp-json\/wp\/v2\/product_cat?post=82599"},{"taxonomy":"product_tag","embeddable":true,"href":"https:\/\/www.irdin.org.br\/site\/wp-json\/wp\/v2\/product_tag?post=82599"}],"curies":[{"name":"wp","href":"https:\/\/api.w.org\/{rel}","templated":true}]}}