{"id":82630,"date":"2007-06-08T00:00:00","date_gmt":"2007-06-08T00:00:00","guid":{"rendered":"http:\/\/www.irdin.org.br\/site\/produto\/conversas-com-trigueirinho-no-502\/"},"modified":"2025-03-16T02:17:12","modified_gmt":"2025-03-16T02:17:12","slug":"conversas-com-trigueirinho-no-502","status":"publish","type":"product","link":"https:\/\/www.irdin.org.br\/site\/produtos\/conversas-com-trigueirinho-no-502\/","title":{"rendered":"Conversas com Trigueirinho n\u00ba 502"},"content":{"rendered":"<p>Desencarnar em ambiente espiritual \/ Ajudar a corrigir algu\u00e9m \/ Onipresen\u00e7a de Padre Pio \/ Valor das crises \/ Emo\u00e7\u00f5es e prazer \/ Eleva\u00e7\u00e3o e supera\u00e7\u00e3o de desejos \/ Ciclos de um matrim\u00f4nio \/ Avatar e entidade planet\u00e1ria \/ Controle da palavra \/ Vig\u00edlia \/ Audi\u00e7\u00f5es p\u00fablicas de palestras gravadas \/ Evolu\u00e7\u00e3o dos setores da Casa Luz da Colina \/ Obst\u00e1culos que estimulam \/ Desapego \/ Alimentos sint\u00e9ticos                                                                                                                                                                                                                                                                                                                                                                                                                                                                                                                                                                                                                                                                                                                                                                                                                                                                                                                                                                                                                                                                                                                                                                                                                                                                                                                                                                                                                                                                                                                                                                                                                                                                                                                                                                                                                                                                                                                                                                                                                                                                                                                                                                                                                                                                                                                                                                                                                                                                                                                                                                                                                                                                                                                                                                                                                                                                                                                                                                                                                                                                                                                                                                                                                                                                                                                                                                                                                                                                                                                                                                                                                                                                                                                                                                                                                                                                                                                                                                                                                                                                                                                                                                                                                                                                                                                                                                                                                                                                                                                                                                                                                                                                                                                                                                                                                                                                                                                                                                                                                                                                                                                                                                                                                                                                                                                                                                                                                                                                                                                                                                                                                                                                                                                                                                                                                                                                                                                                                                                                                                                                                                                                                                                                                                                                                                                                                                                                                                                                                                                                                                                                                                                                                                                                                                                                                                                                                                                                                                                                                                                                                                                                                                                                                                                                                                                                                                                                                                                                                                                                                                                                                                                                                                                                                                                                                                                                                                                                                                                                                                                                                                                    <\/p>\n<p>&nbsp;<\/p>\n<p>&nbsp;<br \/>\n<strong>Ou\u00e7a agora:<\/strong><\/p>\n<p><span data-href=\"https:\/\/www.irdin.org.br\/site\/envios\/audios\/0023_0502__por_por__conversas_com_trigueirinho_n502.mp3\" data-title=\"Conversas com Trigueirinho n\u00ba 502\" data-rel=\"\" data-target=\"\" data-meta=\"#fap-meta-69e2a674e7583\" class=\"fap-single-track fap-track-button fap-play-button\" data-enqueue=\"no\" data-autoenqueue=\"no\" title=\"Conversas com Trigueirinho n\u00ba 502\"><span class=\"fap-icon-play\"><\/span>Ouvir<\/span> <a href=\"https:\/\/www.irdin.org.br\/site\/envios\/audios\/0023_0502__por_por__conversas_com_trigueirinho_n502.mp3\" class=\"baixar\"><span class=\"fa fa-arrow-down\"><\/span>Baixar<\/span><\/a> <span class=\"textobaixar\"> Conversas com Trigueirinho n\u00ba 502<\/span><\/p>\n","protected":false},"excerpt":{"rendered":"<p>Desencarnar em ambiente espiritual \/ Ajudar a corrigir algu\u00e9m \/ Onipresen\u00e7a de Padre Pio \/ Valor das crises \/ Emo\u00e7\u00f5es<\/p>\n","protected":false},"featured_media":37479,"template":"","meta":{"_acf_changed":false},"product_brand":[],"product_cat":[18076,33068],"product_tag":[],"class_list":{"0":"post-82630","1":"product","2":"type-product","3":"status-publish","4":"has-post-thumbnail","6":"product_cat-cddvd","7":"product_cat-palestras","8":"pa_autor-trigueirinho","9":"pa_codigo-da-serie-31985","10":"pa_codigo-de-barras-29066","11":"pa_codigo-externo-00230502porcd","12":"pa_data-de-edicao-24898","13":"pa_data-de-gravacao-29063","14":"pa_data-de-lancamento-24899","15":"pa_duracao-38min","16":"pa_idioma-de-destino-portugues","17":"pa_idioma-de-origem-portugues","18":"pa_lancamento-no","19":"pa_midia-cd","20":"pa_quantidade-de-saldo-33067","21":"pa_sequencial-da-serie-32227","22":"pa_tipo-de-traducao-nao-traduzido","24":"first","25":"outofstock","26":"product-type-simple"},"acf":[],"_links":{"self":[{"href":"https:\/\/www.irdin.org.br\/site\/wp-json\/wp\/v2\/product\/82630","targetHints":{"allow":["GET"]}}],"collection":[{"href":"https:\/\/www.irdin.org.br\/site\/wp-json\/wp\/v2\/product"}],"about":[{"href":"https:\/\/www.irdin.org.br\/site\/wp-json\/wp\/v2\/types\/product"}],"version-history":[{"count":1,"href":"https:\/\/www.irdin.org.br\/site\/wp-json\/wp\/v2\/product\/82630\/revisions"}],"predecessor-version":[{"id":109444,"href":"https:\/\/www.irdin.org.br\/site\/wp-json\/wp\/v2\/product\/82630\/revisions\/109444"}],"wp:featuredmedia":[{"embeddable":true,"href":"https:\/\/www.irdin.org.br\/site\/wp-json\/wp\/v2\/media\/37479"}],"wp:attachment":[{"href":"https:\/\/www.irdin.org.br\/site\/wp-json\/wp\/v2\/media?parent=82630"}],"wp:term":[{"taxonomy":"product_brand","embeddable":true,"href":"https:\/\/www.irdin.org.br\/site\/wp-json\/wp\/v2\/product_brand?post=82630"},{"taxonomy":"product_cat","embeddable":true,"href":"https:\/\/www.irdin.org.br\/site\/wp-json\/wp\/v2\/product_cat?post=82630"},{"taxonomy":"product_tag","embeddable":true,"href":"https:\/\/www.irdin.org.br\/site\/wp-json\/wp\/v2\/product_tag?post=82630"}],"curies":[{"name":"wp","href":"https:\/\/api.w.org\/{rel}","templated":true}]}}