{"id":82636,"date":"2018-04-26T18:08:40","date_gmt":"2018-04-26T18:08:40","guid":{"rendered":"http:\/\/www.irdin.org.br\/site\/produto\/conversas-com-trigueirinho-no-508\/"},"modified":"2025-03-16T01:08:47","modified_gmt":"2025-03-16T01:08:47","slug":"conversas-com-trigueirinho-no-508","status":"publish","type":"product","link":"https:\/\/www.irdin.org.br\/site\/produtos\/conversas-com-trigueirinho-no-508\/","title":{"rendered":"Conversas com Trigueirinho n\u00ba 508"},"content":{"rendered":"<p>Instrutores internos \/ As m\u00e3os como s\u00edmbolos \/ Corpo et\u00e9rico \/ Rela\u00e7\u00f5es num grupo espiritual \/ Sonhos que preparam a morte \/ A desencarna\u00e7\u00e3o deve ser completa \/ Aborto \/ Sonho com animais que falam \/ O n\u00famero 25 \/ Reflorestar \/ Quest\u00f5es sem resposta \/ Transforma\u00e7\u00e3o e transmuta\u00e7\u00e3o \/ Mudan\u00e7a gradual \/ Separa\u00e7\u00f5es existem? \/ Materializa\u00e7\u00e3o de seres avan\u00e7ados \/ Alinhamento dos corpos e transmuta\u00e7\u00e3o \/ Transmutar dores do mundo                                                                                                                                                                                                                                                                                                                                                                                                                                                                                                                                                                                                                                                                                                                                                                                                                                                                                                                                                                                                                                                                                                                                                                                                                                                                                                                                                                                                                                                                                                                                                                                                                                                                                                                                                                                                                                                                                                                                                                                                                                                                                                                                                                                                                                                                                                                                                                                                                                                                                                                                                                                                                                                                                                                                                                                                                                                                                                                                                                                                                                                                                                                                                                                                                                                                                                                                                                                                                                                                                                                                                                                                                                                                                                                                                                                                                                                                                                                                                                                                                                                                                                                                                                                                                                                                                                                                                                                                                                                                                                                                                                                                                                                                                                                                                                                                                                                                                                                                                                                                                                                                                                                                                                                                                                                                                                                                                                                                                                                                                                                                                                                                                                                                                                                                                                                                                                                                                                                                                                                                                                                                                                                                                                                                                                                                                                                                                                                                                                                                                                                                                                                                                                                                                                                                                                                                                                                                                                                                                                                                                                                                                                                                                                                                                                                                                                                                                                                                                                                                                                                                                                                                                                                                                                                                                                                                                                                                                                                                                                                                                                                                                         <\/p>\n<p>&nbsp;<\/p>\n<p>&nbsp;<br \/>\n<strong>Ou\u00e7a agora:<\/strong><\/p>\n<p><span data-href=\"https:\/\/www.irdin.org.br\/site\/envios\/audios\/0023_0508__por_por__conversas_com_trigueirinho_n508.mp3\" data-title=\"Conversas com Trigueirinho n\u00ba 508\" data-rel=\"\" data-target=\"\" data-meta=\"#fap-meta-69ff427e6a73e\" class=\"fap-single-track fap-track-button fap-play-button\" data-enqueue=\"no\" data-autoenqueue=\"no\" title=\"Conversas com Trigueirinho n\u00ba 508\"><span class=\"fap-icon-play\"><\/span>Ouvir<\/span> <a href=\"https:\/\/www.irdin.org.br\/site\/envios\/audios\/0023_0508__por_por__conversas_com_trigueirinho_n508.mp3\" class=\"baixar\"><span class=\"fa fa-arrow-down\"><\/span>Baixar<\/span><\/a> <span class=\"textobaixar\"> Conversas com Trigueirinho n\u00ba 508<\/span><\/p>\n","protected":false},"excerpt":{"rendered":"<p>Instrutores internos \/ As m\u00e3os como s\u00edmbolos \/ Corpo et\u00e9rico \/ Rela\u00e7\u00f5es num grupo espiritual \/ Sonhos que preparam a<\/p>\n","protected":false},"featured_media":37479,"template":"","meta":{"_acf_changed":false},"product_brand":[],"product_cat":[18076,33068],"product_tag":[],"class_list":{"0":"post-82636","1":"product","2":"type-product","3":"status-publish","4":"has-post-thumbnail","6":"product_cat-cddvd","7":"product_cat-palestras","8":"pa_autor-trigueirinho","9":"pa_codigo-da-serie-31985","10":"pa_codigo-de-barras-29088","11":"pa_codigo-externo-00230508porcd","12":"pa_data-de-edicao-24904","13":"pa_data-de-gravacao-26967","14":"pa_data-de-lancamento-24905","15":"pa_duracao-42min","16":"pa_idioma-de-destino-portugues","17":"pa_idioma-de-origem-portugues","18":"pa_lancamento-no","19":"pa_midia-cd","20":"pa_quantidade-de-saldo-33067","21":"pa_sequencial-da-serie-32235","22":"pa_tipo-de-traducao-nao-traduzido","24":"first","25":"outofstock","26":"product-type-simple"},"acf":[],"_links":{"self":[{"href":"https:\/\/www.irdin.org.br\/site\/wp-json\/wp\/v2\/product\/82636","targetHints":{"allow":["GET"]}}],"collection":[{"href":"https:\/\/www.irdin.org.br\/site\/wp-json\/wp\/v2\/product"}],"about":[{"href":"https:\/\/www.irdin.org.br\/site\/wp-json\/wp\/v2\/types\/product"}],"version-history":[{"count":1,"href":"https:\/\/www.irdin.org.br\/site\/wp-json\/wp\/v2\/product\/82636\/revisions"}],"predecessor-version":[{"id":109308,"href":"https:\/\/www.irdin.org.br\/site\/wp-json\/wp\/v2\/product\/82636\/revisions\/109308"}],"wp:featuredmedia":[{"embeddable":true,"href":"https:\/\/www.irdin.org.br\/site\/wp-json\/wp\/v2\/media\/37479"}],"wp:attachment":[{"href":"https:\/\/www.irdin.org.br\/site\/wp-json\/wp\/v2\/media?parent=82636"}],"wp:term":[{"taxonomy":"product_brand","embeddable":true,"href":"https:\/\/www.irdin.org.br\/site\/wp-json\/wp\/v2\/product_brand?post=82636"},{"taxonomy":"product_cat","embeddable":true,"href":"https:\/\/www.irdin.org.br\/site\/wp-json\/wp\/v2\/product_cat?post=82636"},{"taxonomy":"product_tag","embeddable":true,"href":"https:\/\/www.irdin.org.br\/site\/wp-json\/wp\/v2\/product_tag?post=82636"}],"curies":[{"name":"wp","href":"https:\/\/api.w.org\/{rel}","templated":true}]}}