{"id":82704,"date":"2008-04-11T00:00:00","date_gmt":"2008-04-11T00:00:00","guid":{"rendered":"http:\/\/www.irdin.org.br\/site\/produto\/conversas-com-trigueirinho-no-576\/"},"modified":"2025-03-16T02:11:34","modified_gmt":"2025-03-16T02:11:34","slug":"conversas-com-trigueirinho-no-576","status":"publish","type":"product","link":"https:\/\/www.irdin.org.br\/site\/produtos\/conversas-com-trigueirinho-no-576\/","title":{"rendered":"Conversas com Trigueirinho n\u00ba 576"},"content":{"rendered":"<p>Monast\u00e9rio em Ibez \/ Que leva algu\u00e9m ao suic\u00eddio? \/ Crit\u00e9rio para tomar decis\u00e3o importante \/ P\u00e1ssaros e anjos \/ Unidade e ora\u00e7\u00e3o \/ Caminho Longo e Caminho Breve \/ Liberar-se de preocupa\u00e7\u00e3o com alimento \/ Morte de animal de estima\u00e7\u00e3o \/ Preparo para ora\u00e7\u00e3o \/ Ora\u00e7\u00e3o formal e import\u00e2ncia da inten\u00e7\u00e3o \/ Ora\u00e7\u00e3o da M\u00e3e Universal \/ Ora\u00e7\u00e3o como puro servi\u00e7o                                                                                                                                                                                                                                                                                                                                                                                                                                                                                                                                                                                                                                                                                                                                                                                                                                                                                                                                                                                                                                                                                                                                                                                                                                                                                                                                                                                                                                                                                                                                                                                                                                                                                                                                                                                                                                                                                                                                                                                                                                                                                                                                                                                                                                                                                                                                                                                                                                                                                                                                                                                                                                                                                                                                                                                                                                                                                                                                                                                                                                                                                                                                                                                                                                                                                                                                                                                                                                                                                                                                                                                                                                                                                                                                                                                                                                                                                                                                                                                                                                                                                                                                                                                                                                                                                                                                                                                                                                                                                                                                                                                                                                                                                                                                                                                                                                                                                                                                                                                                                                                                                                                                                                                                                                                                                                                                                                                                                                                                                                                                                                                                                                                                                                                                                                                                                                                                                                                                                                                                                                                                                                                                                                                                                                                                                                                                                                                                                                                                                                                                                                                                                                                                                                                                                                                                                                                                                                                                                                                                                                                                                                                                                                                                                                                                                                                                                                                                                                                                                                                                                                                                                                                                                                                                                                                                                                                                                                                                                                                                                                                                                                                                                                    <\/p>\n<p>&nbsp;<\/p>\n<p>&nbsp;<br \/>\n<strong>Ou\u00e7a agora:<\/strong><\/p>\n<p><span data-href=\"https:\/\/www.irdin.org.br\/site\/envios\/audios\/0023_0576__por_por__conversas_com_trigueirinho_n576.mp3\" data-title=\"Conversas com Trigueirinho n\u00ba 576\" data-rel=\"\" data-target=\"\" data-meta=\"#fap-meta-69e19fb6cedd1\" class=\"fap-single-track fap-track-button fap-play-button\" data-enqueue=\"no\" data-autoenqueue=\"no\" title=\"Conversas com Trigueirinho n\u00ba 576\"><span class=\"fap-icon-play\"><\/span>Ouvir<\/span> <a href=\"https:\/\/www.irdin.org.br\/site\/envios\/audios\/0023_0576__por_por__conversas_com_trigueirinho_n576.mp3\" class=\"baixar\"><span class=\"fa fa-arrow-down\"><\/span>Baixar<\/span><\/a> <span class=\"textobaixar\"> Conversas com Trigueirinho n\u00ba 576<\/span><\/p>\n","protected":false},"excerpt":{"rendered":"<p>Monast\u00e9rio em Ibez \/ Que leva algu\u00e9m ao suic\u00eddio? \/ Crit\u00e9rio para tomar decis\u00e3o importante \/ P\u00e1ssaros e anjos \/<\/p>\n","protected":false},"featured_media":37479,"template":"","meta":{"_acf_changed":false},"product_brand":[],"product_cat":[18076,33068],"product_tag":[],"class_list":{"0":"post-82704","1":"product","2":"type-product","3":"status-publish","4":"has-post-thumbnail","6":"product_cat-cddvd","7":"product_cat-palestras","8":"pa_autor-trigueirinho","9":"pa_codigo-da-serie-31985","10":"pa_codigo-de-barras-29339","11":"pa_codigo-externo-00230576porcd","12":"pa_data-de-edicao-38749","13":"pa_data-de-gravacao-29336","14":"pa_data-de-lancamento-38750","15":"pa_duracao-39min","16":"pa_idioma-de-destino-portugues","17":"pa_idioma-de-origem-portugues","18":"pa_lancamento-no","19":"pa_midia-cd","20":"pa_quantidade-de-saldo-33067","21":"pa_sequencial-da-serie-32346","22":"pa_tipo-de-traducao-nao-traduzido","24":"first","25":"outofstock","26":"product-type-simple"},"acf":[],"_links":{"self":[{"href":"https:\/\/www.irdin.org.br\/site\/wp-json\/wp\/v2\/product\/82704","targetHints":{"allow":["GET"]}}],"collection":[{"href":"https:\/\/www.irdin.org.br\/site\/wp-json\/wp\/v2\/product"}],"about":[{"href":"https:\/\/www.irdin.org.br\/site\/wp-json\/wp\/v2\/types\/product"}],"version-history":[{"count":1,"href":"https:\/\/www.irdin.org.br\/site\/wp-json\/wp\/v2\/product\/82704\/revisions"}],"predecessor-version":[{"id":109424,"href":"https:\/\/www.irdin.org.br\/site\/wp-json\/wp\/v2\/product\/82704\/revisions\/109424"}],"wp:featuredmedia":[{"embeddable":true,"href":"https:\/\/www.irdin.org.br\/site\/wp-json\/wp\/v2\/media\/37479"}],"wp:attachment":[{"href":"https:\/\/www.irdin.org.br\/site\/wp-json\/wp\/v2\/media?parent=82704"}],"wp:term":[{"taxonomy":"product_brand","embeddable":true,"href":"https:\/\/www.irdin.org.br\/site\/wp-json\/wp\/v2\/product_brand?post=82704"},{"taxonomy":"product_cat","embeddable":true,"href":"https:\/\/www.irdin.org.br\/site\/wp-json\/wp\/v2\/product_cat?post=82704"},{"taxonomy":"product_tag","embeddable":true,"href":"https:\/\/www.irdin.org.br\/site\/wp-json\/wp\/v2\/product_tag?post=82704"}],"curies":[{"name":"wp","href":"https:\/\/api.w.org\/{rel}","templated":true}]}}