{"id":82709,"date":"2018-04-26T18:09:46","date_gmt":"2018-04-26T18:09:46","guid":{"rendered":"http:\/\/www.irdin.org.br\/site\/produto\/conversas-com-trigueirinho-no-581\/"},"modified":"2025-03-16T00:57:08","modified_gmt":"2025-03-16T00:57:08","slug":"conversas-com-trigueirinho-no-581","status":"publish","type":"product","link":"https:\/\/www.irdin.org.br\/site\/produtos\/conversas-com-trigueirinho-no-581\/","title":{"rendered":"Conversas com Trigueirinho n\u00ba 581"},"content":{"rendered":"<p>Fases do ensinamento espiritual: preparat\u00f3ria, intermedi\u00e1ria e reveladora \/ Sabedoria dos centros planet\u00e1rios \/ Kardecismo \/ Sonho com chave \/ Causas e cura do medo \/ Grupos de ora\u00e7\u00e3o que protegem o oculto \/ Medita\u00e7\u00e3o \/ Momentos agudos da transi\u00e7\u00e3o planet\u00e1ria \/ Mudan\u00e7a de identidade \/ Epilepsia \/ Graus de ilus\u00e3o \/ Amor \u00e0 ora\u00e7\u00e3o \/ Nada possu\u00edmos \/ Aprender a discernir                                                                                                                                                                                                                                                                                                                                                                                                                                                                                                                                                                                                                                                                                                                                                                                                                                                                                                                                                                                                                                                                                                                                                                                                                                                                                                                                                                                                                                                                                                                                                                                                                                                                                                                                                                                                                                                                                                                                                                                                                                                                                                                                                                                                                                                                                                                                                                                                                                                                                                                                                                                                                                                                                                                                                                                                                                                                                                                                                                                                                                                                                                                                                                                                                                                                                                                                                                                                                                                                                                                                                                                                                                                                                                                                                                                                                                                                                                                                                                                                                                                                                                                                                                                                                                                                                                                                                                                                                                                                                                                                                                                                                                                                                                                                                                                                                                                                                                                                                                                                                                                                                                                                                                                                                                                                                                                                                                                                                                                                                                                                                                                                                                                                                                                                                                                                                                                                                                                                                                                                                                                                                                                                                                                                                                                                                                                                                                                                                                                                                                                                                                                                                                                                                                                                                                                                                                                                                                                                                                                                                                                                                                                                                                                                                                                                                                                                                                                                                                                                                                                                                                                                                                                                                                                                                                                                                                                                                                                                                                                                                                                                                                                                                <\/p>\n<p>&nbsp;<\/p>\n<p>&nbsp;<br \/>\n<strong>Ou\u00e7a agora:<\/strong><\/p>\n<p><span data-href=\"https:\/\/www.irdin.org.br\/site\/envios\/audios\/0023_0581__por_por__conversas_com_trigueirinho_n581.mp3\" data-title=\"Conversas com Trigueirinho n\u00ba 581\" data-rel=\"\" data-target=\"\" data-meta=\"#fap-meta-69ff9484163bb\" class=\"fap-single-track fap-track-button fap-play-button\" data-enqueue=\"no\" data-autoenqueue=\"no\" title=\"Conversas com Trigueirinho n\u00ba 581\"><span class=\"fap-icon-play\"><\/span>Ouvir<\/span> <a href=\"https:\/\/www.irdin.org.br\/site\/envios\/audios\/0023_0581__por_por__conversas_com_trigueirinho_n581.mp3\" class=\"baixar\"><span class=\"fa fa-arrow-down\"><\/span>Baixar<\/span><\/a> <span class=\"textobaixar\"> Conversas com Trigueirinho n\u00ba 581<\/span><\/p>\n","protected":false},"excerpt":{"rendered":"<p>Fases do ensinamento espiritual: preparat\u00f3ria, intermedi\u00e1ria e reveladora \/ Sabedoria dos centros planet\u00e1rios \/ Kardecismo \/ Sonho com chave \/<\/p>\n","protected":false},"featured_media":37479,"template":"","meta":{"_acf_changed":false},"product_brand":[],"product_cat":[18076,33068],"product_tag":[],"class_list":{"0":"post-82709","1":"product","2":"type-product","3":"status-publish","4":"has-post-thumbnail","6":"product_cat-cddvd","7":"product_cat-palestras","8":"pa_autor-trigueirinho","9":"pa_codigo-da-serie-31985","10":"pa_codigo-de-barras-29356","11":"pa_codigo-externo-00230581porcd","12":"pa_data-de-edicao-25133","13":"pa_data-de-gravacao-20575","14":"pa_data-de-lancamento-25134","15":"pa_duracao-39min","16":"pa_idioma-de-destino-portugues","17":"pa_idioma-de-origem-portugues","18":"pa_lancamento-no","19":"pa_midia-cd","20":"pa_quantidade-de-saldo-33067","21":"pa_sequencial-da-serie-32356","22":"pa_tipo-de-traducao-nao-traduzido","24":"first","25":"outofstock","26":"product-type-simple"},"acf":[],"_links":{"self":[{"href":"https:\/\/www.irdin.org.br\/site\/wp-json\/wp\/v2\/product\/82709","targetHints":{"allow":["GET"]}}],"collection":[{"href":"https:\/\/www.irdin.org.br\/site\/wp-json\/wp\/v2\/product"}],"about":[{"href":"https:\/\/www.irdin.org.br\/site\/wp-json\/wp\/v2\/types\/product"}],"version-history":[{"count":1,"href":"https:\/\/www.irdin.org.br\/site\/wp-json\/wp\/v2\/product\/82709\/revisions"}],"predecessor-version":[{"id":109253,"href":"https:\/\/www.irdin.org.br\/site\/wp-json\/wp\/v2\/product\/82709\/revisions\/109253"}],"wp:featuredmedia":[{"embeddable":true,"href":"https:\/\/www.irdin.org.br\/site\/wp-json\/wp\/v2\/media\/37479"}],"wp:attachment":[{"href":"https:\/\/www.irdin.org.br\/site\/wp-json\/wp\/v2\/media?parent=82709"}],"wp:term":[{"taxonomy":"product_brand","embeddable":true,"href":"https:\/\/www.irdin.org.br\/site\/wp-json\/wp\/v2\/product_brand?post=82709"},{"taxonomy":"product_cat","embeddable":true,"href":"https:\/\/www.irdin.org.br\/site\/wp-json\/wp\/v2\/product_cat?post=82709"},{"taxonomy":"product_tag","embeddable":true,"href":"https:\/\/www.irdin.org.br\/site\/wp-json\/wp\/v2\/product_tag?post=82709"}],"curies":[{"name":"wp","href":"https:\/\/api.w.org\/{rel}","templated":true}]}}