{"id":82720,"date":"2008-09-12T00:00:00","date_gmt":"2008-09-12T00:00:00","guid":{"rendered":"http:\/\/www.irdin.org.br\/site\/produto\/conversas-com-trigueirinho-no-592\/"},"modified":"2025-03-16T02:10:19","modified_gmt":"2025-03-16T02:10:19","slug":"conversas-com-trigueirinho-no-592","status":"publish","type":"product","link":"https:\/\/www.irdin.org.br\/site\/produtos\/conversas-com-trigueirinho-no-592\/","title":{"rendered":"Conversas com Trigueirinho n\u00ba 592"},"content":{"rendered":"<p>Devemos fazer pedidos \u00e0s Hierarquias espirituais? \/ Grupos que n\u00e3o progridem \/ Rumo \u00e0 consci\u00eancia mon\u00e1stica \/ Fun\u00e7\u00e3o dos Atributos do Monast\u00e9rio de Figueira \/ Mensagem da entidade guardi\u00e3 de uma \u00e1rvore \/ Conhecimentos e capacidades ps\u00edquicas desenvolvidas na Atl\u00e2ntida \/ Nosso relacionamento com o corpo \/ Erks, centro planet\u00e1rio e portal c\u00f3smico \/ Materializa\u00e7\u00e3o da base de Erks                                                                                                                                                                                                                                                                                                                                                                                                                                                                                                                                                                                                                                                                                                                                                                                                                                                                                                                                                                                                                                                                                                                                                                                                                                                                                                                                                                                                                                                                                                                                                                                                                                                                                                                                                                                                                                                                                                                                                                                                                                                                                                                                                                                                                                                                                                                                                                                                                                                                                                                                                                                                                                                                                                                                                                                                                                                                                                                                                                                                                                                                                                                                                                                                                                                                                                                                                                                                                                                                                                                                                                                                                                                                                                                                                                                                                                                                                                                                                                                                                                                                                                                                                                                                                                                                                                                                                                                                                                                                                                                                                                                                                                                                                                                                                                                                                                                                                                                                                                                                                                                                                                                                                                                                                                                                                                                                                                                                                                                                                                                                                                                                                                                                                                                                                                                                                                                                                                                                                                                                                                                                                                                                                                                                                                                                                                                                                                                                                                                                                                                                                                                                                                                                                                                                                                                                                                                                                                                                                                                                                                                                                                                                                                                                                                                                                                                                                                                                                                                                                                                                                                                                                                                                                                                                                                                                                                                                                                                                                                                                                                                                                                                                      <\/p>\n<p>&nbsp;<\/p>\n<p>&nbsp;<br \/>\n<strong>Ou\u00e7a agora:<\/strong><\/p>\n<p><span data-href=\"https:\/\/www.irdin.org.br\/site\/envios\/audios\/0023_0592__por_por__conversas_com_trigueirinho_n592.mp3\" data-title=\"Conversas com Trigueirinho n\u00ba 592\" data-rel=\"\" data-target=\"\" data-meta=\"#fap-meta-69e8996f47c19\" class=\"fap-single-track fap-track-button fap-play-button\" data-enqueue=\"no\" data-autoenqueue=\"no\" title=\"Conversas com Trigueirinho n\u00ba 592\"><span class=\"fap-icon-play\"><\/span>Ouvir<\/span> <a href=\"https:\/\/www.irdin.org.br\/site\/envios\/audios\/0023_0592__por_por__conversas_com_trigueirinho_n592.mp3\" class=\"baixar\"><span class=\"fa fa-arrow-down\"><\/span>Baixar<\/span><\/a> <span class=\"textobaixar\"> Conversas com Trigueirinho n\u00ba 592<\/span><\/p>\n","protected":false},"excerpt":{"rendered":"<p>Devemos fazer pedidos \u00e0s Hierarquias espirituais? \/ Grupos que n\u00e3o progridem \/ Rumo \u00e0 consci\u00eancia mon\u00e1stica \/ Fun\u00e7\u00e3o dos Atributos<\/p>\n","protected":false},"featured_media":37479,"template":"","meta":{"_acf_changed":false},"product_brand":[],"product_cat":[18076,33068],"product_tag":[],"class_list":{"0":"post-82720","1":"product","2":"type-product","3":"status-publish","4":"has-post-thumbnail","6":"product_cat-cddvd","7":"product_cat-palestras","8":"pa_autor-trigueirinho","9":"pa_codigo-da-serie-31985","10":"pa_codigo-de-barras-29398","11":"pa_codigo-externo-00230592porcd","12":"pa_data-de-edicao-38781","13":"pa_data-de-gravacao-29395","14":"pa_data-de-lancamento-38782","15":"pa_duracao-51min","16":"pa_idioma-de-destino-portugues","17":"pa_idioma-de-origem-portugues","18":"pa_lancamento-no","19":"pa_midia-cd","20":"pa_quantidade-de-saldo-33067","21":"pa_sequencial-da-serie-32376","22":"pa_tipo-de-traducao-nao-traduzido","24":"first","25":"outofstock","26":"product-type-simple"},"acf":[],"_links":{"self":[{"href":"https:\/\/www.irdin.org.br\/site\/wp-json\/wp\/v2\/product\/82720","targetHints":{"allow":["GET"]}}],"collection":[{"href":"https:\/\/www.irdin.org.br\/site\/wp-json\/wp\/v2\/product"}],"about":[{"href":"https:\/\/www.irdin.org.br\/site\/wp-json\/wp\/v2\/types\/product"}],"version-history":[{"count":1,"href":"https:\/\/www.irdin.org.br\/site\/wp-json\/wp\/v2\/product\/82720\/revisions"}],"predecessor-version":[{"id":109417,"href":"https:\/\/www.irdin.org.br\/site\/wp-json\/wp\/v2\/product\/82720\/revisions\/109417"}],"wp:featuredmedia":[{"embeddable":true,"href":"https:\/\/www.irdin.org.br\/site\/wp-json\/wp\/v2\/media\/37479"}],"wp:attachment":[{"href":"https:\/\/www.irdin.org.br\/site\/wp-json\/wp\/v2\/media?parent=82720"}],"wp:term":[{"taxonomy":"product_brand","embeddable":true,"href":"https:\/\/www.irdin.org.br\/site\/wp-json\/wp\/v2\/product_brand?post=82720"},{"taxonomy":"product_cat","embeddable":true,"href":"https:\/\/www.irdin.org.br\/site\/wp-json\/wp\/v2\/product_cat?post=82720"},{"taxonomy":"product_tag","embeddable":true,"href":"https:\/\/www.irdin.org.br\/site\/wp-json\/wp\/v2\/product_tag?post=82720"}],"curies":[{"name":"wp","href":"https:\/\/api.w.org\/{rel}","templated":true}]}}