{"id":82740,"date":"2018-04-26T18:10:19","date_gmt":"2018-04-26T18:10:19","guid":{"rendered":"http:\/\/www.irdin.org.br\/site\/produto\/conversas-com-trigueirinho-no-612\/"},"modified":"2024-09-27T13:09:35","modified_gmt":"2024-09-27T13:09:35","slug":"conversas-com-trigueirinho-no-612","status":"publish","type":"product","link":"https:\/\/www.irdin.org.br\/site\/produtos\/conversas-com-trigueirinho-no-612\/","title":{"rendered":"Conversas com Trigueirinho n\u00ba 612"},"content":{"rendered":"<p>Presen\u00e7a de Hierarquias indicada por aromas \/ Retorno \u00e0 origem \/ Meios de comunica\u00e7\u00e3o hoje \/ Pureza de inten\u00e7\u00f5es na vida de ora\u00e7\u00e3o \/ Que \u00e9 caridade? \/ Almas g\u00eameas, uma ilus\u00e3o \/ Contato com a m\u00f4nada \/ Tarefas e atributos da Casa Luz da Colina \/ Gravidade da presente situa\u00e7\u00e3o planet\u00e1ria e nossa ajuda na harmonia \/ Perd\u00e3o, miseric\u00f3rdia, purifica\u00e7\u00e3o e eleva\u00e7\u00e3o                                                                                                                                                                                                                                                                                                                                                                                                                                                                                                                                                                                                                                                                                                                                                                                                                                                                                                                                                                                                                                                                                                                                                                                                                                                                                                                                                                                                                                                                                                                                                                                                                                                                                                                                                                                                                                                                                                                                                                                                                                                                                                                                                                                                                                                                                                                                                                                                                                                                                                                                                                                                                                                                                                                                                                                                                                                                                                                                                                                                                                                                                                                                                                                                                                                                                                                                                                                                                                                                                                                                                                                                                                                                                                                                                                                                                                                                                                                                                                                                                                                                                                                                                                                                                                                                                                                                                                                                                                                                                                                                                                                                                                                                                                                                                                                                                                                                                                                                                                                                                                                                                                                                                                                                                                                                                                                                                                                                                                                                                                                                                                                                                                                                                                                                                                                                                                                                                                                                                                                                                                                                                                                                                                                                                                                                                                                                                                                                                                                                                                                                                                                                                                                                                                                                                                                                                                                                                                                                                                                                                                                                                                                                                                                                                                                                                                                                                                                                                                                                                                                                                                                                                                                                                                                                                                                                                                                                                                                                                                                                                                                                                                                                                          <\/p>\n<p>&nbsp;<\/p>\n<p>&nbsp;<br \/>\n<strong>Ou\u00e7a agora:<\/strong><\/p>\n<p><span data-href=\"https:\/\/www.irdin.org.br\/site\/envios\/audios\/0023_0612__por_por__conversas_com_trigueirinho_n612.mp3\" data-title=\"Conversas com Trigueirinho n\u00ba 612\" data-rel=\"\" data-target=\"\" data-meta=\"#fap-meta-69e2892d30a15\" class=\"fap-single-track fap-track-button fap-play-button\" data-enqueue=\"no\" data-autoenqueue=\"no\" title=\"Conversas com Trigueirinho n\u00ba 612\"><span class=\"fap-icon-play\"><\/span>Ouvir<\/span> <a href=\"https:\/\/www.irdin.org.br\/site\/envios\/audios\/0023_0612__por_por__conversas_com_trigueirinho_n612.mp3\" class=\"baixar\"><span class=\"fa fa-arrow-down\"><\/span>Baixar<\/span><\/a> <span class=\"textobaixar\"> Conversas com Trigueirinho n\u00ba 612<\/span><\/p>\n","protected":false},"excerpt":{"rendered":"<p>Presen\u00e7a de Hierarquias indicada por aromas \/ Retorno \u00e0 origem \/ Meios de comunica\u00e7\u00e3o hoje \/ Pureza de inten\u00e7\u00f5es na<\/p>\n","protected":false},"featured_media":37479,"template":"","meta":{"_acf_changed":false},"product_brand":[],"product_cat":[18076,33068],"product_tag":[],"class_list":{"0":"post-82740","1":"product","2":"type-product","3":"status-publish","4":"has-post-thumbnail","6":"product_cat-cddvd","7":"product_cat-palestras","8":"pa_autor-trigueirinho","9":"pa_codigo-da-serie-31985","10":"pa_codigo-de-barras-29471","11":"pa_codigo-externo-00230612porcd","12":"pa_data-de-edicao-24950","13":"pa_data-de-gravacao-29468","14":"pa_data-de-lancamento-24951","15":"pa_duracao-46min","16":"pa_idioma-de-destino-portugues","17":"pa_idioma-de-origem-portugues","18":"pa_lancamento-no","19":"pa_midia-cd","20":"pa_quantidade-de-saldo-33067","21":"pa_sequencial-da-serie-32408","22":"pa_tipo-de-traducao-nao-traduzido","24":"first","25":"outofstock","26":"product-type-simple"},"acf":[],"_links":{"self":[{"href":"https:\/\/www.irdin.org.br\/site\/wp-json\/wp\/v2\/product\/82740","targetHints":{"allow":["GET"]}}],"collection":[{"href":"https:\/\/www.irdin.org.br\/site\/wp-json\/wp\/v2\/product"}],"about":[{"href":"https:\/\/www.irdin.org.br\/site\/wp-json\/wp\/v2\/types\/product"}],"version-history":[{"count":1,"href":"https:\/\/www.irdin.org.br\/site\/wp-json\/wp\/v2\/product\/82740\/revisions"}],"predecessor-version":[{"id":107705,"href":"https:\/\/www.irdin.org.br\/site\/wp-json\/wp\/v2\/product\/82740\/revisions\/107705"}],"wp:featuredmedia":[{"embeddable":true,"href":"https:\/\/www.irdin.org.br\/site\/wp-json\/wp\/v2\/media\/37479"}],"wp:attachment":[{"href":"https:\/\/www.irdin.org.br\/site\/wp-json\/wp\/v2\/media?parent=82740"}],"wp:term":[{"taxonomy":"product_brand","embeddable":true,"href":"https:\/\/www.irdin.org.br\/site\/wp-json\/wp\/v2\/product_brand?post=82740"},{"taxonomy":"product_cat","embeddable":true,"href":"https:\/\/www.irdin.org.br\/site\/wp-json\/wp\/v2\/product_cat?post=82740"},{"taxonomy":"product_tag","embeddable":true,"href":"https:\/\/www.irdin.org.br\/site\/wp-json\/wp\/v2\/product_tag?post=82740"}],"curies":[{"name":"wp","href":"https:\/\/api.w.org\/{rel}","templated":true}]}}