{"id":82790,"date":"2018-04-26T18:10:52","date_gmt":"2018-04-26T18:10:52","guid":{"rendered":"http:\/\/www.irdin.org.br\/site\/produto\/46o-encontro-geral-de-figueira\/"},"modified":"2026-04-04T10:30:07","modified_gmt":"2026-04-04T13:30:07","slug":"46o-encontro-geral-de-figueira","status":"publish","type":"product","link":"https:\/\/www.irdin.org.br\/site\/produtos\/46o-encontro-geral-de-figueira\/","title":{"rendered":"46\u00ba Encontro Geral de Figueira"},"content":{"rendered":"<p>46\u00ba Encontro Geral de Figueira. Realizado de 10 a 13 de mar\u00e7o de 2011, com a participa\u00e7\u00e3o de Trigueirinho, Artur, Shimani, Irm\u00e3o Elias e Irm\u00e3 Const\u00e2ncia.<\/p>\n<p><strong>Faixas:<\/strong><\/p>\n<p><span data-href=\"https:\/\/www.irdin.org.br\/site\/envios\/audios\/2813_0001__por_por__servico_e_redencao_nos_tempos_de_hoje.mp3\" data-title=\"1 - servi\u00e7o e reden\u00e7\u00e3o nos tempos de hoje\" data-rel=\"\" data-target=\"\" data-meta=\"#fap-meta-69f550af73067\" class=\"fap-single-track fap-track-button fap-play-button\" data-enqueue=\"no\" data-autoenqueue=\"no\" title=\"1 - servi\u00e7o e reden\u00e7\u00e3o nos tempos de hoje\"><span class=\"fap-icon-play\"><\/span>Ouvir<\/span> <a class=\"baixar\" href=\"https:\/\/www.irdin.org.br\/site\/envios\/audios\/2813_0001__por_por__servico_e_redencao_nos_tempos_de_hoje.mp3\" download=\"\">Baixar<\/a> <span class=\"textobaixar\"> 1 &#8211; servi\u00e7o e reden\u00e7\u00e3o nos tempos de hoje<\/span><br \/>\n<span data-href=\"https:\/\/www.irdin.org.br\/site\/envios\/audios\/2814_0001__spa_spa__crop_circles_y_contemplacion.mp3\" data-title=\"2 - crop circles y contemplaci\u00f3n\" data-rel=\"\" data-target=\"\" data-meta=\"#fap-meta-69f550af73144\" class=\"fap-single-track fap-track-button fap-play-button\" data-enqueue=\"no\" data-autoenqueue=\"no\" title=\"2 - crop circles y contemplaci\u00f3n\"><span class=\"fap-icon-play\"><\/span>Ouvir<\/span> <a class=\"baixar\" href=\"https:\/\/www.irdin.org.br\/site\/envios\/audios\/2814_0001__spa_spa__crop_circles_y_contemplacion.mp3\" download=\"\">Baixar<\/a> <span class=\"textobaixar\"> 2 &#8211; crop circles y contemplaci\u00f3n<\/span><br \/>\n<span data-href=\"https:\/\/www.irdin.org.br\/site\/envios\/audios\/2101_0048__spa_spa__cura_cosmica_y_curapiritual.mp3\" data-title=\"3 - cura c\u00f3smica y cura espiritual\" data-rel=\"\" data-target=\"\" data-meta=\"#fap-meta-69f550af731e9\" class=\"fap-single-track fap-track-button fap-play-button\" data-enqueue=\"no\" data-autoenqueue=\"no\" title=\"3 - cura c\u00f3smica y cura espiritual\"><span class=\"fap-icon-play\"><\/span>Ouvir<\/span> <a class=\"baixar\" href=\"https:\/\/www.irdin.org.br\/site\/envios\/audios\/2101_0048__spa_spa__cura_cosmica_y_curapiritual.mp3\" download=\"\">Baixar<\/a> <span class=\"textobaixar\"> 3 &#8211; cura c\u00f3smica y cura espiritual<\/span><br \/>\n<span data-href=\"https:\/\/www.irdin.org.br\/site\/envios\/audios\/0206_0008__por_por__tornar_se_consciente_de_mirna_jad.mp3\" data-title=\"4 - tornar-se consciente de mirna jad\" data-rel=\"\" data-target=\"\" data-meta=\"#fap-meta-69f550af7328a\" class=\"fap-single-track fap-track-button fap-play-button\" data-enqueue=\"no\" data-autoenqueue=\"no\" title=\"4 - tornar-se consciente de mirna jad\"><span class=\"fap-icon-play\"><\/span>Ouvir<\/span> <a class=\"baixar\" href=\"https:\/\/www.irdin.org.br\/site\/envios\/audios\/0206_0008__por_por__tornar_se_consciente_de_mirna_jad.mp3\" download=\"\">Baixar<\/a> <span class=\"textobaixar\"> 4 &#8211; tornar-se consciente de mirna jad<\/span><br \/>\n<span data-href=\"https:\/\/www.irdin.org.br\/site\/envios\/audios\/0047_0011__por_por__amuna_khur_khuthullim_consciencia_cristica_e_amor_universal.mp3\" data-title=\"5 - amuna khur, khuthullim, consci\u00eancia cr\u00edstica e amor universal\" data-rel=\"\" data-target=\"\" data-meta=\"#fap-meta-69f550af733ea\" class=\"fap-single-track fap-track-button fap-play-button\" data-enqueue=\"no\" data-autoenqueue=\"no\" title=\"5 - amuna khur, khuthullim, consci\u00eancia cr\u00edstica e amor universal\"><span class=\"fap-icon-play\"><\/span>Ouvir<\/span> <a class=\"baixar\" href=\"https:\/\/www.irdin.org.br\/site\/envios\/audios\/0047_0011__por_por__amuna_khur_khuthullim_consciencia_cristica_e_amor_universal.mp3\" download=\"\">Baixar<\/a> <span class=\"textobaixar\"> 5 &#8211; amuna khur, khuthullim, consci\u00eancia cr\u00edstica e amor universal<\/span><\/p>\n<p>&nbsp;<\/p>\n","protected":false},"excerpt":{"rendered":"<p>46\u00ba Encontro Geral de Figueira. Realizado de 10 a 13 de mar\u00e7o de 2011, com a participa\u00e7\u00e3o de Trigueirinho, Artur,<\/p>\n","protected":false},"featured_media":7971,"template":"","meta":{"_acf_changed":false},"product_brand":[],"product_cat":[18076,33068],"product_tag":[38965],"class_list":{"0":"post-82790","1":"product","2":"type-product","3":"status-publish","4":"has-post-thumbnail","6":"product_cat-cddvd","7":"product_cat-palestras","8":"product_tag-38965","9":"pa_autor-irma-constancia","10":"pa_autor-trigueirinho","11":"pa_codigo-da-serie-23922","12":"pa_data-de-gravacao-23975","13":"pa_idioma-de-destino-portugues","14":"pa_lancamento-no","15":"pa_midia-cd","16":"pa_moac-38964","17":"pa_quantidade-de-saldo-33067","18":"pa_sequencial-da-serie-31892","19":"pa_tipo-de-traducao-nao-classificado","21":"first","22":"outofstock","23":"product-type-simple"},"acf":[],"_links":{"self":[{"href":"https:\/\/www.irdin.org.br\/site\/wp-json\/wp\/v2\/product\/82790","targetHints":{"allow":["GET"]}}],"collection":[{"href":"https:\/\/www.irdin.org.br\/site\/wp-json\/wp\/v2\/product"}],"about":[{"href":"https:\/\/www.irdin.org.br\/site\/wp-json\/wp\/v2\/types\/product"}],"version-history":[{"count":1,"href":"https:\/\/www.irdin.org.br\/site\/wp-json\/wp\/v2\/product\/82790\/revisions"}],"predecessor-version":[{"id":110745,"href":"https:\/\/www.irdin.org.br\/site\/wp-json\/wp\/v2\/product\/82790\/revisions\/110745"}],"wp:featuredmedia":[{"embeddable":true,"href":"https:\/\/www.irdin.org.br\/site\/wp-json\/wp\/v2\/media\/7971"}],"wp:attachment":[{"href":"https:\/\/www.irdin.org.br\/site\/wp-json\/wp\/v2\/media?parent=82790"}],"wp:term":[{"taxonomy":"product_brand","embeddable":true,"href":"https:\/\/www.irdin.org.br\/site\/wp-json\/wp\/v2\/product_brand?post=82790"},{"taxonomy":"product_cat","embeddable":true,"href":"https:\/\/www.irdin.org.br\/site\/wp-json\/wp\/v2\/product_cat?post=82790"},{"taxonomy":"product_tag","embeddable":true,"href":"https:\/\/www.irdin.org.br\/site\/wp-json\/wp\/v2\/product_tag?post=82790"}],"curies":[{"name":"wp","href":"https:\/\/api.w.org\/{rel}","templated":true}]}}

46º Encontro Geral de Figueira

<p>46º Encontro Geral de Figueira. Realizado de 10 a 13 de março de 2011, com a participação de Trigueirinho, Artur, Shimani, Irmão Elias e Irmã Constância.</p>
<p><strong>Faixas:</strong></p>
<p><span data-href="https://www.irdin.org.br/site/envios/audios/2813_0001__por_por__servico_e_redencao_nos_tempos_de_hoje.mp3" data-title="1 - serviço e redenção nos tempos de hoje" data-rel="" data-target="" data-meta="#fap-meta-69f550af73067" class="fap-single-track fap-track-button fap-play-button" data-enqueue="no" data-autoenqueue="no" title="1 - serviço e redenção nos tempos de hoje"><span class="fap-icon-play"></span>Ouvir</span> <a class="baixar" href="https://www.irdin.org.br/site/envios/audios/2813_0001__por_por__servico_e_redencao_nos_tempos_de_hoje.mp3" download="">Baixar</a> <span class="textobaixar"> 1 &#8211; serviço e redenção nos tempos de hoje</span><br />
<span data-href="https://www.irdin.org.br/site/envios/audios/2814_0001__spa_spa__crop_circles_y_contemplacion.mp3" data-title="2 - crop circles y contemplación" data-rel="" data-target="" data-meta="#fap-meta-69f550af73144" class="fap-single-track fap-track-button fap-play-button" data-enqueue="no" data-autoenqueue="no" title="2 - crop circles y contemplación"><span class="fap-icon-play"></span>Ouvir</span> <a class="baixar" href="https://www.irdin.org.br/site/envios/audios/2814_0001__spa_spa__crop_circles_y_contemplacion.mp3" download="">Baixar</a> <span class="textobaixar"> 2 &#8211; crop circles y contemplación</span><br />
<span data-href="https://www.irdin.org.br/site/envios/audios/2101_0048__spa_spa__cura_cosmica_y_curapiritual.mp3" data-title="3 - cura cósmica y cura espiritual" data-rel="" data-target="" data-meta="#fap-meta-69f550af731e9" class="fap-single-track fap-track-button fap-play-button" data-enqueue="no" data-autoenqueue="no" title="3 - cura cósmica y cura espiritual"><span class="fap-icon-play"></span>Ouvir</span> <a class="baixar" href="https://www.irdin.org.br/site/envios/audios/2101_0048__spa_spa__cura_cosmica_y_curapiritual.mp3" download="">Baixar</a> <span class="textobaixar"> 3 &#8211; cura cósmica y cura espiritual</span><br />
<span data-href="https://www.irdin.org.br/site/envios/audios/0206_0008__por_por__tornar_se_consciente_de_mirna_jad.mp3" data-title="4 - tornar-se consciente de mirna jad" data-rel="" data-target="" data-meta="#fap-meta-69f550af7328a" class="fap-single-track fap-track-button fap-play-button" data-enqueue="no" data-autoenqueue="no" title="4 - tornar-se consciente de mirna jad"><span class="fap-icon-play"></span>Ouvir</span> <a class="baixar" href="https://www.irdin.org.br/site/envios/audios/0206_0008__por_por__tornar_se_consciente_de_mirna_jad.mp3" download="">Baixar</a> <span class="textobaixar"> 4 &#8211; tornar-se consciente de mirna jad</span><br />
<span data-href="https://www.irdin.org.br/site/envios/audios/0047_0011__por_por__amuna_khur_khuthullim_consciencia_cristica_e_amor_universal.mp3" data-title="5 - amuna khur, khuthullim, consciência crística e amor universal" data-rel="" data-target="" data-meta="#fap-meta-69f550af733ea" class="fap-single-track fap-track-button fap-play-button" data-enqueue="no" data-autoenqueue="no" title="5 - amuna khur, khuthullim, consciência crística e amor universal"><span class="fap-icon-play"></span>Ouvir</span> <a class="baixar" href="https://www.irdin.org.br/site/envios/audios/0047_0011__por_por__amuna_khur_khuthullim_consciencia_cristica_e_amor_universal.mp3" download="">Baixar</a> <span class="textobaixar"> 5 &#8211; amuna khur, khuthullim, consciência crística e amor universal</span></p>
<p>&nbsp;</p>

<p>46º Encontro Geral de Figueira. Realizado de 10 a 13 de março de 2011, com a participação de Trigueirinho, Artur,</p>
