{"id":82793,"date":"2018-04-26T18:10:52","date_gmt":"2018-04-26T18:10:52","guid":{"rendered":"http:\/\/www.irdin.org.br\/site\/produto\/5o-encontro-de-oracao-no-centro-aurora\/"},"modified":"2022-01-28T21:53:20","modified_gmt":"2022-01-28T21:53:20","slug":"5o-encontro-de-oracao-no-centro-aurora","status":"publish","type":"product","link":"https:\/\/www.irdin.org.br\/site\/produtos\/5o-encontro-de-oracao-no-centro-aurora\/","title":{"rendered":"5\u00ba Encontro de Ora\u00e7\u00e3o no Centro Aurora"},"content":{"rendered":"<p>Impulsos sobre a pr\u00e1tica da ora\u00e7\u00e3o, dados durante a Celebra\u00e7\u00e3o dos cinco anos de Apari\u00e7\u00f5es da M\u00e3e Divina, em agosto de 2012 no Centro Aurora.Faixa 2 &#8211; Considera\u00e7\u00f5es durante o 5\u00ba Encontro de Ora\u00e7\u00e3o em Aurora \/ O despertar do nosso interesse pela Vida SuperiorFaixa 3 &#8211; Aspectos do trabalho interno de um Monast\u00e9rio \/ Que significa ser um Cidad\u00e3o-Luz? \/ Sementes de futuras etapas da Terra<\/p>\n<p>&nbsp;<br \/>\n<strong>Faixas:<\/strong><\/p>\n<p><span data-href=\"https:\/\/www.irdin.org.br\/site\/envios\/audios\/0041_0024__por_por__novos_avisos_sobre_oracao.mp3\" data-title=\"1 - novos avisos sobre ora\u00e7\u00e3o\" data-rel=\"\" data-target=\"\" data-meta=\"#fap-meta-6a04ade0cdb3a\" class=\"fap-single-track fap-track-button fap-play-button\" data-enqueue=\"no\" data-autoenqueue=\"no\" title=\"1 - novos avisos sobre ora\u00e7\u00e3o\"><span class=\"fap-icon-play\"><\/span>Ouvir<\/span> <a href=\"https:\/\/www.irdin.org.br\/site\/envios\/audios\/0041_0024__por_por__novos_avisos_sobre_oracao.mp3\" class=\"baixar\"><span class=\"fa fa-arrow-down\"><\/span>Baixar<\/span><\/a> <span class=\"textobaixar\"> 1 &#8211; novos avisos sobre ora\u00e7\u00e3o<\/span><br \/>\n<span data-href=\"https:\/\/www.irdin.org.br\/site\/envios\/audios\/0041_0025__por_por__reflexoes_em_agosto.mp3\" data-title=\"2 - reflex\u00f5es em agosto\" data-rel=\"\" data-target=\"\" data-meta=\"#fap-meta-6a04ade0cdbda\" class=\"fap-single-track fap-track-button fap-play-button\" data-enqueue=\"no\" data-autoenqueue=\"no\" title=\"2 - reflex\u00f5es em agosto\"><span class=\"fap-icon-play\"><\/span>Ouvir<\/span> <a href=\"https:\/\/www.irdin.org.br\/site\/envios\/audios\/0041_0025__por_por__reflexoes_em_agosto.mp3\" class=\"baixar\"><span class=\"fa fa-arrow-down\"><\/span>Baixar<\/span><\/a> <span class=\"textobaixar\"> 2 &#8211; reflex\u00f5es em agosto<\/span><br \/>\n<span data-href=\"https:\/\/www.irdin.org.br\/site\/envios\/audios\/0041_0026__por_por__novos_avisos_sobre_monasterios_e_comunidadesluz.mp3\" data-title=\"3 - novos avisos sobre monast\u00e9rios e comunidades - luz\" data-rel=\"\" data-target=\"\" data-meta=\"#fap-meta-6a04ade0cdc4f\" class=\"fap-single-track fap-track-button fap-play-button\" data-enqueue=\"no\" data-autoenqueue=\"no\" title=\"3 - novos avisos sobre monast\u00e9rios e comunidades - luz\"><span class=\"fap-icon-play\"><\/span>Ouvir<\/span> <a href=\"https:\/\/www.irdin.org.br\/site\/envios\/audios\/0041_0026__por_por__novos_avisos_sobre_monasterios_e_comunidadesluz.mp3\" class=\"baixar\"><span class=\"fa fa-arrow-down\"><\/span>Baixar<\/span><\/a> <span class=\"textobaixar\"> 3 &#8211; novos avisos sobre monast\u00e9rios e comunidades &#8211; luz<\/span><\/p>\n<p>&nbsp;<\/p>\n","protected":false},"excerpt":{"rendered":"<p>Impulsos sobre a pr\u00e1tica da ora\u00e7\u00e3o, dados durante a Celebra\u00e7\u00e3o dos cinco anos de Apari\u00e7\u00f5es da M\u00e3e Divina, em agosto<\/p>\n","protected":false},"featured_media":73022,"template":"","meta":{"_acf_changed":false},"product_brand":[],"product_cat":[18076,33068],"product_tag":[38971],"class_list":{"0":"post-82793","1":"product","2":"type-product","3":"status-publish","4":"has-post-thumbnail","6":"product_cat-cddvd","7":"product_cat-palestras","8":"product_tag-38971","9":"pa_autor-trigueirinho","10":"pa_codigo-da-serie-23922","11":"pa_data-de-gravacao-24007","12":"pa_idioma-de-destino-portugues","13":"pa_lancamento-no","14":"pa_midia-cd","15":"pa_moac-38970","16":"pa_quantidade-de-saldo-33067","17":"pa_sequencial-da-serie-31873","18":"pa_tipo-de-traducao-nao-classificado","20":"first","21":"outofstock","22":"product-type-simple"},"acf":[],"_links":{"self":[{"href":"https:\/\/www.irdin.org.br\/site\/wp-json\/wp\/v2\/product\/82793","targetHints":{"allow":["GET"]}}],"collection":[{"href":"https:\/\/www.irdin.org.br\/site\/wp-json\/wp\/v2\/product"}],"about":[{"href":"https:\/\/www.irdin.org.br\/site\/wp-json\/wp\/v2\/types\/product"}],"version-history":[{"count":0,"href":"https:\/\/www.irdin.org.br\/site\/wp-json\/wp\/v2\/product\/82793\/revisions"}],"wp:featuredmedia":[{"embeddable":true,"href":"https:\/\/www.irdin.org.br\/site\/wp-json\/wp\/v2\/media\/73022"}],"wp:attachment":[{"href":"https:\/\/www.irdin.org.br\/site\/wp-json\/wp\/v2\/media?parent=82793"}],"wp:term":[{"taxonomy":"product_brand","embeddable":true,"href":"https:\/\/www.irdin.org.br\/site\/wp-json\/wp\/v2\/product_brand?post=82793"},{"taxonomy":"product_cat","embeddable":true,"href":"https:\/\/www.irdin.org.br\/site\/wp-json\/wp\/v2\/product_cat?post=82793"},{"taxonomy":"product_tag","embeddable":true,"href":"https:\/\/www.irdin.org.br\/site\/wp-json\/wp\/v2\/product_tag?post=82793"}],"curies":[{"name":"wp","href":"https:\/\/api.w.org\/{rel}","templated":true}]}}