{"id":82797,"date":"2018-04-26T18:10:52","date_gmt":"2018-04-26T18:10:52","guid":{"rendered":"http:\/\/www.irdin.org.br\/site\/produto\/a-meditacao\/"},"modified":"2025-03-15T23:52:38","modified_gmt":"2025-03-15T23:52:38","slug":"a-meditacao","status":"publish","type":"product","link":"https:\/\/www.irdin.org.br\/site\/produtos\/a-meditacao\/","title":{"rendered":"A Medita\u00e7\u00e3o"},"content":{"rendered":"<p>&nbsp;<br \/>\n<strong>Faixas:<\/strong><\/p>\n<p><span data-href=\"https:\/\/www.irdin.org.br\/site\/envios\/audios\/0003_0001__por_por__a_meditacao_1.mp3\" data-title=\"1 - a medita\u00e7\u00e3o - 1\" data-rel=\"\" data-target=\"\" data-meta=\"#fap-meta-6a037de251992\" class=\"fap-single-track fap-track-button fap-play-button\" data-enqueue=\"no\" data-autoenqueue=\"no\" title=\"1 - a medita\u00e7\u00e3o - 1\"><span class=\"fap-icon-play\"><\/span>Ouvir<\/span> <a href=\"https:\/\/www.irdin.org.br\/site\/envios\/audios\/0003_0001__por_por__a_meditacao_1.mp3\" class=\"baixar\" download><span class=\"fa fa-arrow-down\"><\/span>Baixar<\/span><\/a> <span class=\"textobaixar\"> 1 &#8211; a medita\u00e7\u00e3o &#8211; 1<\/span><br \/>\n<span data-href=\"https:\/\/www.irdin.org.br\/site\/envios\/audios\/0003_0002__por_por__a_meditacao_2.mp3\" data-title=\"2 - a medita\u00e7\u00e3o - 2\" data-rel=\"\" data-target=\"\" data-meta=\"#fap-meta-6a037de251a26\" class=\"fap-single-track fap-track-button fap-play-button\" data-enqueue=\"no\" data-autoenqueue=\"no\" title=\"2 - a medita\u00e7\u00e3o - 2\"><span class=\"fap-icon-play\"><\/span>Ouvir<\/span> <a href=\"https:\/\/www.irdin.org.br\/site\/envios\/audios\/0003_0002__por_por__a_meditacao_2.mp3\" class=\"baixar\" download><span class=\"fa fa-arrow-down\"><\/span>Baixar<\/span><\/a> <span class=\"textobaixar\"> 2 &#8211; a medita\u00e7\u00e3o &#8211; 2<\/span><br \/>\n<span data-href=\"https:\/\/www.irdin.org.br\/site\/envios\/audios\/0003_0003__por_por__a_meditacao_3.mp3\" data-title=\"3 - a medita\u00e7\u00e3o - 3\" data-rel=\"\" data-target=\"\" data-meta=\"#fap-meta-6a037de251a7b\" class=\"fap-single-track fap-track-button fap-play-button\" data-enqueue=\"no\" data-autoenqueue=\"no\" title=\"3 - a medita\u00e7\u00e3o - 3\"><span class=\"fap-icon-play\"><\/span>Ouvir<\/span> <a href=\"https:\/\/www.irdin.org.br\/site\/envios\/audios\/0003_0003__por_por__a_meditacao_3.mp3\" class=\"baixar\" download><span class=\"fa fa-arrow-down\"><\/span>Baixar<\/span><\/a> <span class=\"textobaixar\"> 3 &#8211; a medita\u00e7\u00e3o &#8211; 3<\/span><br \/>\n<span data-href=\"https:\/\/www.irdin.org.br\/site\/envios\/audios\/0003_0004__por_por__a_meditacao_4.mp3\" data-title=\"4 - a medita\u00e7\u00e3o - 4\" data-rel=\"\" data-target=\"\" data-meta=\"#fap-meta-6a037de251ae8\" class=\"fap-single-track fap-track-button fap-play-button\" data-enqueue=\"no\" data-autoenqueue=\"no\" title=\"4 - a medita\u00e7\u00e3o - 4\"><span class=\"fap-icon-play\"><\/span>Ouvir<\/span> <a href=\"https:\/\/www.irdin.org.br\/site\/envios\/audios\/0003_0004__por_por__a_meditacao_4.mp3\" class=\"baixar\" download><span class=\"fa fa-arrow-down\"><\/span>Baixar<\/span><\/a> <span class=\"textobaixar\"> 4 &#8211; a medita\u00e7\u00e3o &#8211; 4<\/span><br \/>\n<span data-href=\"https:\/\/www.irdin.org.br\/site\/envios\/audios\/0003_0005__por_por__a_meditacao_5.mp3\" data-title=\"5 - a medita\u00e7\u00e3o - 5\" data-rel=\"\" data-target=\"\" data-meta=\"#fap-meta-6a037de251b7a\" class=\"fap-single-track fap-track-button fap-play-button\" data-enqueue=\"no\" data-autoenqueue=\"no\" title=\"5 - a medita\u00e7\u00e3o - 5\"><span class=\"fap-icon-play\"><\/span>Ouvir<\/span> <a href=\"https:\/\/www.irdin.org.br\/site\/envios\/audios\/0003_0005__por_por__a_meditacao_5.mp3\" class=\"baixar\" download><span class=\"fa fa-arrow-down\"><\/span>Baixar<\/span><\/a> <span class=\"textobaixar\"> 5 &#8211; a medita\u00e7\u00e3o &#8211; 5<\/span><\/p>\n<p>&nbsp;<\/p>\n","protected":false},"excerpt":{"rendered":"<p>&nbsp; Faixas: Baixar 1 &#8211; a medita\u00e7\u00e3o &#8211; 1 Baixar 2 &#8211; a medita\u00e7\u00e3o &#8211; 2 Baixar 3 &#8211; a<\/p>\n","protected":false},"featured_media":8014,"template":"","meta":{"_acf_changed":false},"product_brand":[],"product_cat":[18076,33068],"product_tag":[38979],"class_list":{"0":"post-82797","1":"product","2":"type-product","3":"status-publish","4":"has-post-thumbnail","6":"product_cat-cddvd","7":"product_cat-palestras","8":"product_tag-38979","9":"pa_autor-trigueirinho","10":"pa_codigo-da-serie-24024","11":"pa_data-de-gravacao-18118","12":"pa_idioma-de-destino-portugues","13":"pa_lancamento-no","14":"pa_midia-cd","15":"pa_moac-38978","16":"pa_quantidade-de-saldo-33067","17":"pa_sequencial-da-serie-31897","18":"pa_tipo-de-traducao-nao-classificado","20":"first","21":"outofstock","22":"product-type-simple"},"acf":[],"_links":{"self":[{"href":"https:\/\/www.irdin.org.br\/site\/wp-json\/wp\/v2\/product\/82797","targetHints":{"allow":["GET"]}}],"collection":[{"href":"https:\/\/www.irdin.org.br\/site\/wp-json\/wp\/v2\/product"}],"about":[{"href":"https:\/\/www.irdin.org.br\/site\/wp-json\/wp\/v2\/types\/product"}],"version-history":[{"count":1,"href":"https:\/\/www.irdin.org.br\/site\/wp-json\/wp\/v2\/product\/82797\/revisions"}],"predecessor-version":[{"id":109214,"href":"https:\/\/www.irdin.org.br\/site\/wp-json\/wp\/v2\/product\/82797\/revisions\/109214"}],"wp:featuredmedia":[{"embeddable":true,"href":"https:\/\/www.irdin.org.br\/site\/wp-json\/wp\/v2\/media\/8014"}],"wp:attachment":[{"href":"https:\/\/www.irdin.org.br\/site\/wp-json\/wp\/v2\/media?parent=82797"}],"wp:term":[{"taxonomy":"product_brand","embeddable":true,"href":"https:\/\/www.irdin.org.br\/site\/wp-json\/wp\/v2\/product_brand?post=82797"},{"taxonomy":"product_cat","embeddable":true,"href":"https:\/\/www.irdin.org.br\/site\/wp-json\/wp\/v2\/product_cat?post=82797"},{"taxonomy":"product_tag","embeddable":true,"href":"https:\/\/www.irdin.org.br\/site\/wp-json\/wp\/v2\/product_tag?post=82797"}],"curies":[{"name":"wp","href":"https:\/\/api.w.org\/{rel}","templated":true}]}}