{"id":82801,"date":"2018-04-26T18:11:08","date_gmt":"2018-04-26T18:11:08","guid":{"rendered":"http:\/\/www.irdin.org.br\/site\/produto\/a-trajetoria-do-fogo-uma-introducao-a-leis-eternas\/"},"modified":"2025-03-15T23:49:20","modified_gmt":"2025-03-15T23:49:20","slug":"a-trajetoria-do-fogo-uma-introducao-a-leis-eternas","status":"publish","type":"product","link":"https:\/\/www.irdin.org.br\/site\/produtos\/a-trajetoria-do-fogo-uma-introducao-a-leis-eternas\/","title":{"rendered":"A Trajet\u00f3ria do Fogo &#8211; Uma introdu\u00e7\u00e3o a Leis Eternas"},"content":{"rendered":"<p>O livro A Trajet\u00f3ria do Fogo\u00b4 coliga-nos com leis de \u00e2mbitos amplos, para que a semente do futuro existente em n\u00f3s n\u00e3o dependa s\u00f3 da atmosfera ps\u00edquica e espiritual terrestre. Quanto mais conscientes os grupos espirituais forem da pr\u00f3pria estrutura interna, mais evolu\u00eddo ser\u00e1 o seu servi\u00e7o ao mundo.<\/p>\n<p>&nbsp;<br \/>\n<strong>Faixas:<\/strong><\/p>\n<p><span data-href=\"https:\/\/www.irdin.org.br\/site\/envios\/audios\/2897_0001__por_por__a_trajetoria_do_fogo_1.mp3\" data-title=\"1 - a trajet\u00f3ria do fogo - 1\" data-rel=\"\" data-target=\"\" data-meta=\"#fap-meta-6a03ca94d543b\" class=\"fap-single-track fap-track-button fap-play-button\" data-enqueue=\"no\" data-autoenqueue=\"no\" title=\"1 - a trajet\u00f3ria do fogo - 1\"><span class=\"fap-icon-play\"><\/span>Ouvir<\/span> <a href=\"https:\/\/www.irdin.org.br\/site\/envios\/audios\/2897_0001__por_por__a_trajetoria_do_fogo_1.mp3\" class=\"baixar\" download><span class=\"fa fa-arrow-down\"><\/span>Baixar<\/span><\/a> <span class=\"textobaixar\"> 1 &#8211; a trajet\u00f3ria do fogo &#8211; 1<\/span><br \/>\n<span data-href=\"https:\/\/www.irdin.org.br\/site\/envios\/audios\/2897_0002__por_por__a_trajetoria_do_fogo_2.mp3\" data-title=\"2 - a trajet\u00f3ria do fogo - 2\" data-rel=\"\" data-target=\"\" data-meta=\"#fap-meta-6a03ca94d54b8\" class=\"fap-single-track fap-track-button fap-play-button\" data-enqueue=\"no\" data-autoenqueue=\"no\" title=\"2 - a trajet\u00f3ria do fogo - 2\"><span class=\"fap-icon-play\"><\/span>Ouvir<\/span> <a href=\"https:\/\/www.irdin.org.br\/site\/envios\/audios\/2897_0002__por_por__a_trajetoria_do_fogo_2.mp3\" class=\"baixar\" download><span class=\"fa fa-arrow-down\"><\/span>Baixar<\/span><\/a> <span class=\"textobaixar\"> 2 &#8211; a trajet\u00f3ria do fogo &#8211; 2<\/span><\/p>\n<p>&nbsp;<\/p>\n","protected":false},"excerpt":{"rendered":"<p>O livro A Trajet\u00f3ria do Fogo\u00b4 coliga-nos com leis de \u00e2mbitos amplos, para que a semente do futuro existente em<\/p>\n","protected":false},"featured_media":8063,"template":"","meta":{"_acf_changed":false},"product_brand":[],"product_cat":[18076,33068],"product_tag":[38985],"class_list":{"0":"post-82801","1":"product","2":"type-product","3":"status-publish","4":"has-post-thumbnail","6":"product_cat-cddvd","7":"product_cat-palestras","8":"product_tag-38985","9":"pa_autor-trigueirinho","10":"pa_codigo-da-serie-24024","11":"pa_data-de-gravacao-21170","12":"pa_idioma-de-destino-portugues","13":"pa_lancamento-no","14":"pa_midia-cd","15":"pa_moac-38984","16":"pa_quantidade-de-saldo-33067","17":"pa_sequencial-da-serie-31921","18":"pa_tipo-de-traducao-nao-classificado","20":"first","21":"outofstock","22":"product-type-simple"},"acf":[],"_links":{"self":[{"href":"https:\/\/www.irdin.org.br\/site\/wp-json\/wp\/v2\/product\/82801","targetHints":{"allow":["GET"]}}],"collection":[{"href":"https:\/\/www.irdin.org.br\/site\/wp-json\/wp\/v2\/product"}],"about":[{"href":"https:\/\/www.irdin.org.br\/site\/wp-json\/wp\/v2\/types\/product"}],"version-history":[{"count":1,"href":"https:\/\/www.irdin.org.br\/site\/wp-json\/wp\/v2\/product\/82801\/revisions"}],"predecessor-version":[{"id":109203,"href":"https:\/\/www.irdin.org.br\/site\/wp-json\/wp\/v2\/product\/82801\/revisions\/109203"}],"wp:featuredmedia":[{"embeddable":true,"href":"https:\/\/www.irdin.org.br\/site\/wp-json\/wp\/v2\/media\/8063"}],"wp:attachment":[{"href":"https:\/\/www.irdin.org.br\/site\/wp-json\/wp\/v2\/media?parent=82801"}],"wp:term":[{"taxonomy":"product_brand","embeddable":true,"href":"https:\/\/www.irdin.org.br\/site\/wp-json\/wp\/v2\/product_brand?post=82801"},{"taxonomy":"product_cat","embeddable":true,"href":"https:\/\/www.irdin.org.br\/site\/wp-json\/wp\/v2\/product_cat?post=82801"},{"taxonomy":"product_tag","embeddable":true,"href":"https:\/\/www.irdin.org.br\/site\/wp-json\/wp\/v2\/product_tag?post=82801"}],"curies":[{"name":"wp","href":"https:\/\/api.w.org\/{rel}","templated":true}]}}