{"id":82805,"date":"2018-04-26T18:11:08","date_gmt":"2018-04-26T18:11:08","guid":{"rendered":"http:\/\/www.irdin.org.br\/site\/produto\/as-profecias\/"},"modified":"2022-01-28T23:42:49","modified_gmt":"2022-01-28T23:42:49","slug":"as-profecias","status":"publish","type":"product","link":"https:\/\/www.irdin.org.br\/site\/produtos\/as-profecias\/","title":{"rendered":"As Profecias"},"content":{"rendered":"<p>\u00c9 fun\u00e7\u00e3o das verdadeiras profecias despertar a humanidade para o prop\u00f3sito da evolu\u00e7\u00e3o e para as leis que regem a vida. Elas prov\u00eam de n\u00edveis supramentais e expressam-se por s\u00edmbolos. Ao desvelarem o futuro, impulsionam mudan\u00e7as de comportamento e harmonia com ritmos universais. Feitas as mudan\u00e7as e restabelecida a harmonia, o que foi profetizado j\u00e1 n\u00e3o precisa cumprir-se. Nestas palestras, Trigueirinho nos apresenta profetas antigos e modernos, eleva-nos a um tempo n\u00e3o cronol\u00f3gico e convida-nos a profunda tomada de decis\u00e3o na presente \u00e9poca.<\/p>\n<p>&nbsp;<br \/>\n<strong>Faixas:<\/strong><\/p>\n<p><span data-href=\"https:\/\/www.irdin.org.br\/site\/envios\/audios\/0058_0001__por_por__as_profecias_01.mp3\" data-title=\"1 - as profecias - 1\" data-rel=\"\" data-target=\"\" data-meta=\"#fap-meta-69f9fae8064f4\" class=\"fap-single-track fap-track-button fap-play-button\" data-enqueue=\"no\" data-autoenqueue=\"no\" title=\"1 - as profecias - 1\"><span class=\"fap-icon-play\"><\/span>Ouvir<\/span> <a href=\"https:\/\/www.irdin.org.br\/site\/envios\/audios\/0058_0001__por_por__as_profecias_01.mp3\" class=\"baixar\" download><span class=\"fa fa-arrow-down\"><\/span>Baixar<\/span><\/a> <span class=\"textobaixar\"> 1 &#8211; as profecias &#8211; 1<\/span><br \/>\n<span data-href=\"https:\/\/www.irdin.org.br\/site\/envios\/audios\/0058_0002__por_por__as_profecias_02.mp3\" data-title=\"2 - as profecias - 2\" data-rel=\"\" data-target=\"\" data-meta=\"#fap-meta-69f9fae8065db\" class=\"fap-single-track fap-track-button fap-play-button\" data-enqueue=\"no\" data-autoenqueue=\"no\" title=\"2 - as profecias - 2\"><span class=\"fap-icon-play\"><\/span>Ouvir<\/span> <a href=\"https:\/\/www.irdin.org.br\/site\/envios\/audios\/0058_0002__por_por__as_profecias_02.mp3\" class=\"baixar\" download><span class=\"fa fa-arrow-down\"><\/span>Baixar<\/span><\/a> <span class=\"textobaixar\"> 2 &#8211; as profecias &#8211; 2<\/span><br \/>\n<span data-href=\"https:\/\/www.irdin.org.br\/site\/envios\/audios\/0058_0003__por_por__as_profecias_03.mp3\" data-title=\"3 - as profecias - 3\" data-rel=\"\" data-target=\"\" data-meta=\"#fap-meta-69f9fae8066b6\" class=\"fap-single-track fap-track-button fap-play-button\" data-enqueue=\"no\" data-autoenqueue=\"no\" title=\"3 - as profecias - 3\"><span class=\"fap-icon-play\"><\/span>Ouvir<\/span> <a href=\"https:\/\/www.irdin.org.br\/site\/envios\/audios\/0058_0003__por_por__as_profecias_03.mp3\" class=\"baixar\" download><span class=\"fa fa-arrow-down\"><\/span>Baixar<\/span><\/a> <span class=\"textobaixar\"> 3 &#8211; as profecias &#8211; 3<\/span><br \/>\n<span data-href=\"https:\/\/www.irdin.org.br\/site\/envios\/audios\/0058_0004__por_por__as_profecias_04.mp3\" data-title=\"4 - as profecias - 4\" data-rel=\"\" data-target=\"\" data-meta=\"#fap-meta-69f9fae80675c\" class=\"fap-single-track fap-track-button fap-play-button\" data-enqueue=\"no\" data-autoenqueue=\"no\" title=\"4 - as profecias - 4\"><span class=\"fap-icon-play\"><\/span>Ouvir<\/span> <a href=\"https:\/\/www.irdin.org.br\/site\/envios\/audios\/0058_0004__por_por__as_profecias_04.mp3\" class=\"baixar\" download><span class=\"fa fa-arrow-down\"><\/span>Baixar<\/span><\/a> <span class=\"textobaixar\"> 4 &#8211; as profecias &#8211; 4<\/span><br \/>\n<span data-href=\"https:\/\/www.irdin.org.br\/site\/envios\/audios\/0058_0005__por_por__as_profecias_05.mp3\" data-title=\"5 - as profecias - 5\" data-rel=\"\" data-target=\"\" data-meta=\"#fap-meta-69f9fae8067f1\" class=\"fap-single-track fap-track-button fap-play-button\" data-enqueue=\"no\" data-autoenqueue=\"no\" title=\"5 - as profecias - 5\"><span class=\"fap-icon-play\"><\/span>Ouvir<\/span> <a href=\"https:\/\/www.irdin.org.br\/site\/envios\/audios\/0058_0005__por_por__as_profecias_05.mp3\" class=\"baixar\" download><span class=\"fa fa-arrow-down\"><\/span>Baixar<\/span><\/a> <span class=\"textobaixar\"> 5 &#8211; as profecias &#8211; 5<\/span><br \/>\n<span data-href=\"https:\/\/www.irdin.org.br\/site\/envios\/audios\/0058_0006__por_por__as_profecias_06_1_parte.mp3\" data-title=\"6 - as profecias - 6 - 1\u00aa parte\" data-rel=\"\" data-target=\"\" data-meta=\"#fap-meta-69f9fae806a57\" class=\"fap-single-track fap-track-button fap-play-button\" data-enqueue=\"no\" data-autoenqueue=\"no\" title=\"6 - as profecias - 6 - 1\u00aa parte\"><span class=\"fap-icon-play\"><\/span>Ouvir<\/span> <a href=\"https:\/\/www.irdin.org.br\/site\/envios\/audios\/0058_0006__por_por__as_profecias_06_1_parte.mp3\" class=\"baixar\" download><span class=\"fa fa-arrow-down\"><\/span>Baixar<\/span><\/a> <span class=\"textobaixar\"> 6 &#8211; as profecias &#8211; 6 &#8211; 1\u00aa parte<\/span><br \/>\n<span data-href=\"https:\/\/www.irdin.org.br\/site\/envios\/audios\/0058_0007__por_por__as_profecias_06_2_parte.mp3\" data-title=\"7 - as profecias - 6 - 2\u00aa parte\" data-rel=\"\" data-target=\"\" data-meta=\"#fap-meta-69f9fae806b4e\" class=\"fap-single-track fap-track-button fap-play-button\" data-enqueue=\"no\" data-autoenqueue=\"no\" title=\"7 - as profecias - 6 - 2\u00aa parte\"><span class=\"fap-icon-play\"><\/span>Ouvir<\/span> <a href=\"https:\/\/www.irdin.org.br\/site\/envios\/audios\/0058_0007__por_por__as_profecias_06_2_parte.mp3\" class=\"baixar\" download><span class=\"fa fa-arrow-down\"><\/span>Baixar<\/span><\/a> <span class=\"textobaixar\"> 7 &#8211; as profecias &#8211; 6 &#8211; 2\u00aa parte<\/span><br \/>\n<span data-href=\"https:\/\/www.irdin.org.br\/site\/envios\/audios\/0058_0008__por_por__as_profecias_07.mp3\" data-title=\"8 - as profecias - 7\" data-rel=\"\" data-target=\"\" data-meta=\"#fap-meta-69f9fae806bfe\" class=\"fap-single-track fap-track-button fap-play-button\" data-enqueue=\"no\" data-autoenqueue=\"no\" title=\"8 - as profecias - 7\"><span class=\"fap-icon-play\"><\/span>Ouvir<\/span> <a href=\"https:\/\/www.irdin.org.br\/site\/envios\/audios\/0058_0008__por_por__as_profecias_07.mp3\" class=\"baixar\" download><span class=\"fa fa-arrow-down\"><\/span>Baixar<\/span><\/a> <span class=\"textobaixar\"> 8 &#8211; as profecias &#8211; 7<\/span><br \/>\n<span data-href=\"https:\/\/www.irdin.org.br\/site\/envios\/audios\/0058_0009__por_por__as_profecias_08.mp3\" data-title=\"9 - as profecias - 8\" data-rel=\"\" data-target=\"\" data-meta=\"#fap-meta-69f9fae806c92\" class=\"fap-single-track fap-track-button fap-play-button\" data-enqueue=\"no\" data-autoenqueue=\"no\" title=\"9 - as profecias - 8\"><span class=\"fap-icon-play\"><\/span>Ouvir<\/span> <a href=\"https:\/\/www.irdin.org.br\/site\/envios\/audios\/0058_0009__por_por__as_profecias_08.mp3\" class=\"baixar\" download><span class=\"fa fa-arrow-down\"><\/span>Baixar<\/span><\/a> <span class=\"textobaixar\"> 9 &#8211; as profecias &#8211; 8<\/span><br \/>\n<span data-href=\"https:\/\/www.irdin.org.br\/site\/envios\/audios\/0058_0010__por_por__as_profecias_09.mp3\" data-title=\"10 - as profecias - 9\" data-rel=\"\" data-target=\"\" data-meta=\"#fap-meta-69f9fae806d20\" class=\"fap-single-track fap-track-button fap-play-button\" data-enqueue=\"no\" data-autoenqueue=\"no\" title=\"10 - as profecias - 9\"><span class=\"fap-icon-play\"><\/span>Ouvir<\/span> <a href=\"https:\/\/www.irdin.org.br\/site\/envios\/audios\/0058_0010__por_por__as_profecias_09.mp3\" class=\"baixar\" download><span class=\"fa fa-arrow-down\"><\/span>Baixar<\/span><\/a> <span class=\"textobaixar\"> 10 &#8211; as profecias &#8211; 9<\/span><br \/>\n<span data-href=\"https:\/\/www.irdin.org.br\/site\/envios\/audios\/0058_0011__por_por__as_profecias_10.mp3\" data-title=\"11 - as profecias - 10\" data-rel=\"\" data-target=\"\" data-meta=\"#fap-meta-69f9fae806dab\" class=\"fap-single-track fap-track-button fap-play-button\" data-enqueue=\"no\" data-autoenqueue=\"no\" title=\"11 - as profecias - 10\"><span class=\"fap-icon-play\"><\/span>Ouvir<\/span> <a href=\"https:\/\/www.irdin.org.br\/site\/envios\/audios\/0058_0011__por_por__as_profecias_10.mp3\" class=\"baixar\" download><span class=\"fa fa-arrow-down\"><\/span>Baixar<\/span><\/a> <span class=\"textobaixar\"> 11 &#8211; as profecias &#8211; 10<\/span><\/p>\n<p>&nbsp;<\/p>\n","protected":false},"excerpt":{"rendered":"<p>\u00c9 fun\u00e7\u00e3o das verdadeiras profecias despertar a humanidade para o prop\u00f3sito da evolu\u00e7\u00e3o e para as leis que regem a<\/p>\n","protected":false},"featured_media":73032,"template":"","meta":{"_acf_changed":false},"product_brand":[],"product_cat":[18076,33068],"product_tag":[43807],"class_list":{"0":"post-82805","1":"product","2":"type-product","3":"status-publish","4":"has-post-thumbnail","6":"product_cat-cddvd","7":"product_cat-palestras","8":"product_tag-43807","9":"pa_autor-trigueirinho","10":"pa_codigo-da-serie-24024","11":"pa_data-de-gravacao-24146","12":"pa_idioma-de-destino-portugues","13":"pa_lancamento-no","14":"pa_midia-cd","15":"pa_moac-43806","16":"pa_quantidade-de-saldo-33067","17":"pa_sequencial-da-serie-31912","18":"pa_tipo-de-traducao-nao-classificado","20":"first","21":"outofstock","22":"product-type-simple"},"acf":[],"_links":{"self":[{"href":"https:\/\/www.irdin.org.br\/site\/wp-json\/wp\/v2\/product\/82805","targetHints":{"allow":["GET"]}}],"collection":[{"href":"https:\/\/www.irdin.org.br\/site\/wp-json\/wp\/v2\/product"}],"about":[{"href":"https:\/\/www.irdin.org.br\/site\/wp-json\/wp\/v2\/types\/product"}],"version-history":[{"count":0,"href":"https:\/\/www.irdin.org.br\/site\/wp-json\/wp\/v2\/product\/82805\/revisions"}],"wp:featuredmedia":[{"embeddable":true,"href":"https:\/\/www.irdin.org.br\/site\/wp-json\/wp\/v2\/media\/73032"}],"wp:attachment":[{"href":"https:\/\/www.irdin.org.br\/site\/wp-json\/wp\/v2\/media?parent=82805"}],"wp:term":[{"taxonomy":"product_brand","embeddable":true,"href":"https:\/\/www.irdin.org.br\/site\/wp-json\/wp\/v2\/product_brand?post=82805"},{"taxonomy":"product_cat","embeddable":true,"href":"https:\/\/www.irdin.org.br\/site\/wp-json\/wp\/v2\/product_cat?post=82805"},{"taxonomy":"product_tag","embeddable":true,"href":"https:\/\/www.irdin.org.br\/site\/wp-json\/wp\/v2\/product_tag?post=82805"}],"curies":[{"name":"wp","href":"https:\/\/api.w.org\/{rel}","templated":true}]}}