{"id":82807,"date":"2018-04-26T18:11:08","date_gmt":"2018-04-26T18:11:08","guid":{"rendered":"http:\/\/www.irdin.org.br\/site\/produto\/assuntos-coligados-ao-resgate-das-almas-por-maria-novas-indicacoes-para-a-emergencia-planetaria\/"},"modified":"2022-01-28T23:43:48","modified_gmt":"2022-01-28T23:43:48","slug":"assuntos-coligados-ao-resgate-das-almas-por-maria-novas-indicacoes-para-a-emergencia-planetaria","status":"publish","type":"product","link":"https:\/\/www.irdin.org.br\/site\/produtos\/assuntos-coligados-ao-resgate-das-almas-por-maria-novas-indicacoes-para-a-emergencia-planetaria\/","title":{"rendered":"Assuntos coligados ao resgate das almas por Maria \/ Novas indica\u00e7\u00f5es para a Emerg\u00eancia Planet\u00e1ria"},"content":{"rendered":"<p>&nbsp;<br \/>\n<strong>Faixas:<\/strong><\/p>\n<p><span data-href=\"https:\/\/www.irdin.org.br\/site\/envios\/audios\/2894_0001__por_por__assuntos_coligados_ao_resgate_das_almas_por_maria.mp3\" data-title=\"1 - assuntos coligados ao resgate das almas por maria\" data-rel=\"\" data-target=\"\" data-meta=\"#fap-meta-69f5c4dae6ce5\" class=\"fap-single-track fap-track-button fap-play-button\" data-enqueue=\"no\" data-autoenqueue=\"no\" title=\"1 - assuntos coligados ao resgate das almas por maria\"><span class=\"fap-icon-play\"><\/span>Ouvir<\/span> <a href=\"https:\/\/www.irdin.org.br\/site\/envios\/audios\/2894_0001__por_por__assuntos_coligados_ao_resgate_das_almas_por_maria.mp3\" class=\"baixar\"><span class=\"fa fa-arrow-down\"><\/span>Baixar<\/span><\/a> <span class=\"textobaixar\"> 1 &#8211; assuntos coligados ao resgate das almas por maria<\/span><br \/>\n<span data-href=\"https:\/\/www.irdin.org.br\/site\/envios\/audios\/2894_0002__por_por__novas_indicacoes_para_a_emergencia_planetaria.mp3\" data-title=\"2 - novas indica\u00e7\u00f5es para a emerg\u00eancia planet\u00e1ria\" data-rel=\"\" data-target=\"\" data-meta=\"#fap-meta-69f5c4dae6e8a\" class=\"fap-single-track fap-track-button fap-play-button\" data-enqueue=\"no\" data-autoenqueue=\"no\" title=\"2 - novas indica\u00e7\u00f5es para a emerg\u00eancia planet\u00e1ria\"><span class=\"fap-icon-play\"><\/span>Ouvir<\/span> <a href=\"https:\/\/www.irdin.org.br\/site\/envios\/audios\/2894_0002__por_por__novas_indicacoes_para_a_emergencia_planetaria.mp3\" class=\"baixar\"><span class=\"fa fa-arrow-down\"><\/span>Baixar<\/span><\/a> <span class=\"textobaixar\"> 2 &#8211; novas indica\u00e7\u00f5es para a emerg\u00eancia planet\u00e1ria<\/span><\/p>\n<p>&nbsp;<\/p>\n","protected":false},"excerpt":{"rendered":"<p>&nbsp; Faixas: Baixar 1 &#8211; assuntos coligados ao resgate das almas por maria Baixar 2 &#8211; novas indica\u00e7\u00f5es para a<\/p>\n","protected":false},"featured_media":8051,"template":"","meta":{"_acf_changed":false},"product_brand":[],"product_cat":[18076,33068],"product_tag":[38997],"class_list":{"0":"post-82807","1":"product","2":"type-product","3":"status-publish","4":"has-post-thumbnail","6":"product_cat-cddvd","7":"product_cat-palestras","8":"product_tag-38997","9":"pa_autor-trigueirinho","10":"pa_codigo-da-serie-24024","11":"pa_data-de-gravacao-24150","12":"pa_idioma-de-destino-portugues","13":"pa_lancamento-no","14":"pa_midia-cd","15":"pa_moac-38996","16":"pa_quantidade-de-saldo-33067","17":"pa_sequencial-da-serie-31913","18":"pa_tipo-de-traducao-nao-classificado","20":"first","21":"outofstock","22":"product-type-simple"},"acf":[],"_links":{"self":[{"href":"https:\/\/www.irdin.org.br\/site\/wp-json\/wp\/v2\/product\/82807","targetHints":{"allow":["GET"]}}],"collection":[{"href":"https:\/\/www.irdin.org.br\/site\/wp-json\/wp\/v2\/product"}],"about":[{"href":"https:\/\/www.irdin.org.br\/site\/wp-json\/wp\/v2\/types\/product"}],"version-history":[{"count":0,"href":"https:\/\/www.irdin.org.br\/site\/wp-json\/wp\/v2\/product\/82807\/revisions"}],"wp:featuredmedia":[{"embeddable":true,"href":"https:\/\/www.irdin.org.br\/site\/wp-json\/wp\/v2\/media\/8051"}],"wp:attachment":[{"href":"https:\/\/www.irdin.org.br\/site\/wp-json\/wp\/v2\/media?parent=82807"}],"wp:term":[{"taxonomy":"product_brand","embeddable":true,"href":"https:\/\/www.irdin.org.br\/site\/wp-json\/wp\/v2\/product_brand?post=82807"},{"taxonomy":"product_cat","embeddable":true,"href":"https:\/\/www.irdin.org.br\/site\/wp-json\/wp\/v2\/product_cat?post=82807"},{"taxonomy":"product_tag","embeddable":true,"href":"https:\/\/www.irdin.org.br\/site\/wp-json\/wp\/v2\/product_tag?post=82807"}],"curies":[{"name":"wp","href":"https:\/\/api.w.org\/{rel}","templated":true}]}}