{"id":82837,"date":"2018-04-26T18:11:49","date_gmt":"2018-04-26T18:11:49","guid":{"rendered":"http:\/\/www.irdin.org.br\/site\/produto\/la-escuela-en-que-vivimos\/"},"modified":"2025-08-12T10:40:58","modified_gmt":"2025-08-12T13:40:58","slug":"la-escuela-en-que-vivimos","status":"publish","type":"product","link":"https:\/\/www.irdin.org.br\/site\/produtos\/la-escuela-en-que-vivimos\/","title":{"rendered":"La Escuela en que vivimos"},"content":{"rendered":"<p>Valiosas ense\u00f1anzas para vivir los impulsos cr\u00edsticos actuales.<\/p>\n<p><strong>Faixas:<\/strong><\/p>\n<p><span data-href=\"https:\/\/www.irdin.org.br\/site\/envios\/audios\/2908_0001__spa_lat__jerarquia_ya_nos_aviso.mp3\" data-title=\"1 - la jerarqu\u00eda ya nos avis\u00f3\" data-rel=\"\" data-target=\"\" data-meta=\"#fap-meta-69ea09e9b3493\" class=\"fap-single-track fap-track-button fap-play-button\" data-enqueue=\"no\" data-autoenqueue=\"no\" title=\"1 - la jerarqu\u00eda ya nos avis\u00f3\"><span class=\"fap-icon-play\"><\/span>Ouvir<\/span> <a class=\"baixar\" href=\"https:\/\/www.irdin.org.br\/site\/envios\/audios\/2908_0001__spa_lat__jerarquia_ya_nos_aviso.mp3\" download=\"\">Baixar<\/a> <span class=\"textobaixar\"> 1 &#8211; la jerarqu\u00eda ya nos avis\u00f3<\/span><br \/>\n<span data-href=\"https:\/\/www.irdin.org.br\/site\/envios\/audios\/2908_0002__spa_lat__camino_de_los_cristos.mp3\" data-title=\"2 - el camino de los cristos\" data-rel=\"\" data-target=\"\" data-meta=\"#fap-meta-69ea09e9b3695\" class=\"fap-single-track fap-track-button fap-play-button\" data-enqueue=\"no\" data-autoenqueue=\"no\" title=\"2 - el camino de los cristos\"><span class=\"fap-icon-play\"><\/span>Ouvir<\/span> <a class=\"baixar\" href=\"https:\/\/www.irdin.org.br\/site\/envios\/audios\/2908_0002__spa_lat__camino_de_los_cristos.mp3\" download=\"\">Baixar<\/a> <span class=\"textobaixar\"> 2 &#8211; el camino de los cristos<\/span><\/p>\n<p>&nbsp;<\/p>\n","protected":false},"excerpt":{"rendered":"<p>Valiosas ense\u00f1anzas para vivir los impulsos cr\u00edsticos actuales. Faixas: Baixar 1 &#8211; la jerarqu\u00eda ya nos avis\u00f3 Baixar 2 &#8211;<\/p>\n","protected":false},"featured_media":73018,"template":"","meta":{"_acf_changed":false},"product_brand":[],"product_cat":[18076],"product_tag":[43823],"class_list":{"0":"post-82837","1":"product","2":"type-product","3":"status-publish","4":"has-post-thumbnail","6":"product_cat-cddvd","7":"product_tag-43823","8":"pa_autor-madre-maria-shimani","9":"pa_codigo-da-serie-23927","10":"pa_data-de-gravacao-23933","11":"pa_idioma-de-destino-espanhol","12":"pa_lancamento-no","13":"pa_midia-cd","14":"pa_moac-39052","15":"pa_quantidade-de-saldo-33067","16":"pa_sequencial-da-serie-31880","17":"pa_tipo-de-traducao-nao-classificado","19":"first","20":"outofstock","21":"product-type-simple"},"acf":[],"_links":{"self":[{"href":"https:\/\/www.irdin.org.br\/site\/wp-json\/wp\/v2\/product\/82837","targetHints":{"allow":["GET"]}}],"collection":[{"href":"https:\/\/www.irdin.org.br\/site\/wp-json\/wp\/v2\/product"}],"about":[{"href":"https:\/\/www.irdin.org.br\/site\/wp-json\/wp\/v2\/types\/product"}],"version-history":[{"count":1,"href":"https:\/\/www.irdin.org.br\/site\/wp-json\/wp\/v2\/product\/82837\/revisions"}],"predecessor-version":[{"id":108237,"href":"https:\/\/www.irdin.org.br\/site\/wp-json\/wp\/v2\/product\/82837\/revisions\/108237"}],"wp:featuredmedia":[{"embeddable":true,"href":"https:\/\/www.irdin.org.br\/site\/wp-json\/wp\/v2\/media\/73018"}],"wp:attachment":[{"href":"https:\/\/www.irdin.org.br\/site\/wp-json\/wp\/v2\/media?parent=82837"}],"wp:term":[{"taxonomy":"product_brand","embeddable":true,"href":"https:\/\/www.irdin.org.br\/site\/wp-json\/wp\/v2\/product_brand?post=82837"},{"taxonomy":"product_cat","embeddable":true,"href":"https:\/\/www.irdin.org.br\/site\/wp-json\/wp\/v2\/product_cat?post=82837"},{"taxonomy":"product_tag","embeddable":true,"href":"https:\/\/www.irdin.org.br\/site\/wp-json\/wp\/v2\/product_tag?post=82837"}],"curies":[{"name":"wp","href":"https:\/\/api.w.org\/{rel}","templated":true}]}}