{"id":82842,"date":"2018-04-26T18:12:17","date_gmt":"2018-04-26T18:12:17","guid":{"rendered":"http:\/\/www.irdin.org.br\/site\/produto\/momentos-especiais-com-cristo-jesus-mensagens-de-cristo-jesus-na-27a-maratona-da-divina-misericordia-em-figueira\/"},"modified":"2020-06-28T15:53:03","modified_gmt":"2020-06-28T15:53:03","slug":"momentos-especiais-com-cristo-jesus-mensagens-de-cristo-jesus-na-27a-maratona-da-divina-misericordia-em-figueira","status":"publish","type":"product","link":"https:\/\/www.irdin.org.br\/site\/produtos\/momentos-especiais-com-cristo-jesus-mensagens-de-cristo-jesus-na-27a-maratona-da-divina-misericordia-em-figueira\/","title":{"rendered":"Momentos especiais com Cristo Jesus &#8211; Mensagens de Cristo Jesus na 27\u00aa Maratona da Divina Miseric\u00f3rdia, em Figueira"},"content":{"rendered":"<p>Estas mensagens foram transmitidas por Cristo Jesus, atrav\u00e9s do vidente Frei El\u00edas del Sagrado Coraz\u00f3n, durante a 27\u00aa Maratona da Divina Miseric\u00f3rdia, no Centro Mariano de Figueira. Dada a import\u00e2ncia dos impulsos nelas contidos, Trigueirinho acompanhou-as com pequenas reflex\u00f5es. Este CD cont\u00e9m, a pedido do pr\u00f3prio Cristo Jesus, a can\u00e7\u00e3o Tu \u00e9s o Rei.<\/p>\n<p>&nbsp;<br \/>\n<strong>Faixas:<\/strong><\/p>\n<p><span data-href=\"https:\/\/www.irdin.org.br\/site\/envios\/audios\/2904_0001__por_por__introducao_de_trigueirinho.mp3\" data-title=\"1 - introdu\u00e7\u00e3o de trigueirinho\" data-rel=\"\" data-target=\"\" data-meta=\"#fap-meta-69e4b034747ee\" class=\"fap-single-track fap-track-button fap-play-button\" data-enqueue=\"no\" data-autoenqueue=\"no\" title=\"1 - introdu\u00e7\u00e3o de trigueirinho\"><span class=\"fap-icon-play\"><\/span>Ouvir<\/span> <a href=\"https:\/\/www.irdin.org.br\/site\/envios\/audios\/2904_0001__por_por__introducao_de_trigueirinho.mp3\" class=\"baixar\"><span class=\"fa fa-arrow-down\"><\/span>Baixar<\/span><\/a> <span class=\"textobaixar\"> 1 &#8211; introdu\u00e7\u00e3o de trigueirinho<\/span><br \/>\n<span data-href=\"https:\/\/www.irdin.org.br\/site\/envios\/audios\/2903_0001__por_por__mensagem_de_cristo_jesus_no_dia_5_de_outubro_de_2015.mp3\" data-title=\"2 - mensagem de cristo jesus no dia 5 de outubro de 2015\" data-rel=\"\" data-target=\"\" data-meta=\"#fap-meta-69e4b034748f8\" class=\"fap-single-track fap-track-button fap-play-button\" data-enqueue=\"no\" data-autoenqueue=\"no\" title=\"2 - mensagem de cristo jesus no dia 5 de outubro de 2015\"><span class=\"fap-icon-play\"><\/span>Ouvir<\/span> <a href=\"https:\/\/www.irdin.org.br\/site\/envios\/audios\/2903_0001__por_por__mensagem_de_cristo_jesus_no_dia_5_de_outubro_de_2015.mp3\" class=\"baixar\"><span class=\"fa fa-arrow-down\"><\/span>Baixar<\/span><\/a> <span class=\"textobaixar\"> 2 &#8211; mensagem de cristo jesus no dia 5 de outubro de 2015<\/span><br \/>\n<span data-href=\"https:\/\/www.irdin.org.br\/site\/envios\/audios\/2905_0001__por_por__cancao_tu_es_o_rei.mp3\" data-title=\"3 - can\u00e7\u00e3o \u00b4tu \u00e9s o rei\u00b4\" data-rel=\"\" data-target=\"\" data-meta=\"#fap-meta-69e4b034749b2\" class=\"fap-single-track fap-track-button fap-play-button\" data-enqueue=\"no\" data-autoenqueue=\"no\" title=\"3 - can\u00e7\u00e3o \u00b4tu \u00e9s o rei\u00b4\"><span class=\"fap-icon-play\"><\/span>Ouvir<\/span> <a href=\"https:\/\/www.irdin.org.br\/site\/envios\/audios\/2905_0001__por_por__cancao_tu_es_o_rei.mp3\" class=\"baixar\"><span class=\"fa fa-arrow-down\"><\/span>Baixar<\/span><\/a> <span class=\"textobaixar\"> 3 &#8211; can\u00e7\u00e3o \u00b4tu \u00e9s o rei\u00b4<\/span><br \/>\n<span data-href=\"https:\/\/www.irdin.org.br\/site\/envios\/audios\/2903_0002__por_por__mensagem_de_cristo_jesus_no_dia_6_de_outubro_de_2015.mp3\" data-title=\"4 - mensagem de cristo jesus no dia 6 de outubro de 2015\" data-rel=\"\" data-target=\"\" data-meta=\"#fap-meta-69e4b03474abf\" class=\"fap-single-track fap-track-button fap-play-button\" data-enqueue=\"no\" data-autoenqueue=\"no\" title=\"4 - mensagem de cristo jesus no dia 6 de outubro de 2015\"><span class=\"fap-icon-play\"><\/span>Ouvir<\/span> <a href=\"https:\/\/www.irdin.org.br\/site\/envios\/audios\/2903_0002__por_por__mensagem_de_cristo_jesus_no_dia_6_de_outubro_de_2015.mp3\" class=\"baixar\"><span class=\"fa fa-arrow-down\"><\/span>Baixar<\/span><\/a> <span class=\"textobaixar\"> 4 &#8211; mensagem de cristo jesus no dia 6 de outubro de 2015<\/span><\/p>\n<p>&nbsp;<\/p>\n","protected":false},"excerpt":{"rendered":"<p>Estas mensagens foram transmitidas por Cristo Jesus, atrav\u00e9s do vidente Frei El\u00edas del Sagrado Coraz\u00f3n, durante a 27\u00aa Maratona da<\/p>\n","protected":false},"featured_media":8105,"template":"","meta":{"_acf_changed":false},"product_brand":[],"product_cat":[18076,33109],"product_tag":[39063],"class_list":{"0":"post-82842","1":"product","2":"type-product","3":"status-publish","4":"has-post-thumbnail","6":"product_cat-cddvd","7":"product_cat-colecoes","8":"product_tag-39063","9":"pa_autor-frei-elias-del-sagrado-corazon","10":"pa_autor-ordem-graca-misericordia","11":"pa_autor-trigueirinho","12":"pa_codigo-da-serie-24289","13":"pa_data-de-gravacao-24287","14":"pa_idioma-de-destino-espanhol","15":"pa_idioma-de-destino-portugues","16":"pa_lancamento-no","17":"pa_midia-cd","18":"pa_moac-39062","19":"pa_quantidade-de-saldo-33067","20":"pa_sequencial-da-serie-31877","21":"pa_tipo-de-traducao-nao-classificado","23":"first","24":"outofstock","25":"product-type-simple"},"acf":[],"_links":{"self":[{"href":"https:\/\/www.irdin.org.br\/site\/wp-json\/wp\/v2\/product\/82842","targetHints":{"allow":["GET"]}}],"collection":[{"href":"https:\/\/www.irdin.org.br\/site\/wp-json\/wp\/v2\/product"}],"about":[{"href":"https:\/\/www.irdin.org.br\/site\/wp-json\/wp\/v2\/types\/product"}],"version-history":[{"count":0,"href":"https:\/\/www.irdin.org.br\/site\/wp-json\/wp\/v2\/product\/82842\/revisions"}],"wp:featuredmedia":[{"embeddable":true,"href":"https:\/\/www.irdin.org.br\/site\/wp-json\/wp\/v2\/media\/8105"}],"wp:attachment":[{"href":"https:\/\/www.irdin.org.br\/site\/wp-json\/wp\/v2\/media?parent=82842"}],"wp:term":[{"taxonomy":"product_brand","embeddable":true,"href":"https:\/\/www.irdin.org.br\/site\/wp-json\/wp\/v2\/product_brand?post=82842"},{"taxonomy":"product_cat","embeddable":true,"href":"https:\/\/www.irdin.org.br\/site\/wp-json\/wp\/v2\/product_cat?post=82842"},{"taxonomy":"product_tag","embeddable":true,"href":"https:\/\/www.irdin.org.br\/site\/wp-json\/wp\/v2\/product_tag?post=82842"}],"curies":[{"name":"wp","href":"https:\/\/api.w.org\/{rel}","templated":true}]}}