{"id":82859,"date":"2018-04-26T18:12:34","date_gmt":"2018-04-26T18:12:34","guid":{"rendered":"http:\/\/www.irdin.org.br\/site\/produto\/passos-rumo-a-paz-51o-encontro-geral-de-figueira\/"},"modified":"2026-04-04T10:27:02","modified_gmt":"2026-04-04T13:27:02","slug":"passos-rumo-a-paz-51o-encontro-geral-de-figueira","status":"publish","type":"product","link":"https:\/\/www.irdin.org.br\/site\/produtos\/passos-rumo-a-paz-51o-encontro-geral-de-figueira\/","title":{"rendered":"Passos rumo \u00e0 Paz &#8211; 51\u00ba Encontro Geral de Figueira"},"content":{"rendered":"<p>Resumo das palestra realizadas no 51o Encontro Geral de Figueira. Inclui mensagens transmitidas durante esse per\u00edodo.<\/p>\n<p><strong>Faixas:<\/strong><\/p>\n<p><span data-href=\"https:\/\/www.irdin.org.br\/site\/envios\/audios\/2879_0001__por_por__abertura_51_encontro_geral.mp3\" data-title=\"1 - abertura do 51\u00ba encontro geral\" data-rel=\"\" data-target=\"\" data-meta=\"#fap-meta-69e1a823ed2bc\" class=\"fap-single-track fap-track-button fap-play-button\" data-enqueue=\"no\" data-autoenqueue=\"no\" title=\"1 - abertura do 51\u00ba encontro geral\"><span class=\"fap-icon-play\"><\/span>Ouvir<\/span> <a class=\"baixar\" href=\"https:\/\/www.irdin.org.br\/site\/envios\/audios\/2879_0001__por_por__abertura_51_encontro_geral.mp3\" download=\"\">Baixar<\/a> <span class=\"textobaixar\"> 1 &#8211; abertura do 51\u00ba encontro geral<\/span><br \/>\n<span data-href=\"https:\/\/www.irdin.org.br\/site\/envios\/audios\/2880_0001__spa_spa__el_gran_paso_a_la_tranformacion_cristica.mp3\" data-title=\"2 - el gran paso a la transformaci\u00f3n cr\u00edstica\" data-rel=\"\" data-target=\"\" data-meta=\"#fap-meta-69e1a823ed3f6\" class=\"fap-single-track fap-track-button fap-play-button\" data-enqueue=\"no\" data-autoenqueue=\"no\" title=\"2 - el gran paso a la transformaci\u00f3n cr\u00edstica\"><span class=\"fap-icon-play\"><\/span>Ouvir<\/span> <a class=\"baixar\" href=\"https:\/\/www.irdin.org.br\/site\/envios\/audios\/2880_0001__por_spa__el_gran_paso_a_la_tranformacion_cristica.mp3\" download=\"\">Baixar<\/a> <span class=\"textobaixar\"> 2 &#8211; el gran paso a la transformaci\u00f3n cr\u00edstica<\/span><br \/>\n<span data-href=\"https:\/\/www.irdin.org.br\/site\/envios\/audios\/2879_0002__por_por__portas_para_a_contemplacao.mp3\" data-title=\"3 - portas para a contempla\u00e7\u00e3o\" data-rel=\"\" data-target=\"\" data-meta=\"#fap-meta-69e1a823ed4ac\" class=\"fap-single-track fap-track-button fap-play-button\" data-enqueue=\"no\" data-autoenqueue=\"no\" title=\"3 - portas para a contempla\u00e7\u00e3o\"><span class=\"fap-icon-play\"><\/span>Ouvir<\/span> <a class=\"baixar\" href=\"https:\/\/www.irdin.org.br\/site\/envios\/audios\/2879_0002__por_por__portas_para_a_contemplacao.mp3\" download=\"\">Baixar<\/a> <span class=\"textobaixar\"> 3 &#8211; portas para a contempla\u00e7\u00e3o<\/span><br \/>\n<span data-href=\"https:\/\/www.irdin.org.br\/site\/envios\/audios\/2881_0001__por_por__mensagem_e_saudacao_do_cosmos.mp3\" data-title=\"4 - mensagem e sauda\u00e7\u00e3o do cosmos\" data-rel=\"\" data-target=\"\" data-meta=\"#fap-meta-69e1a823ed523\" class=\"fap-single-track fap-track-button fap-play-button\" data-enqueue=\"no\" data-autoenqueue=\"no\" title=\"4 - mensagem e sauda\u00e7\u00e3o do cosmos\"><span class=\"fap-icon-play\"><\/span>Ouvir<\/span> <a class=\"baixar\" href=\"https:\/\/www.irdin.org.br\/site\/envios\/audios\/2881_0001__por_por__mensagem_e_saudacao_do_cosmos.mp3\" download=\"\">Baixar<\/a> <span class=\"textobaixar\"> 4 &#8211; mensagem e sauda\u00e7\u00e3o do cosmos<\/span><br \/>\n<span data-href=\"https:\/\/www.irdin.org.br\/site\/envios\/audios\/2879_0003__por_por__encerramento_51_encontro_geral.mp3\" data-title=\"5 - encerramento do 51\u00ba encontro geral\" data-rel=\"\" data-target=\"\" data-meta=\"#fap-meta-69e1a823ed593\" class=\"fap-single-track fap-track-button fap-play-button\" data-enqueue=\"no\" data-autoenqueue=\"no\" title=\"5 - encerramento do 51\u00ba encontro geral\"><span class=\"fap-icon-play\"><\/span>Ouvir<\/span> <a class=\"baixar\" href=\"https:\/\/www.irdin.org.br\/site\/envios\/audios\/2879_0003__por_por__encerramento_51_encontro_geral.mp3\" download=\"\">Baixar<\/a> <span class=\"textobaixar\"> 5 &#8211; encerramento do 51\u00ba encontro geral<\/span><br \/>\n<span data-href=\"https:\/\/www.irdin.org.br\/site\/envios\/audios\/2882_0001__spa_por__mensagem_extraordinaria_de_sao_jose.mp3\" data-title=\"6 - mensagem extraordin\u00e1ria de s\u00e3o jos\u00e9 para o dia 19 de setembro de 2013, transmitida aos videntes frei el\u00edas, madre shimani e irm\u00e3 luc\u00eda\" data-rel=\"\" data-target=\"\" data-meta=\"#fap-meta-69e1a823ed61c\" class=\"fap-single-track fap-track-button fap-play-button\" data-enqueue=\"no\" data-autoenqueue=\"no\" title=\"6 - mensagem extraordin\u00e1ria de s\u00e3o jos\u00e9 para o dia 19 de setembro de 2013, transmitida aos videntes frei el\u00edas, madre shimani e irm\u00e3 luc\u00eda\"><span class=\"fap-icon-play\"><\/span>Ouvir<\/span> <a class=\"baixar\" href=\"https:\/\/www.irdin.org.br\/site\/envios\/audios\/2882_0001__spa_por__mensagem_extraordinaria_de_sao_jose.mp3\" download=\"\">Baixar<\/a> <span class=\"textobaixar\"> 6 &#8211; mensagem extraordin\u00e1ria de s\u00e3o jos\u00e9 para o dia 19 de setembro de 2013, transmitida aos videntes frei el\u00edas, madre shimani e irm\u00e3 luc\u00eda<\/span><br \/>\n<span data-href=\"https:\/\/www.irdin.org.br\/site\/envios\/audios\/2882_0002__spa_por__mensagem_cristo_20_setembro.mp3\" data-title=\"7 - uma mensagem di\u00e1ria de cristo jesus para o dia 20 de setembro de 2013, transmitida ao vidente frei el\u00edas\" data-rel=\"\" data-target=\"\" data-meta=\"#fap-meta-69e1a823ed6a8\" class=\"fap-single-track fap-track-button fap-play-button\" data-enqueue=\"no\" data-autoenqueue=\"no\" title=\"7 - uma mensagem di\u00e1ria de cristo jesus para o dia 20 de setembro de 2013, transmitida ao vidente frei el\u00edas\"><span class=\"fap-icon-play\"><\/span>Ouvir<\/span> <a class=\"baixar\" href=\"https:\/\/www.irdin.org.br\/site\/envios\/audios\/2882_0002__spa_por__mensagem_cristo_20_setembro.mp3\" download=\"\">Baixar<\/a> <span class=\"textobaixar\"> 7 &#8211; uma mensagem di\u00e1ria de cristo jesus para o dia 20 de setembro de 2013, transmitida ao vidente frei el\u00edas<\/span><br \/>\n<span data-href=\"https:\/\/www.irdin.org.br\/site\/envios\/audios\/2882_0003__spa_por__mensagem_cristo_21_setembro.mp3\" data-title=\"8 - uma mensagem di\u00e1ria de cristo jesus para o dia 21 de setembro de 2013, transmitida ao vidente frei el\u00edas\" data-rel=\"\" data-target=\"\" data-meta=\"#fap-meta-69e1a823ed748\" class=\"fap-single-track fap-track-button fap-play-button\" data-enqueue=\"no\" data-autoenqueue=\"no\" title=\"8 - uma mensagem di\u00e1ria de cristo jesus para o dia 21 de setembro de 2013, transmitida ao vidente frei el\u00edas\"><span class=\"fap-icon-play\"><\/span>Ouvir<\/span> <a class=\"baixar\" href=\"https:\/\/www.irdin.org.br\/site\/envios\/audios\/2882_0003__spa_por__mensagem_cristo_21_setembro.mp3\" download=\"\">Baixar<\/a> <span class=\"textobaixar\"> 8 &#8211; uma mensagem di\u00e1ria de cristo jesus para o dia 21 de setembro de 2013, transmitida ao vidente frei el\u00edas<\/span><br \/>\n<span data-href=\"https:\/\/www.irdin.org.br\/site\/envios\/audios\/2882_0004__spa_por__mensagem_maria_21_setembro.mp3\" data-title=\"9 - mensagem semanal de maria para o dia 21 de setembro de 2013, transmitida aos videntes irm\u00e3 luc\u00eda e frei el\u00edas\" data-rel=\"\" data-target=\"\" data-meta=\"#fap-meta-69e1a823ed7ce\" class=\"fap-single-track fap-track-button fap-play-button\" data-enqueue=\"no\" data-autoenqueue=\"no\" title=\"9 - mensagem semanal de maria para o dia 21 de setembro de 2013, transmitida aos videntes irm\u00e3 luc\u00eda e frei el\u00edas\"><span class=\"fap-icon-play\"><\/span>Ouvir<\/span> <a class=\"baixar\" href=\"https:\/\/www.irdin.org.br\/site\/envios\/audios\/2882_0004__spa_por__mensagem_maria_21_setembro.mp3\" download=\"\">Baixar<\/a> <span class=\"textobaixar\"> 9 &#8211; mensagem semanal de maria para o dia 21 de setembro de 2013, transmitida aos videntes irm\u00e3 luc\u00eda e frei el\u00edas<\/span><\/p>\n<p>&nbsp;<\/p>\n","protected":false},"excerpt":{"rendered":"<p>Resumo das palestra realizadas no 51o Encontro Geral de Figueira. Inclui mensagens transmitidas durante esse per\u00edodo. Faixas: Baixar 1 &#8211;<\/p>\n","protected":false},"featured_media":8008,"template":"","meta":{"_acf_changed":false},"product_brand":[],"product_cat":[18076,33109],"product_tag":[39097],"class_list":{"0":"post-82859","1":"product","2":"type-product","3":"status-publish","4":"has-post-thumbnail","6":"product_cat-cddvd","7":"product_cat-colecoes","8":"product_tag-39097","9":"pa_autor-trigueirinho","10":"pa_codigo-da-serie-24024","11":"pa_data-de-gravacao-24060","12":"pa_idioma-de-destino-espanhol","13":"pa_idioma-de-destino-portugues","14":"pa_lancamento-no","15":"pa_midia-cd","16":"pa_moac-39096","17":"pa_quantidade-de-saldo-33067","18":"pa_sequencial-da-serie-31892","19":"pa_tipo-de-traducao-nao-classificado","21":"first","22":"outofstock","23":"product-type-simple"},"acf":[],"_links":{"self":[{"href":"https:\/\/www.irdin.org.br\/site\/wp-json\/wp\/v2\/product\/82859","targetHints":{"allow":["GET"]}}],"collection":[{"href":"https:\/\/www.irdin.org.br\/site\/wp-json\/wp\/v2\/product"}],"about":[{"href":"https:\/\/www.irdin.org.br\/site\/wp-json\/wp\/v2\/types\/product"}],"version-history":[{"count":3,"href":"https:\/\/www.irdin.org.br\/site\/wp-json\/wp\/v2\/product\/82859\/revisions"}],"predecessor-version":[{"id":86341,"href":"https:\/\/www.irdin.org.br\/site\/wp-json\/wp\/v2\/product\/82859\/revisions\/86341"}],"wp:featuredmedia":[{"embeddable":true,"href":"https:\/\/www.irdin.org.br\/site\/wp-json\/wp\/v2\/media\/8008"}],"wp:attachment":[{"href":"https:\/\/www.irdin.org.br\/site\/wp-json\/wp\/v2\/media?parent=82859"}],"wp:term":[{"taxonomy":"product_brand","embeddable":true,"href":"https:\/\/www.irdin.org.br\/site\/wp-json\/wp\/v2\/product_brand?post=82859"},{"taxonomy":"product_cat","embeddable":true,"href":"https:\/\/www.irdin.org.br\/site\/wp-json\/wp\/v2\/product_cat?post=82859"},{"taxonomy":"product_tag","embeddable":true,"href":"https:\/\/www.irdin.org.br\/site\/wp-json\/wp\/v2\/product_tag?post=82859"}],"curies":[{"name":"wp","href":"https:\/\/api.w.org\/{rel}","templated":true}]}}