{"id":82864,"date":"2018-04-26T18:12:34","date_gmt":"2018-04-26T18:12:34","guid":{"rendered":"http:\/\/www.irdin.org.br\/site\/produto\/retiros-intraterrenos-volume-2\/"},"modified":"2025-03-15T01:29:14","modified_gmt":"2025-03-15T01:29:14","slug":"retiros-intraterrenos-volume-2","status":"publish","type":"product","link":"https:\/\/www.irdin.org.br\/site\/produtos\/retiros-intraterrenos-volume-2\/","title":{"rendered":"Retiros Intraterrenos Volume 2"},"content":{"rendered":"<p>Colet\u00e2nea de palestras sobre os Retiros Intraterrenos, n\u00facleos supraf\u00edsicos que irraidam energias c\u00f3smicas para a superf\u00edcie da Terra. Nete segundo volume somos convidados a nos aproximar de cinco retiros que comp\u00f5em a Rede do Tempo: Kayona (Ant\u00e1rtida), Paititi (Peru), Cueva de los Tayos (Equador), Roraima (Venezuela) e Roncador (Brasil).<\/p>\n<p><strong>Faixas:<\/strong><\/p>\n<p><span data-href=\"https:\/\/www.irdin.org.br\/site\/envios\/audios\/2101_0017__spa_spa__revelaciones_sobre_la_antartida_1_parte.mp3\" data-title=\"1 - revelaciones sobre la ant\u00e1rtida - 1\u00aa parte\" data-rel=\"\" data-target=\"\" data-meta=\"#fap-meta-69e1a8192727a\" class=\"fap-single-track fap-track-button fap-play-button\" data-enqueue=\"no\" data-autoenqueue=\"no\" title=\"1 - revelaciones sobre la ant\u00e1rtida - 1\u00aa parte\"><span class=\"fap-icon-play\"><\/span>Ouvir<\/span> <a class=\"baixar\" href=\"https:\/\/www.irdin.org.br\/site\/envios\/audios\/2101_0017__spa_spa__revelaciones_sobre_la_antartida_1_parte.mp3\" download=\"\">Baixar<\/a> <span class=\"textobaixar\"> 1 &#8211; revelaciones sobre la ant\u00e1rtida &#8211; 1\u00aa parte<\/span><br \/>\n<span data-href=\"https:\/\/www.irdin.org.br\/site\/envios\/audios\/2101_0018__spa_spa__revelaciones_sobre_la_antartida_2_parte.mp3\" data-title=\"2 - revelaciones sobre la ant\u00e1rtida - 2\u00aa parte\" data-rel=\"\" data-target=\"\" data-meta=\"#fap-meta-69e1a819273b5\" class=\"fap-single-track fap-track-button fap-play-button\" data-enqueue=\"no\" data-autoenqueue=\"no\" title=\"2 - revelaciones sobre la ant\u00e1rtida - 2\u00aa parte\"><span class=\"fap-icon-play\"><\/span>Ouvir<\/span> <a class=\"baixar\" href=\"https:\/\/www.irdin.org.br\/site\/envios\/audios\/2101_0018__spa_spa__revelaciones_sobre_la_antartida_2_parte.mp3\" download=\"\">Baixar<\/a> <span class=\"textobaixar\"> 2 &#8211; revelaciones sobre la ant\u00e1rtida &#8211; 2\u00aa parte<\/span><br \/>\n<span data-href=\"https:\/\/www.irdin.org.br\/site\/envios\/audios\/0014_0312__por_por__a_porta_de_pusharo.mp3\" data-title=\"3 - a porta de pusharo\" data-rel=\"\" data-target=\"\" data-meta=\"#fap-meta-69e1a8192743e\" class=\"fap-single-track fap-track-button fap-play-button\" data-enqueue=\"no\" data-autoenqueue=\"no\" title=\"3 - a porta de pusharo\"><span class=\"fap-icon-play\"><\/span>Ouvir<\/span> <a class=\"baixar\" href=\"https:\/\/www.irdin.org.br\/site\/envios\/audios\/0014_0312__por_por__a_porta_de_pusharo.mp3\" download=\"\">Baixar<\/a> <span class=\"textobaixar\"> 3 &#8211; a porta de pusharo<\/span><br \/>\n<span data-href=\"https:\/\/www.irdin.org.br\/site\/envios\/audios\/2101_0027__spa_spa__el_retiro_de_cueva_de_los_tayos_y_otras_revelaciones.mp3\" data-title=\"4 - el retiro de cueva de los tayos y otras revelaciones\" data-rel=\"\" data-target=\"\" data-meta=\"#fap-meta-69e1a819274bd\" class=\"fap-single-track fap-track-button fap-play-button\" data-enqueue=\"no\" data-autoenqueue=\"no\" title=\"4 - el retiro de cueva de los tayos y otras revelaciones\"><span class=\"fap-icon-play\"><\/span>Ouvir<\/span> <a class=\"baixar\" href=\"https:\/\/www.irdin.org.br\/site\/envios\/audios\/2101_0027__spa_spa__el_retiro_de_cueva_de_los_tayos_y_otras_revelaciones.mp3\" download=\"\">Baixar<\/a> <span class=\"textobaixar\"> 4 &#8211; el retiro de cueva de los tayos y otras revelaciones<\/span><br \/>\n<span data-href=\"https:\/\/www.irdin.org.br\/site\/envios\/audios\/2101_0026__spa_spa__el_retiro_de_roraima.mp3\" data-title=\"5 - el retiro de roraima\" data-rel=\"\" data-target=\"\" data-meta=\"#fap-meta-69e1a8192752a\" class=\"fap-single-track fap-track-button fap-play-button\" data-enqueue=\"no\" data-autoenqueue=\"no\" title=\"5 - el retiro de roraima\"><span class=\"fap-icon-play\"><\/span>Ouvir<\/span> <a class=\"baixar\" href=\"https:\/\/www.irdin.org.br\/site\/envios\/audios\/2101_0026__spa_spa__el_retiro_de_roraima.mp3\" download=\"\">Baixar<\/a> <span class=\"textobaixar\"> 5 &#8211; el retiro de roraima<\/span><\/p>\n<p>&nbsp;<\/p>\n","protected":false},"excerpt":{"rendered":"<p>Colet\u00e2nea de palestras sobre os Retiros Intraterrenos, n\u00facleos supraf\u00edsicos que irraidam energias c\u00f3smicas para a superf\u00edcie da Terra. Nete segundo<\/p>\n","protected":false},"featured_media":7953,"template":"","meta":{"_acf_changed":false},"product_brand":[],"product_cat":[18076,33109],"product_tag":[39107],"class_list":{"0":"post-82864","1":"product","2":"type-product","3":"status-publish","4":"has-post-thumbnail","6":"product_cat-cddvd","7":"product_cat-colecoes","8":"product_tag-39107","9":"pa_autor-madre-maria-shimani","10":"pa_autor-trigueirinho","11":"pa_codigo-da-serie-23922","12":"pa_data-de-gravacao-23941","13":"pa_idioma-de-destino-portugues","14":"pa_lancamento-no","15":"pa_midia-cd","16":"pa_moac-39106","17":"pa_quantidade-de-saldo-33067","18":"pa_sequencial-da-serie-31878","19":"pa_tipo-de-traducao-nao-classificado","21":"first","22":"outofstock","23":"product-type-simple"},"acf":[],"_links":{"self":[{"href":"https:\/\/www.irdin.org.br\/site\/wp-json\/wp\/v2\/product\/82864","targetHints":{"allow":["GET"]}}],"collection":[{"href":"https:\/\/www.irdin.org.br\/site\/wp-json\/wp\/v2\/product"}],"about":[{"href":"https:\/\/www.irdin.org.br\/site\/wp-json\/wp\/v2\/types\/product"}],"version-history":[{"count":1,"href":"https:\/\/www.irdin.org.br\/site\/wp-json\/wp\/v2\/product\/82864\/revisions"}],"predecessor-version":[{"id":106710,"href":"https:\/\/www.irdin.org.br\/site\/wp-json\/wp\/v2\/product\/82864\/revisions\/106710"}],"wp:featuredmedia":[{"embeddable":true,"href":"https:\/\/www.irdin.org.br\/site\/wp-json\/wp\/v2\/media\/7953"}],"wp:attachment":[{"href":"https:\/\/www.irdin.org.br\/site\/wp-json\/wp\/v2\/media?parent=82864"}],"wp:term":[{"taxonomy":"product_brand","embeddable":true,"href":"https:\/\/www.irdin.org.br\/site\/wp-json\/wp\/v2\/product_brand?post=82864"},{"taxonomy":"product_cat","embeddable":true,"href":"https:\/\/www.irdin.org.br\/site\/wp-json\/wp\/v2\/product_cat?post=82864"},{"taxonomy":"product_tag","embeddable":true,"href":"https:\/\/www.irdin.org.br\/site\/wp-json\/wp\/v2\/product_tag?post=82864"}],"curies":[{"name":"wp","href":"https:\/\/api.w.org\/{rel}","templated":true}]}}