{"id":82867,"date":"2018-04-26T18:12:34","date_gmt":"2018-04-26T18:12:34","guid":{"rendered":"http:\/\/www.irdin.org.br\/site\/produto\/shambhala-49o-encontro-geral-de-figueira\/"},"modified":"2022-02-14T16:29:51","modified_gmt":"2022-02-14T16:29:51","slug":"shambhala","status":"publish","type":"product","link":"https:\/\/www.irdin.org.br\/site\/produtos\/shambhala\/","title":{"rendered":"Shambhala"},"content":{"rendered":"<p>El Centro Shambhala se desarrolla en forma de espiral dentro del mundo intraterreno. Las Jerarqu\u00edas, a trav\u00e9s de sus reinos internos, organizaron el inicio de la vida sobre la Tierra y llevan adelante procesos de transmutaci\u00f3n y de liberaci\u00f3n en los d\u00edas de hoy. Esta colecci\u00f3n contiene las conferencias que se presentaron durante el Encuentro General de Figueira, realizado en septiembre de 2012, que relatan las experiencias del grupo operativo en su viaje al Desierto de Gobi, donde se proyecta el Centro Shambhala.<\/p>\n<p><strong>Faixas:<\/strong><\/p>\n<p><span data-href=\"https:\/\/www.irdin.org.br\/site\/envios\/audios\/2834_0001__por_spa__introducao_a_shambhala.mp3\" data-title=\"1 - introducci\u00f3n a shambhala\" data-rel=\"\" data-target=\"\" data-meta=\"#fap-meta-69e1a5bf514c9\" class=\"fap-single-track fap-track-button fap-play-button\" data-enqueue=\"no\" data-autoenqueue=\"no\" title=\"1 - introducci\u00f3n a shambhala\"><span class=\"fap-icon-play\"><\/span>Ouvir<\/span> <a class=\"baixar\" href=\"https:\/\/www.irdin.org.br\/site\/envios\/audios\/2834_0001__por_spa__introducao_a_shambhala.mp3\" download=\"\">Baixar<\/a> <span class=\"textobaixar\"> 1 &#8211; introducci\u00f3n a shambhala<\/span><br \/>\n<span data-href=\"https:\/\/www.irdin.org.br\/site\/envios\/audios\/2834_0002__por_por__instrucoes_cosmicas_de_titinac.mp3\" data-title=\"2 - instrucciones c\u00f3smicas de titinac\" data-rel=\"\" data-target=\"\" data-meta=\"#fap-meta-69e1a5bf515e0\" class=\"fap-single-track fap-track-button fap-play-button\" data-enqueue=\"no\" data-autoenqueue=\"no\" title=\"2 - instrucciones c\u00f3smicas de titinac\"><span class=\"fap-icon-play\"><\/span>Ouvir<\/span> <a class=\"baixar\" href=\"https:\/\/www.irdin.org.br\/site\/envios\/audios\/2834_0002__por_por__instrucoes_cosmicas_de_titinac.mp3\" download=\"\">Baixar<\/a> <span class=\"textobaixar\"> 2 &#8211; instrucciones c\u00f3smicas de titinac<\/span><br \/>\n<span data-href=\"https:\/\/www.irdin.org.br\/site\/envios\/audios\/2834_0003__por_por__instrucoes_cosmicas_de_anitac.mp3\" data-title=\"3 - instrucciones c\u00f3smicas de anitac\" data-rel=\"\" data-target=\"\" data-meta=\"#fap-meta-69e1a5bf516ac\" class=\"fap-single-track fap-track-button fap-play-button\" data-enqueue=\"no\" data-autoenqueue=\"no\" title=\"3 - instrucciones c\u00f3smicas de anitac\"><span class=\"fap-icon-play\"><\/span>Ouvir<\/span> <a class=\"baixar\" href=\"https:\/\/www.irdin.org.br\/site\/envios\/audios\/2834_0003__por_por__instrucoes_cosmicas_de_anitac.mp3\" download=\"\">Baixar<\/a> <span class=\"textobaixar\"> 3 &#8211; instrucciones c\u00f3smicas de anitac<\/span><br \/>\n<span data-href=\"https:\/\/www.irdin.org.br\/site\/envios\/audios\/2835_0001__spa_spa__shambhala_parte_1.mp3\" data-title=\"4 - shambhala - parte 1\" data-rel=\"\" data-target=\"\" data-meta=\"#fap-meta-69e1a5bf5176c\" class=\"fap-single-track fap-track-button fap-play-button\" data-enqueue=\"no\" data-autoenqueue=\"no\" title=\"4 - shambhala - parte 1\"><span class=\"fap-icon-play\"><\/span>Ouvir<\/span> <a class=\"baixar\" href=\"https:\/\/www.irdin.org.br\/site\/envios\/audios\/2835_0001__spa_spa__shambhala_parte_1.mp3\" download=\"\">Baixar<\/a> <span class=\"textobaixar\"> 4 &#8211; shambhala &#8211; parte 1<\/span><br \/>\n<span data-href=\"https:\/\/www.irdin.org.br\/site\/envios\/audios\/2835_0002__spa_spa__shambhala_parte_2.mp3\" data-title=\"5 - shambhala - parte 2\" data-rel=\"\" data-target=\"\" data-meta=\"#fap-meta-69e1a5bf517e7\" class=\"fap-single-track fap-track-button fap-play-button\" data-enqueue=\"no\" data-autoenqueue=\"no\" title=\"5 - shambhala - parte 2\"><span class=\"fap-icon-play\"><\/span>Ouvir<\/span> <a class=\"baixar\" href=\"https:\/\/www.irdin.org.br\/site\/envios\/audios\/2835_0002__spa_spa__shambhala_parte_2.mp3\" download=\"\">Baixar<\/a> <span class=\"textobaixar\"> 5 &#8211; shambhala &#8211; parte 2<\/span><br \/>\n<span data-href=\"https:\/\/www.irdin.org.br\/site\/envios\/audios\/2835_0003__spa_spa__shambhala_parte_3.mp3\" data-title=\"6 - shambhala - parte 3\" data-rel=\"\" data-target=\"\" data-meta=\"#fap-meta-69e1a5bf51859\" class=\"fap-single-track fap-track-button fap-play-button\" data-enqueue=\"no\" data-autoenqueue=\"no\" title=\"6 - shambhala - parte 3\"><span class=\"fap-icon-play\"><\/span>Ouvir<\/span> <a class=\"baixar\" href=\"https:\/\/www.irdin.org.br\/site\/envios\/audios\/2835_0003__spa_spa__shambhala_parte_3.mp3\" download=\"\">Baixar<\/a> <span class=\"textobaixar\"> 6 &#8211; shambhala &#8211; parte 3<\/span><br \/>\n<span data-href=\"https:\/\/www.irdin.org.br\/site\/envios\/audios\/2835_0004__spa_spa__shambhala_parte_4.mp3\" data-title=\"7 - shambhala - parte 4\" data-rel=\"\" data-target=\"\" data-meta=\"#fap-meta-69e1a5bf518ca\" class=\"fap-single-track fap-track-button fap-play-button\" data-enqueue=\"no\" data-autoenqueue=\"no\" title=\"7 - shambhala - parte 4\"><span class=\"fap-icon-play\"><\/span>Ouvir<\/span> <a class=\"baixar\" href=\"https:\/\/www.irdin.org.br\/site\/envios\/audios\/2835_0004__spa_spa__shambhala_parte_4.mp3\" download=\"\">Baixar<\/a> <span class=\"textobaixar\"> 7 &#8211; shambhala &#8211; parte 4<\/span><br \/>\n<span data-href=\"https:\/\/www.irdin.org.br\/site\/envios\/audios\/2835_0005__spa_spa__shambhala_parte_5.mp3\" data-title=\"8 - shambhala - parte 5\" data-rel=\"\" data-target=\"\" data-meta=\"#fap-meta-69e1a5bf51990\" class=\"fap-single-track fap-track-button fap-play-button\" data-enqueue=\"no\" data-autoenqueue=\"no\" title=\"8 - shambhala - parte 5\"><span class=\"fap-icon-play\"><\/span>Ouvir<\/span> <a class=\"baixar\" href=\"https:\/\/www.irdin.org.br\/site\/envios\/audios\/2835_0005__spa_spa__shambhala_parte_5.mp3\" download=\"\">Baixar<\/a> <span class=\"textobaixar\"> 8 &#8211; shambhala &#8211; parte 5<\/span><br \/>\n<span data-href=\"https:\/\/www.irdin.org.br\/site\/envios\/audios\/2835_0006__spa_spa__shambhala_parte_6.mp3\" data-title=\"9 - shambhala - parte 6\" data-rel=\"\" data-target=\"\" data-meta=\"#fap-meta-69e1a5bf51a23\" class=\"fap-single-track fap-track-button fap-play-button\" data-enqueue=\"no\" data-autoenqueue=\"no\" title=\"9 - shambhala - parte 6\"><span class=\"fap-icon-play\"><\/span>Ouvir<\/span> <a class=\"baixar\" href=\"https:\/\/www.irdin.org.br\/site\/envios\/audios\/2835_0006__spa_spa__shambhala_parte_6.mp3\" download=\"\">Baixar<\/a> <span class=\"textobaixar\"> 9 &#8211; shambhala &#8211; parte 6<\/span><br \/>\n<span data-href=\"https:\/\/www.irdin.org.br\/site\/envios\/audios\/2835_0010__por_spa__mensagem_final_shambhala.mp3\" data-title=\"10 - shambhala - mensagem final\" data-rel=\"\" data-target=\"\" data-meta=\"#fap-meta-69e1a5bf51ab0\" class=\"fap-single-track fap-track-button fap-play-button\" data-enqueue=\"no\" data-autoenqueue=\"no\" title=\"10 - shambhala - mensagem final\"><span class=\"fap-icon-play\"><\/span>Ouvir<\/span> <a class=\"baixar\" href=\"https:\/\/www.irdin.org.br\/site\/envios\/audios\/2835_0010__por_spa__mensagem_final_shambhala.mp3\" download=\"\">Baixar<\/a> <span class=\"textobaixar\"> 10 &#8211; shambhala &#8211; mensagem final<\/span><\/p>\n<p>&nbsp;<\/p>\n","protected":false},"excerpt":{"rendered":"<p>El Centro Shambhala se desarrolla en forma de espiral dentro del mundo intraterreno. Las Jerarqu\u00edas, a trav\u00e9s de sus reinos<\/p>\n","protected":false},"featured_media":8084,"template":"","meta":{"_acf_changed":false},"product_brand":[],"product_cat":[18076,33109],"product_tag":[39113],"class_list":{"0":"post-82867","1":"product","2":"type-product","3":"status-publish","4":"has-post-thumbnail","6":"product_cat-cddvd","7":"product_cat-colecoes","8":"product_tag-39113","9":"pa_autor-madre-maria-shimani","10":"pa_autor-trigueirinho","11":"pa_codigo-da-serie-23833","12":"pa_data-de-gravacao-24226","13":"pa_idioma-de-destino-espanhol","14":"pa_idioma-de-destino-portugues","15":"pa_lancamento-no","16":"pa_midia-cd","17":"pa_moac-39112","18":"pa_quantidade-de-saldo-33067","19":"pa_sequencial-da-serie-31883","20":"pa_tipo-de-traducao-nao-classificado","22":"first","23":"outofstock","24":"product-type-simple"},"acf":[],"_links":{"self":[{"href":"https:\/\/www.irdin.org.br\/site\/wp-json\/wp\/v2\/product\/82867","targetHints":{"allow":["GET"]}}],"collection":[{"href":"https:\/\/www.irdin.org.br\/site\/wp-json\/wp\/v2\/product"}],"about":[{"href":"https:\/\/www.irdin.org.br\/site\/wp-json\/wp\/v2\/types\/product"}],"version-history":[{"count":1,"href":"https:\/\/www.irdin.org.br\/site\/wp-json\/wp\/v2\/product\/82867\/revisions"}],"predecessor-version":[{"id":85924,"href":"https:\/\/www.irdin.org.br\/site\/wp-json\/wp\/v2\/product\/82867\/revisions\/85924"}],"wp:featuredmedia":[{"embeddable":true,"href":"https:\/\/www.irdin.org.br\/site\/wp-json\/wp\/v2\/media\/8084"}],"wp:attachment":[{"href":"https:\/\/www.irdin.org.br\/site\/wp-json\/wp\/v2\/media?parent=82867"}],"wp:term":[{"taxonomy":"product_brand","embeddable":true,"href":"https:\/\/www.irdin.org.br\/site\/wp-json\/wp\/v2\/product_brand?post=82867"},{"taxonomy":"product_cat","embeddable":true,"href":"https:\/\/www.irdin.org.br\/site\/wp-json\/wp\/v2\/product_cat?post=82867"},{"taxonomy":"product_tag","embeddable":true,"href":"https:\/\/www.irdin.org.br\/site\/wp-json\/wp\/v2\/product_tag?post=82867"}],"curies":[{"name":"wp","href":"https:\/\/api.w.org\/{rel}","templated":true}]}}