{"id":82871,"date":"2018-04-26T18:12:34","date_gmt":"2018-04-26T18:12:34","guid":{"rendered":"http:\/\/www.irdin.org.br\/site\/produto\/supremas-revelacoes-contatos-com-uma-hierarquia-espiritual\/"},"modified":"2022-01-31T14:15:54","modified_gmt":"2022-01-31T14:15:54","slug":"supremas-revelacoes-contatos-com-uma-hierarquia-espiritual","status":"publish","type":"product","link":"https:\/\/www.irdin.org.br\/site\/produtos\/supremas-revelacoes-contatos-com-uma-hierarquia-espiritual\/","title":{"rendered":"Supremas revela\u00e7\u00f5es &#8211; Contatos com uma Hierarquia Espiritual"},"content":{"rendered":"<p>Nestas palestras Trigueirinho apresenta revela\u00e7\u00f5es transmitidas por Mishuk, instrutora espiritual, que s\u00e3o decisivas para os dias atuais.<br \/>\n&nbsp;<br \/>\n<strong>Faixas:<\/strong><\/p>\n<p><span data-href=\"https:\/\/www.irdin.org.br\/site\/envios\/audios\/2884_0001__por_por__o_ciclo_de_redencao_das_almas.mp3\" data-title=\"1 - o ciclo de reden\u00e7\u00e3o das almas\" data-rel=\"\" data-target=\"\" data-meta=\"#fap-meta-6a05b24147277\" class=\"fap-single-track fap-track-button fap-play-button\" data-enqueue=\"no\" data-autoenqueue=\"no\" title=\"1 - o ciclo de reden\u00e7\u00e3o das almas\"><span class=\"fap-icon-play\"><\/span>Ouvir<\/span> <a href=\"https:\/\/www.irdin.org.br\/site\/envios\/audios\/2884_0001__por_por__o_ciclo_de_redencao_das_almas.mp3\" class=\"baixar\"><span class=\"fa fa-arrow-down\"><\/span>Baixar<\/span><\/a> <span class=\"textobaixar\"> 1 &#8211; o ciclo de reden\u00e7\u00e3o das almas<\/span><br \/>\n<span data-href=\"https:\/\/www.irdin.org.br\/site\/envios\/audios\/2884_0002__por_por__revelacoes_sobre_o_grande_resgate.mp3\" data-title=\"2 - revela\u00e7\u00f5es sobre o grande resgate\" data-rel=\"\" data-target=\"\" data-meta=\"#fap-meta-6a05b24147301\" class=\"fap-single-track fap-track-button fap-play-button\" data-enqueue=\"no\" data-autoenqueue=\"no\" title=\"2 - revela\u00e7\u00f5es sobre o grande resgate\"><span class=\"fap-icon-play\"><\/span>Ouvir<\/span> <a href=\"https:\/\/www.irdin.org.br\/site\/envios\/audios\/2884_0002__por_por__revelacoes_sobre_o_grande_resgate.mp3\" class=\"baixar\"><span class=\"fa fa-arrow-down\"><\/span>Baixar<\/span><\/a> <span class=\"textobaixar\"> 2 &#8211; revela\u00e7\u00f5es sobre o grande resgate<\/span><br \/>\n<span data-href=\"https:\/\/www.irdin.org.br\/site\/envios\/audios\/2884_0003__por_por__a_hierarquia_dos_espelhos_na_transicao_planetaria.mp3\" data-title=\"3 - a hierarquia dos espelhos na transi\u00e7\u00e3o planet\u00e1ria\" data-rel=\"\" data-target=\"\" data-meta=\"#fap-meta-6a05b24147350\" class=\"fap-single-track fap-track-button fap-play-button\" data-enqueue=\"no\" data-autoenqueue=\"no\" title=\"3 - a hierarquia dos espelhos na transi\u00e7\u00e3o planet\u00e1ria\"><span class=\"fap-icon-play\"><\/span>Ouvir<\/span> <a href=\"https:\/\/www.irdin.org.br\/site\/envios\/audios\/2884_0003__por_por__a_hierarquia_dos_espelhos_na_transicao_planetaria.mp3\" class=\"baixar\"><span class=\"fa fa-arrow-down\"><\/span>Baixar<\/span><\/a> <span class=\"textobaixar\"> 3 &#8211; a hierarquia dos espelhos na transi\u00e7\u00e3o planet\u00e1ria<\/span><br \/>\n<span data-href=\"https:\/\/www.irdin.org.br\/site\/envios\/audios\/2884_0004__por_por__a_arte_da_imitacao_do_cristo.mp3\" data-title=\"4 - a arte da imita\u00e7\u00e3o do cristo\" data-rel=\"\" data-target=\"\" data-meta=\"#fap-meta-6a05b241473a6\" class=\"fap-single-track fap-track-button fap-play-button\" data-enqueue=\"no\" data-autoenqueue=\"no\" title=\"4 - a arte da imita\u00e7\u00e3o do cristo\"><span class=\"fap-icon-play\"><\/span>Ouvir<\/span> <a href=\"https:\/\/www.irdin.org.br\/site\/envios\/audios\/2884_0004__por_por__a_arte_da_imitacao_do_cristo.mp3\" class=\"baixar\"><span class=\"fa fa-arrow-down\"><\/span>Baixar<\/span><\/a> <span class=\"textobaixar\"> 4 &#8211; a arte da imita\u00e7\u00e3o do cristo<\/span><br \/>\n<span data-href=\"https:\/\/www.irdin.org.br\/site\/envios\/audios\/2884_0005__por_por__o_reencontro_do_castelo_interior.mp3\" data-title=\"5 - o reencontro do castelo interior\" data-rel=\"\" data-target=\"\" data-meta=\"#fap-meta-6a05b241473ea\" class=\"fap-single-track fap-track-button fap-play-button\" data-enqueue=\"no\" data-autoenqueue=\"no\" title=\"5 - o reencontro do castelo interior\"><span class=\"fap-icon-play\"><\/span>Ouvir<\/span> <a href=\"https:\/\/www.irdin.org.br\/site\/envios\/audios\/2884_0005__por_por__o_reencontro_do_castelo_interior.mp3\" class=\"baixar\"><span class=\"fa fa-arrow-down\"><\/span>Baixar<\/span><\/a> <span class=\"textobaixar\"> 5 &#8211; o reencontro do castelo interior<\/span><\/p>\n<p>&nbsp;<\/p>\n","protected":false},"excerpt":{"rendered":"<p>Nestas palestras Trigueirinho apresenta revela\u00e7\u00f5es transmitidas por Mishuk, instrutora espiritual, que s\u00e3o decisivas para os dias atuais. &nbsp; Faixas: Baixar<\/p>\n","protected":false},"featured_media":8012,"template":"","meta":{"_acf_changed":false},"product_brand":[],"product_cat":[18076,33109],"product_tag":[39121],"class_list":{"0":"post-82871","1":"product","2":"type-product","3":"status-publish","4":"has-post-thumbnail","6":"product_cat-cddvd","7":"product_cat-colecoes","8":"product_tag-39121","9":"pa_autor-trigueirinho","10":"pa_codigo-da-serie-24024","11":"pa_data-de-gravacao-24067","12":"pa_idioma-de-destino-portugues","13":"pa_lancamento-no","14":"pa_midia-cd","15":"pa_moac-39120","16":"pa_quantidade-de-saldo-33067","17":"pa_sequencial-da-serie-31896","18":"pa_tipo-de-traducao-nao-classificado","20":"first","21":"outofstock","22":"product-type-simple"},"acf":[],"_links":{"self":[{"href":"https:\/\/www.irdin.org.br\/site\/wp-json\/wp\/v2\/product\/82871","targetHints":{"allow":["GET"]}}],"collection":[{"href":"https:\/\/www.irdin.org.br\/site\/wp-json\/wp\/v2\/product"}],"about":[{"href":"https:\/\/www.irdin.org.br\/site\/wp-json\/wp\/v2\/types\/product"}],"version-history":[{"count":0,"href":"https:\/\/www.irdin.org.br\/site\/wp-json\/wp\/v2\/product\/82871\/revisions"}],"wp:featuredmedia":[{"embeddable":true,"href":"https:\/\/www.irdin.org.br\/site\/wp-json\/wp\/v2\/media\/8012"}],"wp:attachment":[{"href":"https:\/\/www.irdin.org.br\/site\/wp-json\/wp\/v2\/media?parent=82871"}],"wp:term":[{"taxonomy":"product_brand","embeddable":true,"href":"https:\/\/www.irdin.org.br\/site\/wp-json\/wp\/v2\/product_brand?post=82871"},{"taxonomy":"product_cat","embeddable":true,"href":"https:\/\/www.irdin.org.br\/site\/wp-json\/wp\/v2\/product_cat?post=82871"},{"taxonomy":"product_tag","embeddable":true,"href":"https:\/\/www.irdin.org.br\/site\/wp-json\/wp\/v2\/product_tag?post=82871"}],"curies":[{"name":"wp","href":"https:\/\/api.w.org\/{rel}","templated":true}]}}