{"id":82879,"date":"2018-04-26T18:12:51","date_gmt":"2018-04-26T18:12:51","guid":{"rendered":"http:\/\/www.irdin.org.br\/site\/produto\/visao-espiritual-nas-emergencias\/"},"modified":"2022-01-28T22:25:43","modified_gmt":"2022-01-28T22:25:43","slug":"visao-espiritual-nas-emergencias","status":"publish","type":"product","link":"https:\/\/www.irdin.org.br\/site\/produtos\/visao-espiritual-nas-emergencias\/","title":{"rendered":"Vis\u00e3o Espiritual nas Emerg\u00eancias"},"content":{"rendered":"<p>&nbsp;<br \/>\n<strong>Faixas:<\/strong><\/p>\n<p><span data-href=\"https:\/\/www.irdin.org.br\/site\/envios\/audios\/0062_0001__por_por__visao_espiritual_nas_emergencias_1.mp3\" data-title=\"1 - vis\u00e3o espiritual nas emerg\u00eancias - 1\" data-rel=\"\" data-target=\"\" data-meta=\"#fap-meta-69f35be7f177c\" class=\"fap-single-track fap-track-button fap-play-button\" data-enqueue=\"no\" data-autoenqueue=\"no\" title=\"1 - vis\u00e3o espiritual nas emerg\u00eancias - 1\"><span class=\"fap-icon-play\"><\/span>Ouvir<\/span> <a href=\"https:\/\/www.irdin.org.br\/site\/envios\/audios\/0062_0001__por_por__visao_espiritual_nas_emergencias_1.mp3\" class=\"baixar\" download><span class=\"fa fa-arrow-down\"><\/span>Baixar<\/span><\/a> <span class=\"textobaixar\"> 1 &#8211; vis\u00e3o espiritual nas emerg\u00eancias &#8211; 1<\/span><br \/>\n<span data-href=\"https:\/\/www.irdin.org.br\/site\/envios\/audios\/0062_0002__por_por__visao_espiritual_nas_emergencias_2.mp3\" data-title=\"2 - vis\u00e3o espiritual nas emerg\u00eancias - 2\" data-rel=\"\" data-target=\"\" data-meta=\"#fap-meta-69f35be7f186f\" class=\"fap-single-track fap-track-button fap-play-button\" data-enqueue=\"no\" data-autoenqueue=\"no\" title=\"2 - vis\u00e3o espiritual nas emerg\u00eancias - 2\"><span class=\"fap-icon-play\"><\/span>Ouvir<\/span> <a href=\"https:\/\/www.irdin.org.br\/site\/envios\/audios\/0062_0002__por_por__visao_espiritual_nas_emergencias_2.mp3\" class=\"baixar\" download><span class=\"fa fa-arrow-down\"><\/span>Baixar<\/span><\/a> <span class=\"textobaixar\"> 2 &#8211; vis\u00e3o espiritual nas emerg\u00eancias &#8211; 2<\/span><br \/>\n<span data-href=\"https:\/\/www.irdin.org.br\/site\/envios\/audios\/0062_0003__por_por__visao_espiritual_nas_emergencias_3.mp3\" data-title=\"3 - vis\u00e3o espiritual nas emerg\u00eancias - 3\" data-rel=\"\" data-target=\"\" data-meta=\"#fap-meta-69f35be7f197a\" class=\"fap-single-track fap-track-button fap-play-button\" data-enqueue=\"no\" data-autoenqueue=\"no\" title=\"3 - vis\u00e3o espiritual nas emerg\u00eancias - 3\"><span class=\"fap-icon-play\"><\/span>Ouvir<\/span> <a href=\"https:\/\/www.irdin.org.br\/site\/envios\/audios\/0062_0003__por_por__visao_espiritual_nas_emergencias_3.mp3\" class=\"baixar\" download><span class=\"fa fa-arrow-down\"><\/span>Baixar<\/span><\/a> <span class=\"textobaixar\"> 3 &#8211; vis\u00e3o espiritual nas emerg\u00eancias &#8211; 3<\/span><br \/>\n<span data-href=\"https:\/\/www.irdin.org.br\/site\/envios\/audios\/0062_0004__por_por__visao_espiritual_nas_emergencias_4.mp3\" data-title=\"4 - vis\u00e3o espiritual nas emerg\u00eancias - 4\" data-rel=\"\" data-target=\"\" data-meta=\"#fap-meta-69f35be7f1a3a\" class=\"fap-single-track fap-track-button fap-play-button\" data-enqueue=\"no\" data-autoenqueue=\"no\" title=\"4 - vis\u00e3o espiritual nas emerg\u00eancias - 4\"><span class=\"fap-icon-play\"><\/span>Ouvir<\/span> <a href=\"https:\/\/www.irdin.org.br\/site\/envios\/audios\/0062_0004__por_por__visao_espiritual_nas_emergencias_4.mp3\" class=\"baixar\" download><span class=\"fa fa-arrow-down\"><\/span>Baixar<\/span><\/a> <span class=\"textobaixar\"> 4 &#8211; vis\u00e3o espiritual nas emerg\u00eancias &#8211; 4<\/span><br \/>\n<span data-href=\"https:\/\/www.irdin.org.br\/site\/envios\/audios\/0062_0005__por_por__visao_espiritual_nas_emergencias_5.mp3\" data-title=\"5 - vis\u00e3o espiritual nas emerg\u00eancias - 5\" data-rel=\"\" data-target=\"\" data-meta=\"#fap-meta-69f35be7f1b13\" class=\"fap-single-track fap-track-button fap-play-button\" data-enqueue=\"no\" data-autoenqueue=\"no\" title=\"5 - vis\u00e3o espiritual nas emerg\u00eancias - 5\"><span class=\"fap-icon-play\"><\/span>Ouvir<\/span> <a href=\"https:\/\/www.irdin.org.br\/site\/envios\/audios\/0062_0005__por_por__visao_espiritual_nas_emergencias_5.mp3\" class=\"baixar\" download><span class=\"fa fa-arrow-down\"><\/span>Baixar<\/span><\/a> <span class=\"textobaixar\"> 5 &#8211; vis\u00e3o espiritual nas emerg\u00eancias &#8211; 5<\/span><br \/>\n<span data-href=\"https:\/\/www.irdin.org.br\/site\/envios\/audios\/0062_0006__por_por__visao_espiritual_nas_emergencias_6.mp3\" data-title=\"6 - vis\u00e3o espiritual nas emerg\u00eancias - 6\" data-rel=\"\" data-target=\"\" data-meta=\"#fap-meta-69f35be7f1bce\" class=\"fap-single-track fap-track-button fap-play-button\" data-enqueue=\"no\" data-autoenqueue=\"no\" title=\"6 - vis\u00e3o espiritual nas emerg\u00eancias - 6\"><span class=\"fap-icon-play\"><\/span>Ouvir<\/span> <a href=\"https:\/\/www.irdin.org.br\/site\/envios\/audios\/0062_0006__por_por__visao_espiritual_nas_emergencias_6.mp3\" class=\"baixar\" download><span class=\"fa fa-arrow-down\"><\/span>Baixar<\/span><\/a> <span class=\"textobaixar\"> 6 &#8211; vis\u00e3o espiritual nas emerg\u00eancias &#8211; 6<\/span><\/p>\n<p>&nbsp;<\/p>\n","protected":false},"excerpt":{"rendered":"<p>&nbsp; Faixas: Baixar 1 &#8211; vis\u00e3o espiritual nas emerg\u00eancias &#8211; 1 Baixar 2 &#8211; vis\u00e3o espiritual nas emerg\u00eancias &#8211; 2<\/p>\n","protected":false},"featured_media":73033,"template":"","meta":{"_acf_changed":false},"product_brand":[],"product_cat":[18076,33068],"product_tag":[43813],"class_list":{"0":"post-82879","1":"product","2":"type-product","3":"status-publish","4":"has-post-thumbnail","6":"product_cat-cddvd","7":"product_cat-palestras","8":"product_tag-43813","9":"pa_autor-trigueirinho","10":"pa_codigo-da-serie-24024","11":"pa_data-de-gravacao-24154","12":"pa_idioma-de-destino-portugues","13":"pa_lancamento-no","14":"pa_midia-cd","15":"pa_moac-43812","16":"pa_quantidade-de-saldo-33067","17":"pa_sequencial-da-serie-31914","18":"pa_tipo-de-traducao-nao-classificado","20":"first","21":"outofstock","22":"product-type-simple"},"acf":[],"_links":{"self":[{"href":"https:\/\/www.irdin.org.br\/site\/wp-json\/wp\/v2\/product\/82879","targetHints":{"allow":["GET"]}}],"collection":[{"href":"https:\/\/www.irdin.org.br\/site\/wp-json\/wp\/v2\/product"}],"about":[{"href":"https:\/\/www.irdin.org.br\/site\/wp-json\/wp\/v2\/types\/product"}],"version-history":[{"count":0,"href":"https:\/\/www.irdin.org.br\/site\/wp-json\/wp\/v2\/product\/82879\/revisions"}],"wp:featuredmedia":[{"embeddable":true,"href":"https:\/\/www.irdin.org.br\/site\/wp-json\/wp\/v2\/media\/73033"}],"wp:attachment":[{"href":"https:\/\/www.irdin.org.br\/site\/wp-json\/wp\/v2\/media?parent=82879"}],"wp:term":[{"taxonomy":"product_brand","embeddable":true,"href":"https:\/\/www.irdin.org.br\/site\/wp-json\/wp\/v2\/product_brand?post=82879"},{"taxonomy":"product_cat","embeddable":true,"href":"https:\/\/www.irdin.org.br\/site\/wp-json\/wp\/v2\/product_cat?post=82879"},{"taxonomy":"product_tag","embeddable":true,"href":"https:\/\/www.irdin.org.br\/site\/wp-json\/wp\/v2\/product_tag?post=82879"}],"curies":[{"name":"wp","href":"https:\/\/api.w.org\/{rel}","templated":true}]}}

Visão Espiritual nas Emergências

<p>&nbsp;<br />
<strong>Faixas:</strong></p>
<p><span data-href="https://www.irdin.org.br/site/envios/audios/0062_0001__por_por__visao_espiritual_nas_emergencias_1.mp3" data-title="1 - visão espiritual nas emergências - 1" data-rel="" data-target="" data-meta="#fap-meta-69f35be7f177c" class="fap-single-track fap-track-button fap-play-button" data-enqueue="no" data-autoenqueue="no" title="1 - visão espiritual nas emergências - 1"><span class="fap-icon-play"></span>Ouvir</span> <a href="https://www.irdin.org.br/site/envios/audios/0062_0001__por_por__visao_espiritual_nas_emergencias_1.mp3" class="baixar" download><span class="fa fa-arrow-down"></span>Baixar</span></a> <span class="textobaixar"> 1 &#8211; visão espiritual nas emergências &#8211; 1</span><br />
<span data-href="https://www.irdin.org.br/site/envios/audios/0062_0002__por_por__visao_espiritual_nas_emergencias_2.mp3" data-title="2 - visão espiritual nas emergências - 2" data-rel="" data-target="" data-meta="#fap-meta-69f35be7f186f" class="fap-single-track fap-track-button fap-play-button" data-enqueue="no" data-autoenqueue="no" title="2 - visão espiritual nas emergências - 2"><span class="fap-icon-play"></span>Ouvir</span> <a href="https://www.irdin.org.br/site/envios/audios/0062_0002__por_por__visao_espiritual_nas_emergencias_2.mp3" class="baixar" download><span class="fa fa-arrow-down"></span>Baixar</span></a> <span class="textobaixar"> 2 &#8211; visão espiritual nas emergências &#8211; 2</span><br />
<span data-href="https://www.irdin.org.br/site/envios/audios/0062_0003__por_por__visao_espiritual_nas_emergencias_3.mp3" data-title="3 - visão espiritual nas emergências - 3" data-rel="" data-target="" data-meta="#fap-meta-69f35be7f197a" class="fap-single-track fap-track-button fap-play-button" data-enqueue="no" data-autoenqueue="no" title="3 - visão espiritual nas emergências - 3"><span class="fap-icon-play"></span>Ouvir</span> <a href="https://www.irdin.org.br/site/envios/audios/0062_0003__por_por__visao_espiritual_nas_emergencias_3.mp3" class="baixar" download><span class="fa fa-arrow-down"></span>Baixar</span></a> <span class="textobaixar"> 3 &#8211; visão espiritual nas emergências &#8211; 3</span><br />
<span data-href="https://www.irdin.org.br/site/envios/audios/0062_0004__por_por__visao_espiritual_nas_emergencias_4.mp3" data-title="4 - visão espiritual nas emergências - 4" data-rel="" data-target="" data-meta="#fap-meta-69f35be7f1a3a" class="fap-single-track fap-track-button fap-play-button" data-enqueue="no" data-autoenqueue="no" title="4 - visão espiritual nas emergências - 4"><span class="fap-icon-play"></span>Ouvir</span> <a href="https://www.irdin.org.br/site/envios/audios/0062_0004__por_por__visao_espiritual_nas_emergencias_4.mp3" class="baixar" download><span class="fa fa-arrow-down"></span>Baixar</span></a> <span class="textobaixar"> 4 &#8211; visão espiritual nas emergências &#8211; 4</span><br />
<span data-href="https://www.irdin.org.br/site/envios/audios/0062_0005__por_por__visao_espiritual_nas_emergencias_5.mp3" data-title="5 - visão espiritual nas emergências - 5" data-rel="" data-target="" data-meta="#fap-meta-69f35be7f1b13" class="fap-single-track fap-track-button fap-play-button" data-enqueue="no" data-autoenqueue="no" title="5 - visão espiritual nas emergências - 5"><span class="fap-icon-play"></span>Ouvir</span> <a href="https://www.irdin.org.br/site/envios/audios/0062_0005__por_por__visao_espiritual_nas_emergencias_5.mp3" class="baixar" download><span class="fa fa-arrow-down"></span>Baixar</span></a> <span class="textobaixar"> 5 &#8211; visão espiritual nas emergências &#8211; 5</span><br />
<span data-href="https://www.irdin.org.br/site/envios/audios/0062_0006__por_por__visao_espiritual_nas_emergencias_6.mp3" data-title="6 - visão espiritual nas emergências - 6" data-rel="" data-target="" data-meta="#fap-meta-69f35be7f1bce" class="fap-single-track fap-track-button fap-play-button" data-enqueue="no" data-autoenqueue="no" title="6 - visão espiritual nas emergências - 6"><span class="fap-icon-play"></span>Ouvir</span> <a href="https://www.irdin.org.br/site/envios/audios/0062_0006__por_por__visao_espiritual_nas_emergencias_6.mp3" class="baixar" download><span class="fa fa-arrow-down"></span>Baixar</span></a> <span class="textobaixar"> 6 &#8211; visão espiritual nas emergências &#8211; 6</span></p>
<p>&nbsp;</p>

<p>&nbsp; Faixas: Baixar 1 &#8211; visão espiritual nas emergências &#8211; 1 Baixar 2 &#8211; visão espiritual nas emergências &#8211; 2</p>
