{"id":82882,"date":"2018-04-26T18:12:51","date_gmt":"2018-04-26T18:12:51","guid":{"rendered":"http:\/\/www.irdin.org.br\/site\/produto\/o-infinito-panorama-dos-raios-pendrive\/"},"modified":"2026-05-04T09:08:17","modified_gmt":"2026-05-04T12:08:17","slug":"9788560835874","status":"publish","type":"product","link":"https:\/\/www.irdin.org.br\/site\/produtos\/9788560835874\/","title":{"rendered":"O Infinito Panorama dos Raios (Palestras em \u00e1udio &#8211; pendrive)"},"content":{"rendered":"<p><a style=\"text-decoration: none; width: 370px; height: 45px; line-height: 45px; padding: 0; margin: 0; text-align: center; font-weight: bold; vertical-align: middle; border: 1px dotted transparent; background-color: #a0ce4e; color: #000000;\" href=\"http:\/\/www.trigueirinho.org.br\/o-infinito-panorama-dos-raios\/\" target=\"_blank\" rel=\"noopener\">Ouvir gratuitamente on-line<\/a><\/p>\n<p>As energias fundamentais do cosmos e suas qualidades definidas orientam-nos enquanto se revelam na superf\u00edcie da Terra e se introduzem nas camadas mais elevadas do universo planet\u00e1rio. O transcurso da vida interna e externa decorre da a\u00e7\u00e3o dos Raios. O correto relacionamento do homem com essas energias \u00e9 necess\u00e1rio para a evolu\u00e7\u00e3o superior que o planeta ora atinge. Reconhecermos suas metas e din\u00e2micas \u00e9 condi\u00e7\u00e3o para colaborarmos, com intelig\u00eancia, na obra c\u00f3smica de unir o material com o espiritual. Seu estudo \u00e9 a senda que conduz o homem ao seu pr\u00f3prio interior. Esta colet\u00e2nea representa tamb\u00e9m a possibilidade de reconhecermos a Consci\u00eancia Confederada entre planetas e de entrevermos a inter-rela\u00e7\u00e3o entre universos, tornando-nos mais universais e libertos.<\/p>\n<p>&nbsp;<\/p>\n","protected":false},"excerpt":{"rendered":"<p>Ouvir gratuitamente on-line As energias fundamentais do cosmos e suas qualidades definidas orientam-nos enquanto se revelam na superf\u00edcie da Terra<\/p>\n","protected":false},"featured_media":71005,"template":"","meta":{"_acf_changed":false},"product_brand":[],"product_cat":[18076,33136],"product_tag":[39141],"class_list":{"0":"post-82882","1":"product","2":"type-product","3":"status-publish","4":"has-post-thumbnail","6":"product_cat-cddvd","7":"product_cat-pendrive","8":"product_tag-39141","9":"pa_autor-trigueirinho","10":"pa_codigo-da-serie-24024","11":"pa_codigo-de-barras-33132","12":"pa_data-de-gravacao-18141","13":"pa_idioma-de-destino-portugues","14":"pa_lancamento-no","15":"pa_midia-pen-drive","16":"pa_moac-39140","17":"pa_quantidade-de-saldo-23847","18":"pa_sequencial-da-serie-31933","19":"pa_tipo-de-traducao-nao-classificado","21":"first","22":"instock","23":"purchasable","24":"product-type-simple"},"acf":[],"_links":{"self":[{"href":"https:\/\/www.irdin.org.br\/site\/wp-json\/wp\/v2\/product\/82882","targetHints":{"allow":["GET"]}}],"collection":[{"href":"https:\/\/www.irdin.org.br\/site\/wp-json\/wp\/v2\/product"}],"about":[{"href":"https:\/\/www.irdin.org.br\/site\/wp-json\/wp\/v2\/types\/product"}],"version-history":[{"count":2,"href":"https:\/\/www.irdin.org.br\/site\/wp-json\/wp\/v2\/product\/82882\/revisions"}],"predecessor-version":[{"id":109613,"href":"https:\/\/www.irdin.org.br\/site\/wp-json\/wp\/v2\/product\/82882\/revisions\/109613"}],"wp:featuredmedia":[{"embeddable":true,"href":"https:\/\/www.irdin.org.br\/site\/wp-json\/wp\/v2\/media\/71005"}],"wp:attachment":[{"href":"https:\/\/www.irdin.org.br\/site\/wp-json\/wp\/v2\/media?parent=82882"}],"wp:term":[{"taxonomy":"product_brand","embeddable":true,"href":"https:\/\/www.irdin.org.br\/site\/wp-json\/wp\/v2\/product_brand?post=82882"},{"taxonomy":"product_cat","embeddable":true,"href":"https:\/\/www.irdin.org.br\/site\/wp-json\/wp\/v2\/product_cat?post=82882"},{"taxonomy":"product_tag","embeddable":true,"href":"https:\/\/www.irdin.org.br\/site\/wp-json\/wp\/v2\/product_tag?post=82882"}],"curies":[{"name":"wp","href":"https:\/\/api.w.org\/{rel}","templated":true}]}}