{"id":82919,"date":"2018-04-26T18:13:23","date_gmt":"2018-04-26T18:13:23","guid":{"rendered":"http:\/\/www.irdin.org.br\/site\/produto\/palavras-para-a-transicao-planetaria\/"},"modified":"2025-03-15T23:36:38","modified_gmt":"2025-03-15T23:36:38","slug":"palavras-para-a-transicao-planetaria","status":"publish","type":"product","link":"https:\/\/www.irdin.org.br\/site\/produtos\/palavras-para-a-transicao-planetaria\/","title":{"rendered":"Palavras para a Transi\u00e7\u00e3o Planet\u00e1ria"},"content":{"rendered":"<p>Introdu\u00e7\u00e3o de Trigueirinho \/ Apari\u00e7\u00e3o extraordin\u00e1ria da Virgem Maria de 24 de maio de 2017 \/ C\u00e2ntico \u00b4Criador Supremo\u00b4 \/ Apari\u00e7\u00e3o da Virgem Maria de 25 de maio de 2017 \/ C\u00e2ntico \u00b4Maravilhas\u00b4<\/p>\n<p><strong>Faixas:<\/strong><\/p>\n<p><span data-href=\"https:\/\/www.irdin.org.br\/site\/envios\/audios\/2914_0001__por_por__introducao_de_trigueirinho.mp3\" data-title=\"01 - introdu\u00e7\u00e3o de trigueirinho\" data-rel=\"\" data-target=\"\" data-meta=\"#fap-meta-6a04d08c8a312\" class=\"fap-single-track fap-track-button fap-play-button\" data-enqueue=\"no\" data-autoenqueue=\"no\" title=\"01 - introdu\u00e7\u00e3o de trigueirinho\"><span class=\"fap-icon-play\"><\/span>Ouvir<\/span> <a class=\"baixar\" href=\"https:\/\/www.irdin.org.br\/site\/envios\/audios\/2914_0001__por_por__introducao_de_trigueirinho.mp3\" download=\"\">Baixar<\/a> <span class=\"textobaixar\"> 01 &#8211; introdu\u00e7\u00e3o de trigueirinho<\/span><br \/>\n<span data-href=\"https:\/\/www.irdin.org.br\/site\/envios\/audios\/2913_0001__spa_por__aparicao_extraordinaria_da_virgem_maria_de_2017_05_24.mp3\" data-title=\"02 - apari\u00e7\u00e3o extraordin\u00e1ria da virgem maria de 24 de maio de 2017\" data-rel=\"\" data-target=\"\" data-meta=\"#fap-meta-6a04d08c8a37a\" class=\"fap-single-track fap-track-button fap-play-button\" data-enqueue=\"no\" data-autoenqueue=\"no\" title=\"02 - apari\u00e7\u00e3o extraordin\u00e1ria da virgem maria de 24 de maio de 2017\"><span class=\"fap-icon-play\"><\/span>Ouvir<\/span> <a class=\"baixar\" href=\"https:\/\/www.irdin.org.br\/site\/envios\/audios\/2913_0001__spa_por__aparicao_extraordinaria_da_virgem_maria_de_2017_05_24.mp3\" download=\"\">Baixar<\/a> <span class=\"textobaixar\"> 02 &#8211; apari\u00e7\u00e3o extraordin\u00e1ria da virgem maria de 24 de maio de 2017<\/span><br \/>\n<span data-href=\"https:\/\/www.irdin.org.br\/site\/envios\/audios\/2915_0001__spa_por__cantico_criador_supremo.mp3\" data-title=\"03 - c\u00e2ntico - criador supremo\" data-rel=\"\" data-target=\"\" data-meta=\"#fap-meta-6a04d08c8a3c3\" class=\"fap-single-track fap-track-button fap-play-button\" data-enqueue=\"no\" data-autoenqueue=\"no\" title=\"03 - c\u00e2ntico - criador supremo\"><span class=\"fap-icon-play\"><\/span>Ouvir<\/span> <a class=\"baixar\" href=\"https:\/\/www.irdin.org.br\/site\/envios\/audios\/2915_0001__spa_por__cantico_criador_supremo.mp3\" download=\"\">Baixar<\/a> <span class=\"textobaixar\"> 03 &#8211; c\u00e2ntico &#8211; criador supremo<\/span><br \/>\n<span data-href=\"https:\/\/www.irdin.org.br\/site\/envios\/audios\/2913_0002__spa_por__aparicao_da_virgem_maria_de_2017_05_25.mp3\" data-title=\"04 - apari\u00e7\u00e3o da virgem maria de 25 de maio de 2017\" data-rel=\"\" data-target=\"\" data-meta=\"#fap-meta-6a04d08c8a40c\" class=\"fap-single-track fap-track-button fap-play-button\" data-enqueue=\"no\" data-autoenqueue=\"no\" title=\"04 - apari\u00e7\u00e3o da virgem maria de 25 de maio de 2017\"><span class=\"fap-icon-play\"><\/span>Ouvir<\/span> <a class=\"baixar\" href=\"https:\/\/www.irdin.org.br\/site\/envios\/audios\/2913_0002__spa_por__aparicao_da_virgem_maria_de_2017_05_25.mp3\" download=\"\">Baixar<\/a> <span class=\"textobaixar\"> 04 &#8211; apari\u00e7\u00e3o da virgem maria de 25 de maio de 2017<\/span><br \/>\n<span data-href=\"https:\/\/www.irdin.org.br\/site\/envios\/audios\/2915_0002__por_por__cantico_maravilhas.mp3\" data-title=\"05 - c\u00e2ntico - maravilhas\" data-rel=\"\" data-target=\"\" data-meta=\"#fap-meta-6a04d08c8a44b\" class=\"fap-single-track fap-track-button fap-play-button\" data-enqueue=\"no\" data-autoenqueue=\"no\" title=\"05 - c\u00e2ntico - maravilhas\"><span class=\"fap-icon-play\"><\/span>Ouvir<\/span> <a class=\"baixar\" href=\"https:\/\/www.irdin.org.br\/site\/envios\/audios\/2915_0002__por_por__cantico_maravilhas.mp3\" download=\"\">Baixar<\/a> <span class=\"textobaixar\"> 05 &#8211; c\u00e2ntico &#8211; maravilhas<\/span><\/p>\n<p>&nbsp;<\/p>\n","protected":false},"excerpt":{"rendered":"<p>Introdu\u00e7\u00e3o de Trigueirinho \/ Apari\u00e7\u00e3o extraordin\u00e1ria da Virgem Maria de 24 de maio de 2017 \/ C\u00e2ntico \u00b4Criador Supremo\u00b4 \/<\/p>\n","protected":false},"featured_media":37803,"template":"","meta":{"_acf_changed":false},"product_brand":[],"product_cat":[18076,33068],"product_tag":[39177],"class_list":{"0":"post-82919","1":"product","2":"type-product","3":"status-publish","4":"has-post-thumbnail","6":"product_cat-cddvd","7":"product_cat-palestras","8":"product_tag-39177","9":"pa_autor-trigueirinho","10":"pa_codigo-da-serie-24289","11":"pa_data-de-gravacao-33982","12":"pa_idioma-de-destino-portugues","13":"pa_lancamento-no","14":"pa_midia-cd","15":"pa_moac-39176","16":"pa_quantidade-de-saldo-33067","17":"pa_sequencial-da-serie-31878","18":"pa_tipo-de-traducao-nao-classificado","20":"first","21":"outofstock","22":"product-type-simple"},"acf":[],"_links":{"self":[{"href":"https:\/\/www.irdin.org.br\/site\/wp-json\/wp\/v2\/product\/82919","targetHints":{"allow":["GET"]}}],"collection":[{"href":"https:\/\/www.irdin.org.br\/site\/wp-json\/wp\/v2\/product"}],"about":[{"href":"https:\/\/www.irdin.org.br\/site\/wp-json\/wp\/v2\/types\/product"}],"version-history":[{"count":2,"href":"https:\/\/www.irdin.org.br\/site\/wp-json\/wp\/v2\/product\/82919\/revisions"}],"predecessor-version":[{"id":109182,"href":"https:\/\/www.irdin.org.br\/site\/wp-json\/wp\/v2\/product\/82919\/revisions\/109182"}],"wp:featuredmedia":[{"embeddable":true,"href":"https:\/\/www.irdin.org.br\/site\/wp-json\/wp\/v2\/media\/37803"}],"wp:attachment":[{"href":"https:\/\/www.irdin.org.br\/site\/wp-json\/wp\/v2\/media?parent=82919"}],"wp:term":[{"taxonomy":"product_brand","embeddable":true,"href":"https:\/\/www.irdin.org.br\/site\/wp-json\/wp\/v2\/product_brand?post=82919"},{"taxonomy":"product_cat","embeddable":true,"href":"https:\/\/www.irdin.org.br\/site\/wp-json\/wp\/v2\/product_cat?post=82919"},{"taxonomy":"product_tag","embeddable":true,"href":"https:\/\/www.irdin.org.br\/site\/wp-json\/wp\/v2\/product_tag?post=82919"}],"curies":[{"name":"wp","href":"https:\/\/api.w.org\/{rel}","templated":true}]}}