{"id":82937,"date":"2018-04-26T18:13:23","date_gmt":"2018-04-26T18:13:23","guid":{"rendered":"http:\/\/www.irdin.org.br\/site\/produto\/o-trajeto-da-consciencia-indigena-2a-parte-palestra-do-45o-encontro-geral-de-figueira\/"},"modified":"2025-03-13T01:35:40","modified_gmt":"2025-03-13T01:35:40","slug":"o-trajeto-da-consciencia-indigena-2a-parte-palestra-do-45o-encontro-geral-de-figueira","status":"publish","type":"product","link":"https:\/\/www.irdin.org.br\/site\/produtos\/o-trajeto-da-consciencia-indigena-2a-parte-palestra-do-45o-encontro-geral-de-figueira\/","title":{"rendered":"O trajeto da consci\u00eancia ind\u00edgena &#8211; 2\u00aa parte &#8211; Palestra do 45\u00ba Encontro Geral de Figueira"},"content":{"rendered":"<p><em>O que \u00e9 consci\u00eancia, como e onde surge e se desenvolve. O papel das consci\u00eancias humanas no Cosmos e o trajeto da consci\u00eancia ind\u00edgena nesse sublime projeto.<\/em><\/p>\n<p>&nbsp;<br \/>\n<strong>Ou\u00e7a agora:<\/strong><\/p>\n<p><span data-href=\"https:\/\/www.irdin.org.br\/site\/envios\/audios\/0060_0009__por_por__o_trajeto_da_consciencia_indigena_2a_parte.mp3\" data-title=\"o trajeto da consci\u00eancia ind\u00edgena - 2\u00aa parte\" data-rel=\"\" data-target=\"\" data-meta=\"#fap-meta-69e4c7bf5b0c9\" class=\"fap-single-track fap-track-button fap-play-button\" data-enqueue=\"no\" data-autoenqueue=\"no\" title=\"o trajeto da consci\u00eancia ind\u00edgena - 2\u00aa parte\"><span class=\"fap-icon-play\"><\/span>Ouvir<\/span> <a href=\"https:\/\/www.irdin.org.br\/site\/envios\/audios\/0060_0009__por_por__o_trajeto_da_consciencia_indigena_2a_parte.mp3\" class=\"baixar\" download><span class=\"fa fa-arrow-down\"><\/span>Baixar<\/span><\/a> <span class=\"textobaixar\"> o trajeto da consci\u00eancia ind\u00edgena &#8211; 2\u00aa parte<\/span><\/p>\n<p>&nbsp;<\/p>\n","protected":false},"excerpt":{"rendered":"<p>O que \u00e9 consci\u00eancia, como e onde surge e se desenvolve. O papel das consci\u00eancias humanas no Cosmos e o<\/p>\n","protected":false},"featured_media":37803,"template":"","meta":{"_acf_changed":false},"product_brand":[],"product_cat":[18076,33068],"product_tag":[39211],"class_list":{"0":"post-82937","1":"product","2":"type-product","3":"status-publish","4":"has-post-thumbnail","6":"product_cat-cddvd","7":"product_cat-palestras","8":"product_tag-39211","9":"pa_autor-frei-thomas","10":"pa_codigo-da-serie-32842","11":"pa_data-de-gravacao-31781","12":"pa_idioma-de-destino-portugues","13":"pa_lancamento-no","14":"pa_midia-cd","15":"pa_moac-39210","16":"pa_quantidade-de-saldo-33067","17":"pa_sequencial-da-serie-31889","18":"pa_tipo-de-traducao-nao-classificado","20":"first","21":"outofstock","22":"product-type-simple"},"acf":[],"_links":{"self":[{"href":"https:\/\/www.irdin.org.br\/site\/wp-json\/wp\/v2\/product\/82937","targetHints":{"allow":["GET"]}}],"collection":[{"href":"https:\/\/www.irdin.org.br\/site\/wp-json\/wp\/v2\/product"}],"about":[{"href":"https:\/\/www.irdin.org.br\/site\/wp-json\/wp\/v2\/types\/product"}],"version-history":[{"count":1,"href":"https:\/\/www.irdin.org.br\/site\/wp-json\/wp\/v2\/product\/82937\/revisions"}],"predecessor-version":[{"id":108134,"href":"https:\/\/www.irdin.org.br\/site\/wp-json\/wp\/v2\/product\/82937\/revisions\/108134"}],"wp:featuredmedia":[{"embeddable":true,"href":"https:\/\/www.irdin.org.br\/site\/wp-json\/wp\/v2\/media\/37803"}],"wp:attachment":[{"href":"https:\/\/www.irdin.org.br\/site\/wp-json\/wp\/v2\/media?parent=82937"}],"wp:term":[{"taxonomy":"product_brand","embeddable":true,"href":"https:\/\/www.irdin.org.br\/site\/wp-json\/wp\/v2\/product_brand?post=82937"},{"taxonomy":"product_cat","embeddable":true,"href":"https:\/\/www.irdin.org.br\/site\/wp-json\/wp\/v2\/product_cat?post=82937"},{"taxonomy":"product_tag","embeddable":true,"href":"https:\/\/www.irdin.org.br\/site\/wp-json\/wp\/v2\/product_tag?post=82937"}],"curies":[{"name":"wp","href":"https:\/\/api.w.org\/{rel}","templated":true}]}}