{"id":82963,"date":"2018-04-26T18:14:08","date_gmt":"2018-04-26T18:14:08","guid":{"rendered":"http:\/\/www.irdin.org.br\/site\/produto\/as-cores-na-cura-e-a-formacao-da-nossa-nave\/"},"modified":"2024-09-23T19:31:34","modified_gmt":"2024-09-23T19:31:34","slug":"as-cores-na-cura-e-a-formacao-da-nossa-nave","status":"publish","type":"product","link":"https:\/\/www.irdin.org.br\/site\/produtos\/as-cores-na-cura-e-a-formacao-da-nossa-nave\/","title":{"rendered":"As cores na cura e a forma\u00e7\u00e3o da nossa nave"},"content":{"rendered":"<p><em>Tornar-se receptivo \u00e0 atua\u00e7\u00e3o das cores.A forma\u00e7\u00e3o do corpo de luz por meio do servi\u00e7o.<\/em><\/p>\n<p>&nbsp;<br \/>\n<strong>Ou\u00e7a agora:<\/strong><\/p>\n<p><span data-href=\"https:\/\/www.irdin.org.br\/site\/envios\/audios\/0020_0047__por_por__as_cores_na_cura_e_a_formacao_da_nossa_nave.mp3\" data-title=\"as cores na cura e a forma\u00e7\u00e3o da nossa nave\" data-rel=\"\" data-target=\"\" data-meta=\"#fap-meta-69f720446f1dd\" class=\"fap-single-track fap-track-button fap-play-button\" data-enqueue=\"no\" data-autoenqueue=\"no\" title=\"as cores na cura e a forma\u00e7\u00e3o da nossa nave\"><span class=\"fap-icon-play\"><\/span>Ouvir<\/span> <a href=\"https:\/\/www.irdin.org.br\/site\/envios\/audios\/0020_0047__por_por__as_cores_na_cura_e_a_formacao_da_nossa_nave.mp3\" class=\"baixar\" download><span class=\"fa fa-arrow-down\"><\/span>Baixar<\/span><\/a> <span class=\"textobaixar\"> as cores na cura e a forma\u00e7\u00e3o da nossa nave<\/span><\/p>\n<p>&nbsp;<\/p>\n","protected":false},"excerpt":{"rendered":"<p>Tornar-se receptivo \u00e0 atua\u00e7\u00e3o das cores.A forma\u00e7\u00e3o do corpo de luz por meio do servi\u00e7o. &nbsp; Ou\u00e7a agora: Baixar as<\/p>\n","protected":false},"featured_media":37803,"template":"","meta":{"_acf_changed":false},"product_brand":[],"product_cat":[18076,33068,43099],"product_tag":[39263],"class_list":{"0":"post-82963","1":"product","2":"type-product","3":"status-publish","4":"has-post-thumbnail","6":"product_cat-cddvd","7":"product_cat-palestras","8":"product_cat-palestras-cddvd","9":"product_tag-39263","10":"pa_autor-trigueirinho","11":"pa_codigo-da-serie-32786","12":"pa_codigo-externo-00200047porcd","13":"pa_data-de-gravacao-20334","14":"pa_duracao-42min23s","15":"pa_idioma-de-destino-portugues","16":"pa_idioma-de-origem-portugues","17":"pa_lancamento-no","18":"pa_midia-cd","19":"pa_moac-39262","20":"pa_quantidade-de-saldo-33067","21":"pa_sequencial-da-serie-31923","22":"pa_tipo-de-traducao-nao-classificado","24":"first","25":"outofstock","26":"product-type-simple"},"acf":[],"_links":{"self":[{"href":"https:\/\/www.irdin.org.br\/site\/wp-json\/wp\/v2\/product\/82963","targetHints":{"allow":["GET"]}}],"collection":[{"href":"https:\/\/www.irdin.org.br\/site\/wp-json\/wp\/v2\/product"}],"about":[{"href":"https:\/\/www.irdin.org.br\/site\/wp-json\/wp\/v2\/types\/product"}],"version-history":[{"count":1,"href":"https:\/\/www.irdin.org.br\/site\/wp-json\/wp\/v2\/product\/82963\/revisions"}],"predecessor-version":[{"id":107669,"href":"https:\/\/www.irdin.org.br\/site\/wp-json\/wp\/v2\/product\/82963\/revisions\/107669"}],"wp:featuredmedia":[{"embeddable":true,"href":"https:\/\/www.irdin.org.br\/site\/wp-json\/wp\/v2\/media\/37803"}],"wp:attachment":[{"href":"https:\/\/www.irdin.org.br\/site\/wp-json\/wp\/v2\/media?parent=82963"}],"wp:term":[{"taxonomy":"product_brand","embeddable":true,"href":"https:\/\/www.irdin.org.br\/site\/wp-json\/wp\/v2\/product_brand?post=82963"},{"taxonomy":"product_cat","embeddable":true,"href":"https:\/\/www.irdin.org.br\/site\/wp-json\/wp\/v2\/product_cat?post=82963"},{"taxonomy":"product_tag","embeddable":true,"href":"https:\/\/www.irdin.org.br\/site\/wp-json\/wp\/v2\/product_tag?post=82963"}],"curies":[{"name":"wp","href":"https:\/\/api.w.org\/{rel}","templated":true}]}}

As cores na cura e a formação da nossa nave

<p><em>Tornar-se receptivo à atuação das cores.A formação do corpo de luz por meio do serviço.</em></p>
<p>&nbsp;<br />
<strong>Ouça agora:</strong></p>
<p><span data-href="https://www.irdin.org.br/site/envios/audios/0020_0047__por_por__as_cores_na_cura_e_a_formacao_da_nossa_nave.mp3" data-title="as cores na cura e a formação da nossa nave" data-rel="" data-target="" data-meta="#fap-meta-69f720446f1dd" class="fap-single-track fap-track-button fap-play-button" data-enqueue="no" data-autoenqueue="no" title="as cores na cura e a formação da nossa nave"><span class="fap-icon-play"></span>Ouvir</span> <a href="https://www.irdin.org.br/site/envios/audios/0020_0047__por_por__as_cores_na_cura_e_a_formacao_da_nossa_nave.mp3" class="baixar" download><span class="fa fa-arrow-down"></span>Baixar</span></a> <span class="textobaixar"> as cores na cura e a formação da nossa nave</span></p>
<p>&nbsp;</p>

<p>Tornar-se receptivo à atuação das cores.A formação do corpo de luz por meio do serviço. &nbsp; Ouça agora: Baixar as</p>
