{"id":82997,"date":"2018-04-26T18:14:26","date_gmt":"2018-04-26T18:14:26","guid":{"rendered":"http:\/\/www.irdin.org.br\/site\/produto\/nova-relacao-com-os-reinos-da-natureza\/"},"modified":"2025-03-15T23:30:46","modified_gmt":"2025-03-15T23:30:46","slug":"nova-relacao-com-os-reinos-da-natureza","status":"publish","type":"product","link":"https:\/\/www.irdin.org.br\/site\/produtos\/nova-relacao-com-os-reinos-da-natureza\/","title":{"rendered":"Nova rela\u00e7\u00e3o com os reinos da Natureza"},"content":{"rendered":"<p><em>Para colaborarmos com os reinos da Natureza naquilo que eles t\u00eam que desenvolver hoje, precisamos de luz interna e disposi\u00e7\u00e3o a deixar de lado o pr\u00f3prio ego\u00edsmo.<\/em><\/p>\n<p>&nbsp;<br \/>\n<strong>Ou\u00e7a agora:<\/strong><\/p>\n<p><span data-href=\"https:\/\/www.irdin.org.br\/site\/envios\/audios\/0020_0081__por_por__nova_relacao_com_os_reinos_da_natureza.mp3\" data-title=\"nova rela\u00e7\u00e3o com os reinos da natureza\" data-rel=\"\" data-target=\"\" data-meta=\"#fap-meta-69f33c449217a\" class=\"fap-single-track fap-track-button fap-play-button\" data-enqueue=\"no\" data-autoenqueue=\"no\" title=\"nova rela\u00e7\u00e3o com os reinos da natureza\"><span class=\"fap-icon-play\"><\/span>Ouvir<\/span> <a href=\"https:\/\/www.irdin.org.br\/site\/envios\/audios\/0020_0081__por_por__nova_relacao_com_os_reinos_da_natureza.mp3\" class=\"baixar\" download><span class=\"fa fa-arrow-down\"><\/span>Baixar<\/span><\/a> <span class=\"textobaixar\"> nova rela\u00e7\u00e3o com os reinos da natureza<\/span><\/p>\n<p>&nbsp;<\/p>\n","protected":false},"excerpt":{"rendered":"<p>Para colaborarmos com os reinos da Natureza naquilo que eles t\u00eam que desenvolver hoje, precisamos de luz interna e disposi\u00e7\u00e3o<\/p>\n","protected":false},"featured_media":37803,"template":"","meta":{"_acf_changed":false},"product_brand":[],"product_cat":[18076,33068],"product_tag":[39331],"class_list":{"0":"post-82997","1":"product","2":"type-product","3":"status-publish","4":"has-post-thumbnail","6":"product_cat-cddvd","7":"product_cat-palestras","8":"product_tag-39331","9":"pa_autor-trigueirinho","10":"pa_codigo-da-serie-32786","11":"pa_codigo-externo-00200081porcd","12":"pa_data-de-gravacao-20446","13":"pa_duracao-27min","14":"pa_idioma-de-destino-portugues","15":"pa_idioma-de-origem-portugues","16":"pa_lancamento-no","17":"pa_midia-cd","18":"pa_moac-39330","19":"pa_quantidade-de-saldo-33067","20":"pa_sequencial-da-serie-32785","21":"pa_tipo-de-traducao-nao-classificado","23":"first","24":"outofstock","25":"product-type-simple"},"acf":[],"_links":{"self":[{"href":"https:\/\/www.irdin.org.br\/site\/wp-json\/wp\/v2\/product\/82997","targetHints":{"allow":["GET"]}}],"collection":[{"href":"https:\/\/www.irdin.org.br\/site\/wp-json\/wp\/v2\/product"}],"about":[{"href":"https:\/\/www.irdin.org.br\/site\/wp-json\/wp\/v2\/types\/product"}],"version-history":[{"count":1,"href":"https:\/\/www.irdin.org.br\/site\/wp-json\/wp\/v2\/product\/82997\/revisions"}],"predecessor-version":[{"id":109157,"href":"https:\/\/www.irdin.org.br\/site\/wp-json\/wp\/v2\/product\/82997\/revisions\/109157"}],"wp:featuredmedia":[{"embeddable":true,"href":"https:\/\/www.irdin.org.br\/site\/wp-json\/wp\/v2\/media\/37803"}],"wp:attachment":[{"href":"https:\/\/www.irdin.org.br\/site\/wp-json\/wp\/v2\/media?parent=82997"}],"wp:term":[{"taxonomy":"product_brand","embeddable":true,"href":"https:\/\/www.irdin.org.br\/site\/wp-json\/wp\/v2\/product_brand?post=82997"},{"taxonomy":"product_cat","embeddable":true,"href":"https:\/\/www.irdin.org.br\/site\/wp-json\/wp\/v2\/product_cat?post=82997"},{"taxonomy":"product_tag","embeddable":true,"href":"https:\/\/www.irdin.org.br\/site\/wp-json\/wp\/v2\/product_tag?post=82997"}],"curies":[{"name":"wp","href":"https:\/\/api.w.org\/{rel}","templated":true}]}}