{"id":83043,"date":"2018-04-26T18:15:18","date_gmt":"2018-04-26T18:15:18","guid":{"rendered":"http:\/\/www.irdin.org.br\/site\/produto\/ilhas-de-salvacao\/"},"modified":"2019-12-06T19:50:38","modified_gmt":"2019-12-06T19:50:38","slug":"ilhas-de-salvacao","status":"publish","type":"product","link":"https:\/\/www.irdin.org.br\/site\/produtos\/ilhas-de-salvacao\/","title":{"rendered":"Ilhas de salva\u00e7\u00e3o"},"content":{"rendered":"<p><em>Para camp\u00e2nulas magn\u00e9ticas especiais ser\u00e3o conduzidos os que semear\u00e3o a vida terrestre futura: quem se elevou, expandiu a pr\u00f3pria consci\u00eancia e se salvou de permanecer no n\u00edvel do ego.<\/em><\/p>\n<p>&nbsp;<br \/>\n<strong>Ou\u00e7a agora:<\/strong><\/p>\n<p><span data-href=\"https:\/\/www.irdin.org.br\/site\/envios\/audios\/0032_0082__por_por__ilhas_de_salvacao.mp3\" data-title=\"ilhas de salva\u00e7\u00e3o\" data-rel=\"\" data-target=\"\" data-meta=\"#fap-meta-69ede8d2dc082\" class=\"fap-single-track fap-track-button fap-play-button\" data-enqueue=\"no\" data-autoenqueue=\"no\" title=\"ilhas de salva\u00e7\u00e3o\"><span class=\"fap-icon-play\"><\/span>Ouvir<\/span> <a href=\"https:\/\/www.irdin.org.br\/site\/envios\/audios\/0032_0082__por_por__ilhas_de_salvacao.mp3\" class=\"baixar\" download><span class=\"fa fa-arrow-down\"><\/span>Baixar<\/span><\/a> <span class=\"textobaixar\"> ilhas de salva\u00e7\u00e3o<\/span><\/p>\n<p>&nbsp;<\/p>\n","protected":false},"excerpt":{"rendered":"<p>Para camp\u00e2nulas magn\u00e9ticas especiais ser\u00e3o conduzidos os que semear\u00e3o a vida terrestre futura: quem se elevou, expandiu a pr\u00f3pria consci\u00eancia<\/p>\n","protected":false},"featured_media":37803,"template":"","meta":{"_acf_changed":false},"product_brand":[],"product_cat":[18076,33068],"product_tag":[39423],"class_list":{"0":"post-83043","1":"product","2":"type-product","3":"status-publish","4":"has-post-thumbnail","6":"product_cat-cddvd","7":"product_cat-palestras","8":"product_tag-39423","9":"pa_autor-trigueirinho","10":"pa_codigo-da-serie-32788","11":"pa_data-de-gravacao-26541","12":"pa_idioma-de-destino-portugues","13":"pa_lancamento-no","14":"pa_midia-cd","15":"pa_moac-39422","16":"pa_quantidade-de-saldo-33067","17":"pa_sequencial-da-serie-32022","18":"pa_tipo-de-traducao-nao-classificado","20":"first","21":"outofstock","22":"product-type-simple"},"acf":[],"_links":{"self":[{"href":"https:\/\/www.irdin.org.br\/site\/wp-json\/wp\/v2\/product\/83043","targetHints":{"allow":["GET"]}}],"collection":[{"href":"https:\/\/www.irdin.org.br\/site\/wp-json\/wp\/v2\/product"}],"about":[{"href":"https:\/\/www.irdin.org.br\/site\/wp-json\/wp\/v2\/types\/product"}],"version-history":[{"count":0,"href":"https:\/\/www.irdin.org.br\/site\/wp-json\/wp\/v2\/product\/83043\/revisions"}],"wp:featuredmedia":[{"embeddable":true,"href":"https:\/\/www.irdin.org.br\/site\/wp-json\/wp\/v2\/media\/37803"}],"wp:attachment":[{"href":"https:\/\/www.irdin.org.br\/site\/wp-json\/wp\/v2\/media?parent=83043"}],"wp:term":[{"taxonomy":"product_brand","embeddable":true,"href":"https:\/\/www.irdin.org.br\/site\/wp-json\/wp\/v2\/product_brand?post=83043"},{"taxonomy":"product_cat","embeddable":true,"href":"https:\/\/www.irdin.org.br\/site\/wp-json\/wp\/v2\/product_cat?post=83043"},{"taxonomy":"product_tag","embeddable":true,"href":"https:\/\/www.irdin.org.br\/site\/wp-json\/wp\/v2\/product_tag?post=83043"}],"curies":[{"name":"wp","href":"https:\/\/api.w.org\/{rel}","templated":true}]}}

Ilhas de salvação

<p><em>Para campânulas magnéticas especiais serão conduzidos os que semearão a vida terrestre futura: quem se elevou, expandiu a própria consciência e se salvou de permanecer no nível do ego.</em></p>
<p>&nbsp;<br />
<strong>Ouça agora:</strong></p>
<p><span data-href="https://www.irdin.org.br/site/envios/audios/0032_0082__por_por__ilhas_de_salvacao.mp3" data-title="ilhas de salvação" data-rel="" data-target="" data-meta="#fap-meta-69ede8d2dc082" class="fap-single-track fap-track-button fap-play-button" data-enqueue="no" data-autoenqueue="no" title="ilhas de salvação"><span class="fap-icon-play"></span>Ouvir</span> <a href="https://www.irdin.org.br/site/envios/audios/0032_0082__por_por__ilhas_de_salvacao.mp3" class="baixar" download><span class="fa fa-arrow-down"></span>Baixar</span></a> <span class="textobaixar"> ilhas de salvação</span></p>
<p>&nbsp;</p>

<p>Para campânulas magnéticas especiais serão conduzidos os que semearão a vida terrestre futura: quem se elevou, expandiu a própria consciência</p>
