{"id":83055,"date":"2018-04-26T18:15:18","date_gmt":"2018-04-26T18:15:18","guid":{"rendered":"http:\/\/www.irdin.org.br\/site\/produto\/diagnosticos-e-depressao\/"},"modified":"2025-03-15T22:41:50","modified_gmt":"2025-03-15T22:41:50","slug":"diagnosticos-e-depressao","status":"publish","type":"product","link":"https:\/\/www.irdin.org.br\/site\/produtos\/diagnosticos-e-depressao\/","title":{"rendered":"Diagn\u00f3sticos e depress\u00e3o"},"content":{"rendered":"<p><em>Meios n\u00e3o convencionais de diagnosticar: clarivid\u00eancia, conhecimento an\u00edmico e transfer\u00eancia oculta. Causas energ\u00e9ticas da depress\u00e3o hoje.<\/em><\/p>\n<p>&nbsp;<br \/>\n<strong>Ou\u00e7a agora:<\/strong><\/p>\n<p><span data-href=\"https:\/\/www.irdin.org.br\/site\/envios\/audios\/0034_0007__por_por__diagnosticos_e_depressao.mp3\" data-title=\"diagn\u00f3sticos e depress\u00e3o\" data-rel=\"\" data-target=\"\" data-meta=\"#fap-meta-69ea00dae3c5e\" class=\"fap-single-track fap-track-button fap-play-button\" data-enqueue=\"no\" data-autoenqueue=\"no\" title=\"diagn\u00f3sticos e depress\u00e3o\"><span class=\"fap-icon-play\"><\/span>Ouvir<\/span> <a href=\"https:\/\/www.irdin.org.br\/site\/envios\/audios\/0034_0007__por_por__diagnosticos_e_depressao.mp3\" class=\"baixar\" download><span class=\"fa fa-arrow-down\"><\/span>Baixar<\/span><\/a> <span class=\"textobaixar\"> diagn\u00f3sticos e depress\u00e3o<\/span><\/p>\n<p>&nbsp;<\/p>\n","protected":false},"excerpt":{"rendered":"<p>Meios n\u00e3o convencionais de diagnosticar: clarivid\u00eancia, conhecimento an\u00edmico e transfer\u00eancia oculta. Causas energ\u00e9ticas da depress\u00e3o hoje. &nbsp; Ou\u00e7a agora: Baixar<\/p>\n","protected":false},"featured_media":37803,"template":"","meta":{"_acf_changed":false},"product_brand":[],"product_cat":[18076,33068],"product_tag":[39447],"class_list":{"0":"post-83055","1":"product","2":"type-product","3":"status-publish","4":"has-post-thumbnail","6":"product_cat-cddvd","7":"product_cat-palestras","8":"product_tag-39447","9":"pa_autor-trigueirinho","10":"pa_codigo-da-serie-32807","11":"pa_data-de-gravacao-30946","12":"pa_idioma-de-destino-portugues","13":"pa_lancamento-no","14":"pa_midia-cd","15":"pa_moac-39446","16":"pa_quantidade-de-saldo-33067","17":"pa_sequencial-da-serie-31883","18":"pa_tipo-de-traducao-nao-classificado","20":"first","21":"outofstock","22":"product-type-simple"},"acf":[],"_links":{"self":[{"href":"https:\/\/www.irdin.org.br\/site\/wp-json\/wp\/v2\/product\/83055","targetHints":{"allow":["GET"]}}],"collection":[{"href":"https:\/\/www.irdin.org.br\/site\/wp-json\/wp\/v2\/product"}],"about":[{"href":"https:\/\/www.irdin.org.br\/site\/wp-json\/wp\/v2\/types\/product"}],"version-history":[{"count":1,"href":"https:\/\/www.irdin.org.br\/site\/wp-json\/wp\/v2\/product\/83055\/revisions"}],"predecessor-version":[{"id":109108,"href":"https:\/\/www.irdin.org.br\/site\/wp-json\/wp\/v2\/product\/83055\/revisions\/109108"}],"wp:featuredmedia":[{"embeddable":true,"href":"https:\/\/www.irdin.org.br\/site\/wp-json\/wp\/v2\/media\/37803"}],"wp:attachment":[{"href":"https:\/\/www.irdin.org.br\/site\/wp-json\/wp\/v2\/media?parent=83055"}],"wp:term":[{"taxonomy":"product_brand","embeddable":true,"href":"https:\/\/www.irdin.org.br\/site\/wp-json\/wp\/v2\/product_brand?post=83055"},{"taxonomy":"product_cat","embeddable":true,"href":"https:\/\/www.irdin.org.br\/site\/wp-json\/wp\/v2\/product_cat?post=83055"},{"taxonomy":"product_tag","embeddable":true,"href":"https:\/\/www.irdin.org.br\/site\/wp-json\/wp\/v2\/product_tag?post=83055"}],"curies":[{"name":"wp","href":"https:\/\/api.w.org\/{rel}","templated":true}]}}