{"id":83069,"date":"2018-04-26T18:15:36","date_gmt":"2018-04-26T18:15:36","guid":{"rendered":"http:\/\/www.irdin.org.br\/site\/produto\/os-sete-grupos-de-atributos-do-monasterio-e-seus-valores\/"},"modified":"2025-03-15T22:37:48","modified_gmt":"2025-03-15T22:37:48","slug":"os-sete-grupos-de-atributos-do-monasterio-e-seus-valores","status":"publish","type":"product","link":"https:\/\/www.irdin.org.br\/site\/produtos\/os-sete-grupos-de-atributos-do-monasterio-e-seus-valores\/","title":{"rendered":"Os sete grupos de Atributos do Monast\u00e9rio e seus valores"},"content":{"rendered":"<p><em>O n\u00edvel de consci\u00eancia que chamamos Monast\u00e9rio atrai-nos para o que h\u00e1 de mais elevado e irradia ao planeta energias de transforma\u00e7\u00e3o e cura. Seus Atributos s\u00e3o chaves para essa ascens\u00e3o.<\/em><\/p>\n<p>&nbsp;<br \/>\n<strong>Ou\u00e7a agora:<\/strong><\/p>\n<p><span data-href=\"https:\/\/www.irdin.org.br\/site\/envios\/audios\/0021_0008__por_por__os_sete_grupos_de_atributos_do_monasterio_e_seus_valores.mp3\" data-title=\"os sete grupos de atributos do monast\u00e9rio e seus valores\" data-rel=\"\" data-target=\"\" data-meta=\"#fap-meta-69f8fec188d32\" class=\"fap-single-track fap-track-button fap-play-button\" data-enqueue=\"no\" data-autoenqueue=\"no\" title=\"os sete grupos de atributos do monast\u00e9rio e seus valores\"><span class=\"fap-icon-play\"><\/span>Ouvir<\/span> <a href=\"https:\/\/www.irdin.org.br\/site\/envios\/audios\/0021_0008__por_por__os_sete_grupos_de_atributos_do_monasterio_e_seus_valores.mp3\" class=\"baixar\" download><span class=\"fa fa-arrow-down\"><\/span>Baixar<\/span><\/a> <span class=\"textobaixar\"> os sete grupos de atributos do monast\u00e9rio e seus valores<\/span><\/p>\n<p>&nbsp;<\/p>\n","protected":false},"excerpt":{"rendered":"<p>O n\u00edvel de consci\u00eancia que chamamos Monast\u00e9rio atrai-nos para o que h\u00e1 de mais elevado e irradia ao planeta energias<\/p>\n","protected":false},"featured_media":37803,"template":"","meta":{"_acf_changed":false},"product_brand":[],"product_cat":[18076,33068],"product_tag":[39475],"class_list":{"0":"post-83069","1":"product","2":"type-product","3":"status-publish","4":"has-post-thumbnail","6":"product_cat-cddvd","7":"product_cat-palestras","8":"product_tag-39475","9":"pa_autor-trigueirinho","10":"pa_codigo-da-serie-32805","11":"pa_codigo-externo-00210008porcd","12":"pa_data-de-gravacao-20557","13":"pa_duracao-36min","14":"pa_idioma-de-destino-portugues","15":"pa_idioma-de-origem-portugues","16":"pa_lancamento-no","17":"pa_midia-cd","18":"pa_moac-39474","19":"pa_quantidade-de-saldo-33067","20":"pa_sequencial-da-serie-31888","21":"pa_tipo-de-traducao-nao-classificado","23":"first","24":"outofstock","25":"product-type-simple"},"acf":[],"_links":{"self":[{"href":"https:\/\/www.irdin.org.br\/site\/wp-json\/wp\/v2\/product\/83069","targetHints":{"allow":["GET"]}}],"collection":[{"href":"https:\/\/www.irdin.org.br\/site\/wp-json\/wp\/v2\/product"}],"about":[{"href":"https:\/\/www.irdin.org.br\/site\/wp-json\/wp\/v2\/types\/product"}],"version-history":[{"count":1,"href":"https:\/\/www.irdin.org.br\/site\/wp-json\/wp\/v2\/product\/83069\/revisions"}],"predecessor-version":[{"id":109085,"href":"https:\/\/www.irdin.org.br\/site\/wp-json\/wp\/v2\/product\/83069\/revisions\/109085"}],"wp:featuredmedia":[{"embeddable":true,"href":"https:\/\/www.irdin.org.br\/site\/wp-json\/wp\/v2\/media\/37803"}],"wp:attachment":[{"href":"https:\/\/www.irdin.org.br\/site\/wp-json\/wp\/v2\/media?parent=83069"}],"wp:term":[{"taxonomy":"product_brand","embeddable":true,"href":"https:\/\/www.irdin.org.br\/site\/wp-json\/wp\/v2\/product_brand?post=83069"},{"taxonomy":"product_cat","embeddable":true,"href":"https:\/\/www.irdin.org.br\/site\/wp-json\/wp\/v2\/product_cat?post=83069"},{"taxonomy":"product_tag","embeddable":true,"href":"https:\/\/www.irdin.org.br\/site\/wp-json\/wp\/v2\/product_tag?post=83069"}],"curies":[{"name":"wp","href":"https:\/\/api.w.org\/{rel}","templated":true}]}}