{"id":83078,"date":"2018-04-26T18:15:54","date_gmt":"2018-04-26T18:15:54","guid":{"rendered":"http:\/\/www.irdin.org.br\/site\/produto\/vida-monastica-votos-e-libertacao-material\/"},"modified":"2025-03-15T22:33:19","modified_gmt":"2025-03-15T22:33:19","slug":"vida-monastica-votos-e-libertacao-material","status":"publish","type":"product","link":"https:\/\/www.irdin.org.br\/site\/produtos\/vida-monastica-votos-e-libertacao-material\/","title":{"rendered":"Vida mon\u00e1stica, votos e liberta\u00e7\u00e3o material"},"content":{"rendered":"<p><em>O futuro da Terra \u00e9 a vida mon\u00e1stica, em que humildade, coragem e sabedoria convivem. Com os votos de obedi\u00eancia e integridade, compreende-se a verdadeira aceita\u00e7\u00e3o.<\/em><\/p>\n<p>&nbsp;<br \/>\n<strong>Ou\u00e7a agora:<\/strong><\/p>\n<p><span data-href=\"https:\/\/www.irdin.org.br\/site\/envios\/audios\/0021_0017__por_por__vida_monastica_votos_e_libertacao_material.mp3\" data-title=\"vida mon\u00e1stica, votos e liberta\u00e7\u00e3o material\" data-rel=\"\" data-target=\"\" data-meta=\"#fap-meta-69e1f6c11e36e\" class=\"fap-single-track fap-track-button fap-play-button\" data-enqueue=\"no\" data-autoenqueue=\"no\" title=\"vida mon\u00e1stica, votos e liberta\u00e7\u00e3o material\"><span class=\"fap-icon-play\"><\/span>Ouvir<\/span> <a href=\"https:\/\/www.irdin.org.br\/site\/envios\/audios\/0021_0017__por_por__vida_monastica_votos_e_libertacao_material.mp3\" class=\"baixar\" download><span class=\"fa fa-arrow-down\"><\/span>Baixar<\/span><\/a> <span class=\"textobaixar\"> vida mon\u00e1stica, votos e liberta\u00e7\u00e3o material<\/span><\/p>\n<p>&nbsp;<\/p>\n","protected":false},"excerpt":{"rendered":"<p>O futuro da Terra \u00e9 a vida mon\u00e1stica, em que humildade, coragem e sabedoria convivem. Com os votos de obedi\u00eancia<\/p>\n","protected":false},"featured_media":37803,"template":"","meta":{"_acf_changed":false},"product_brand":[],"product_cat":[18076,33068],"product_tag":[39493],"class_list":{"0":"post-83078","1":"product","2":"type-product","3":"status-publish","4":"has-post-thumbnail","6":"product_cat-cddvd","7":"product_cat-palestras","8":"product_tag-39493","9":"pa_autor-trigueirinho","10":"pa_codigo-da-serie-32805","11":"pa_codigo-externo-00210017porcd","12":"pa_data-de-gravacao-20584","13":"pa_duracao-51min","14":"pa_idioma-de-destino-portugues","15":"pa_idioma-de-origem-portugues","16":"pa_lancamento-no","17":"pa_midia-cd","18":"pa_moac-39492","19":"pa_quantidade-de-saldo-33067","20":"pa_sequencial-da-serie-31870","21":"pa_tipo-de-traducao-nao-classificado","23":"first","24":"outofstock","25":"product-type-simple"},"acf":[],"_links":{"self":[{"href":"https:\/\/www.irdin.org.br\/site\/wp-json\/wp\/v2\/product\/83078","targetHints":{"allow":["GET"]}}],"collection":[{"href":"https:\/\/www.irdin.org.br\/site\/wp-json\/wp\/v2\/product"}],"about":[{"href":"https:\/\/www.irdin.org.br\/site\/wp-json\/wp\/v2\/types\/product"}],"version-history":[{"count":1,"href":"https:\/\/www.irdin.org.br\/site\/wp-json\/wp\/v2\/product\/83078\/revisions"}],"predecessor-version":[{"id":109059,"href":"https:\/\/www.irdin.org.br\/site\/wp-json\/wp\/v2\/product\/83078\/revisions\/109059"}],"wp:featuredmedia":[{"embeddable":true,"href":"https:\/\/www.irdin.org.br\/site\/wp-json\/wp\/v2\/media\/37803"}],"wp:attachment":[{"href":"https:\/\/www.irdin.org.br\/site\/wp-json\/wp\/v2\/media?parent=83078"}],"wp:term":[{"taxonomy":"product_brand","embeddable":true,"href":"https:\/\/www.irdin.org.br\/site\/wp-json\/wp\/v2\/product_brand?post=83078"},{"taxonomy":"product_cat","embeddable":true,"href":"https:\/\/www.irdin.org.br\/site\/wp-json\/wp\/v2\/product_cat?post=83078"},{"taxonomy":"product_tag","embeddable":true,"href":"https:\/\/www.irdin.org.br\/site\/wp-json\/wp\/v2\/product_tag?post=83078"}],"curies":[{"name":"wp","href":"https:\/\/api.w.org\/{rel}","templated":true}]}}