{"id":83140,"date":"2018-04-26T18:16:47","date_gmt":"2018-04-26T18:16:47","guid":{"rendered":"http:\/\/www.irdin.org.br\/site\/produto\/conversas-com-trigueirinho-no-52\/"},"modified":"2025-03-15T22:25:06","modified_gmt":"2025-03-15T22:25:06","slug":"conversas-com-trigueirinho-no-52","status":"publish","type":"product","link":"https:\/\/www.irdin.org.br\/site\/produtos\/conversas-com-trigueirinho-no-52\/","title":{"rendered":"Conversas com Trigueirinho n\u00ba 52"},"content":{"rendered":"<p><em>A raz\u00e3o de sentirmos dor \/ Das paix\u00f5es \u00e0 correta canaliza\u00e7\u00e3o das energias \/ Aux\u00edlio \u00e0 concentra\u00e7\u00e3o e \u00e0 evolu\u00e7\u00e3o \/ A Lua como base de opera\u00e7\u00f5es extraterrestres \/ Nossas rela\u00e7\u00f5es com os centros planet\u00e1rios intra-oce\u00e2nicos e interc\u00e2mbio com universos paralelos \/ Elemento l\u00edquido e trabalho do reino d\u00e9vico \/ Significado das enfermidades pulmonares \/ Equil\u00edbrio c\u00e1rmico<\/em><\/p>\n<p>&nbsp;<br \/>\n<strong>Ou\u00e7a agora:<\/strong><\/p>\n<p><span data-href=\"https:\/\/www.irdin.org.br\/site\/envios\/audios\/0023_0052__por_por__conversas_com_trigueirinho_n052.mp3\" data-title=\"conversas com trigueirinho n\u00ba 52\" data-rel=\"\" data-target=\"\" data-meta=\"#fap-meta-69e2aa5be45a0\" class=\"fap-single-track fap-track-button fap-play-button\" data-enqueue=\"no\" data-autoenqueue=\"no\" title=\"conversas com trigueirinho n\u00ba 52\"><span class=\"fap-icon-play\"><\/span>Ouvir<\/span> <a href=\"https:\/\/www.irdin.org.br\/site\/envios\/audios\/0023_0052__por_por__conversas_com_trigueirinho_n052.mp3\" class=\"baixar\" download><span class=\"fa fa-arrow-down\"><\/span>Baixar<\/span><\/a> <span class=\"textobaixar\"> conversas com trigueirinho n\u00ba 52<\/span><\/p>\n<p>&nbsp;<\/p>\n","protected":false},"excerpt":{"rendered":"<p>A raz\u00e3o de sentirmos dor \/ Das paix\u00f5es \u00e0 correta canaliza\u00e7\u00e3o das energias \/ Aux\u00edlio \u00e0 concentra\u00e7\u00e3o e \u00e0 evolu\u00e7\u00e3o<\/p>\n","protected":false},"featured_media":37803,"template":"","meta":{"_acf_changed":false},"product_brand":[],"product_cat":[18076,33068],"product_tag":[39615],"class_list":{"0":"post-83140","1":"product","2":"type-product","3":"status-publish","4":"has-post-thumbnail","6":"product_cat-cddvd","7":"product_cat-palestras","8":"product_tag-39615","9":"pa_autor-trigueirinho","10":"pa_codigo-da-serie-31985","11":"pa_codigo-externo-00230052porcd","12":"pa_data-de-gravacao-20809","13":"pa_duracao-35min","14":"pa_idioma-de-destino-portugues","15":"pa_idioma-de-origem-portugues","16":"pa_lancamento-no","17":"pa_midia-cd","18":"pa_moac-39614","19":"pa_quantidade-de-saldo-33067","20":"pa_sequencial-da-serie-31928","21":"pa_tipo-de-traducao-nao-classificado","23":"first","24":"outofstock","25":"product-type-simple"},"acf":[],"_links":{"self":[{"href":"https:\/\/www.irdin.org.br\/site\/wp-json\/wp\/v2\/product\/83140","targetHints":{"allow":["GET"]}}],"collection":[{"href":"https:\/\/www.irdin.org.br\/site\/wp-json\/wp\/v2\/product"}],"about":[{"href":"https:\/\/www.irdin.org.br\/site\/wp-json\/wp\/v2\/types\/product"}],"version-history":[{"count":1,"href":"https:\/\/www.irdin.org.br\/site\/wp-json\/wp\/v2\/product\/83140\/revisions"}],"predecessor-version":[{"id":109012,"href":"https:\/\/www.irdin.org.br\/site\/wp-json\/wp\/v2\/product\/83140\/revisions\/109012"}],"wp:featuredmedia":[{"embeddable":true,"href":"https:\/\/www.irdin.org.br\/site\/wp-json\/wp\/v2\/media\/37803"}],"wp:attachment":[{"href":"https:\/\/www.irdin.org.br\/site\/wp-json\/wp\/v2\/media?parent=83140"}],"wp:term":[{"taxonomy":"product_brand","embeddable":true,"href":"https:\/\/www.irdin.org.br\/site\/wp-json\/wp\/v2\/product_brand?post=83140"},{"taxonomy":"product_cat","embeddable":true,"href":"https:\/\/www.irdin.org.br\/site\/wp-json\/wp\/v2\/product_cat?post=83140"},{"taxonomy":"product_tag","embeddable":true,"href":"https:\/\/www.irdin.org.br\/site\/wp-json\/wp\/v2\/product_tag?post=83140"}],"curies":[{"name":"wp","href":"https:\/\/api.w.org\/{rel}","templated":true}]}}