{"id":83189,"date":"2018-04-26T18:17:25","date_gmt":"2018-04-26T18:17:25","guid":{"rendered":"http:\/\/www.irdin.org.br\/site\/produto\/conversas-com-trigueirinho-no-103\/"},"modified":"2024-09-27T13:12:05","modified_gmt":"2024-09-27T13:12:05","slug":"conversas-com-trigueirinho-no-103","status":"publish","type":"product","link":"https:\/\/www.irdin.org.br\/site\/produtos\/conversas-com-trigueirinho-no-103\/","title":{"rendered":"Conversas com Trigueirinho n\u00ba 103"},"content":{"rendered":"<p><em>M\u00e9rito e Gra\u00e7a \/ O medo e sua cura \/ O trabalho espiritual n\u00e3o \u00e9 cobrado \/ O destemor da morte por meio da f\u00e9, energia da alma \/ Individualiza\u00e7\u00e3o de animais \/ Vis\u00e3o \u00e0 beira do lago do N\u00facleo Sohin e purifica\u00e7\u00e3o sutil dos corpos \/ A verdadeira arte c\u00eanica \/ Figueira, laborat\u00f3rio para a forma\u00e7\u00e3o da nova humanidade \/ Seres-Espelhos \/ O conhecimento interno e a nova ci\u00eancia<\/em><\/p>\n<p>&nbsp;<br \/>\n<strong>Ou\u00e7a agora:<\/strong><\/p>\n<p><span data-href=\"https:\/\/www.irdin.org.br\/site\/envios\/audios\/0023_0103__por_por__conversas_com_trigueirinho_n103.mp3\" data-title=\"conversas com trigueirinho n\u00ba 103\" data-rel=\"\" data-target=\"\" data-meta=\"#fap-meta-6a062f39bc91b\" class=\"fap-single-track fap-track-button fap-play-button\" data-enqueue=\"no\" data-autoenqueue=\"no\" title=\"conversas com trigueirinho n\u00ba 103\"><span class=\"fap-icon-play\"><\/span>Ouvir<\/span> <a href=\"https:\/\/www.irdin.org.br\/site\/envios\/audios\/0023_0103__por_por__conversas_com_trigueirinho_n103.mp3\" class=\"baixar\" download><span class=\"fa fa-arrow-down\"><\/span>Baixar<\/span><\/a> <span class=\"textobaixar\"> conversas com trigueirinho n\u00ba 103<\/span><\/p>\n<p>&nbsp;<\/p>\n","protected":false},"excerpt":{"rendered":"<p>M\u00e9rito e Gra\u00e7a \/ O medo e sua cura \/ O trabalho espiritual n\u00e3o \u00e9 cobrado \/ O destemor da<\/p>\n","protected":false},"featured_media":37803,"template":"","meta":{"_acf_changed":false},"product_brand":[],"product_cat":[18076,33068],"product_tag":[39711],"class_list":{"0":"post-83189","1":"product","2":"type-product","3":"status-publish","4":"has-post-thumbnail","6":"product_cat-cddvd","7":"product_cat-palestras","8":"product_tag-39711","9":"pa_autor-trigueirinho","10":"pa_codigo-da-serie-31985","11":"pa_codigo-externo-00230103porcd","12":"pa_data-de-gravacao-20962","13":"pa_duracao-41min51s","14":"pa_idioma-de-destino-portugues","15":"pa_idioma-de-origem-portugues","16":"pa_lancamento-no","17":"pa_midia-cd","18":"pa_moac-39710","19":"pa_quantidade-de-saldo-33067","20":"pa_sequencial-da-serie-32153","21":"pa_tipo-de-traducao-nao-classificado","23":"first","24":"outofstock","25":"product-type-simple"},"acf":[],"_links":{"self":[{"href":"https:\/\/www.irdin.org.br\/site\/wp-json\/wp\/v2\/product\/83189","targetHints":{"allow":["GET"]}}],"collection":[{"href":"https:\/\/www.irdin.org.br\/site\/wp-json\/wp\/v2\/product"}],"about":[{"href":"https:\/\/www.irdin.org.br\/site\/wp-json\/wp\/v2\/types\/product"}],"version-history":[{"count":1,"href":"https:\/\/www.irdin.org.br\/site\/wp-json\/wp\/v2\/product\/83189\/revisions"}],"predecessor-version":[{"id":107719,"href":"https:\/\/www.irdin.org.br\/site\/wp-json\/wp\/v2\/product\/83189\/revisions\/107719"}],"wp:featuredmedia":[{"embeddable":true,"href":"https:\/\/www.irdin.org.br\/site\/wp-json\/wp\/v2\/media\/37803"}],"wp:attachment":[{"href":"https:\/\/www.irdin.org.br\/site\/wp-json\/wp\/v2\/media?parent=83189"}],"wp:term":[{"taxonomy":"product_brand","embeddable":true,"href":"https:\/\/www.irdin.org.br\/site\/wp-json\/wp\/v2\/product_brand?post=83189"},{"taxonomy":"product_cat","embeddable":true,"href":"https:\/\/www.irdin.org.br\/site\/wp-json\/wp\/v2\/product_cat?post=83189"},{"taxonomy":"product_tag","embeddable":true,"href":"https:\/\/www.irdin.org.br\/site\/wp-json\/wp\/v2\/product_tag?post=83189"}],"curies":[{"name":"wp","href":"https:\/\/api.w.org\/{rel}","templated":true}]}}