{"id":83195,"date":"2018-04-26T18:17:25","date_gmt":"2018-04-26T18:17:25","guid":{"rendered":"http:\/\/www.irdin.org.br\/site\/produto\/conversas-com-trigueirinho-no-109\/"},"modified":"2024-09-27T13:12:21","modified_gmt":"2024-09-27T13:12:21","slug":"conversas-com-trigueirinho-no-109","status":"publish","type":"product","link":"https:\/\/www.irdin.org.br\/site\/produtos\/conversas-com-trigueirinho-no-109\/","title":{"rendered":"Conversas com Trigueirinho n\u00ba 109"},"content":{"rendered":"<p><em>A forma\u00e7\u00e3o da alma do Brasil \/ Cumprir o plano previsto para n\u00f3s \/ Vontade de Deus \/ Influ\u00eancia de encarna\u00e7\u00f5es passadas \/ Morte tr\u00e1gica de grandes seres \/ Equil\u00edbrio c\u00e1rmico, servi\u00e7o e transmuta\u00e7\u00e3o \/ S\u00edntese ao desencarnar \/ Sa\u00fade, governo e dinheiro \/ Superar limita\u00e7\u00f5es<\/em><\/p>\n<p>&nbsp;<br \/>\n<strong>Ou\u00e7a agora:<\/strong><\/p>\n<p><span data-href=\"https:\/\/www.irdin.org.br\/site\/envios\/audios\/0023_0109__por_por__conversas_com_trigueirinho_n109.mp3\" data-title=\"conversas com trigueirinho n\u00ba 109\" data-rel=\"\" data-target=\"\" data-meta=\"#fap-meta-6a06a6eeeb271\" class=\"fap-single-track fap-track-button fap-play-button\" data-enqueue=\"no\" data-autoenqueue=\"no\" title=\"conversas com trigueirinho n\u00ba 109\"><span class=\"fap-icon-play\"><\/span>Ouvir<\/span> <a href=\"https:\/\/www.irdin.org.br\/site\/envios\/audios\/0023_0109__por_por__conversas_com_trigueirinho_n109.mp3\" class=\"baixar\" download><span class=\"fa fa-arrow-down\"><\/span>Baixar<\/span><\/a> <span class=\"textobaixar\"> conversas com trigueirinho n\u00ba 109<\/span><\/p>\n<p>&nbsp;<\/p>\n","protected":false},"excerpt":{"rendered":"<p>A forma\u00e7\u00e3o da alma do Brasil \/ Cumprir o plano previsto para n\u00f3s \/ Vontade de Deus \/ Influ\u00eancia de<\/p>\n","protected":false},"featured_media":37803,"template":"","meta":{"_acf_changed":false},"product_brand":[],"product_cat":[18076,33068],"product_tag":[39721],"class_list":{"0":"post-83195","1":"product","2":"type-product","3":"status-publish","4":"has-post-thumbnail","6":"product_cat-cddvd","7":"product_cat-palestras","8":"product_tag-39721","9":"pa_autor-trigueirinho","10":"pa_codigo-da-serie-31985","11":"pa_codigo-externo-00230109porcd","12":"pa_data-de-gravacao-20985","13":"pa_duracao-40min1s","14":"pa_idioma-de-destino-portugues","15":"pa_idioma-de-origem-portugues","16":"pa_lancamento-no","17":"pa_midia-cd","18":"pa_moac-39720","19":"pa_quantidade-de-saldo-33067","20":"pa_sequencial-da-serie-32163","21":"pa_tipo-de-traducao-nao-classificado","23":"first","24":"outofstock","25":"product-type-simple"},"acf":[],"_links":{"self":[{"href":"https:\/\/www.irdin.org.br\/site\/wp-json\/wp\/v2\/product\/83195","targetHints":{"allow":["GET"]}}],"collection":[{"href":"https:\/\/www.irdin.org.br\/site\/wp-json\/wp\/v2\/product"}],"about":[{"href":"https:\/\/www.irdin.org.br\/site\/wp-json\/wp\/v2\/types\/product"}],"version-history":[{"count":1,"href":"https:\/\/www.irdin.org.br\/site\/wp-json\/wp\/v2\/product\/83195\/revisions"}],"predecessor-version":[{"id":107723,"href":"https:\/\/www.irdin.org.br\/site\/wp-json\/wp\/v2\/product\/83195\/revisions\/107723"}],"wp:featuredmedia":[{"embeddable":true,"href":"https:\/\/www.irdin.org.br\/site\/wp-json\/wp\/v2\/media\/37803"}],"wp:attachment":[{"href":"https:\/\/www.irdin.org.br\/site\/wp-json\/wp\/v2\/media?parent=83195"}],"wp:term":[{"taxonomy":"product_brand","embeddable":true,"href":"https:\/\/www.irdin.org.br\/site\/wp-json\/wp\/v2\/product_brand?post=83195"},{"taxonomy":"product_cat","embeddable":true,"href":"https:\/\/www.irdin.org.br\/site\/wp-json\/wp\/v2\/product_cat?post=83195"},{"taxonomy":"product_tag","embeddable":true,"href":"https:\/\/www.irdin.org.br\/site\/wp-json\/wp\/v2\/product_tag?post=83195"}],"curies":[{"name":"wp","href":"https:\/\/api.w.org\/{rel}","templated":true}]}}