{"id":83246,"date":"2018-04-26T18:18:20","date_gmt":"2018-04-26T18:18:20","guid":{"rendered":"http:\/\/www.irdin.org.br\/site\/produto\/conversas-com-trigueirinho-no-160\/"},"modified":"2025-03-15T21:30:04","modified_gmt":"2025-03-15T21:30:04","slug":"conversas-com-trigueirinho-no-160","status":"publish","type":"product","link":"https:\/\/www.irdin.org.br\/site\/produtos\/conversas-com-trigueirinho-no-160\/","title":{"rendered":"Conversas com Trigueirinho n\u00ba 160"},"content":{"rendered":"<p><em>Comunh\u00e3o com mundos invis\u00edveis \/ Celibato e perpetua\u00e7\u00e3o da esp\u00e9cie \/ Visitas a lugares sagrados \/ Os chacras e o consciente direito \/ Visualiza\u00e7\u00e3o de s\u00edmbolos geom\u00e9tricos \/ Purifica\u00e7\u00e3o da personalidade \/ Servi\u00e7o desinteressado e medita\u00e7\u00e3o \/ Como equilibrar erros \/ Produtos transg\u00eanicos e transmuta\u00e7\u00e3o \/ Perda de interesse pelo caminho espiritual<\/em><\/p>\n<p>&nbsp;<br \/>\n<strong>Ou\u00e7a agora:<\/strong><\/p>\n<p><span data-href=\"https:\/\/www.irdin.org.br\/site\/envios\/audios\/0023_0160__por_por__conversas_com_trigueirinho_n160.mp3\" data-title=\"conversas com trigueirinho n\u00ba 160\" data-rel=\"\" data-target=\"\" data-meta=\"#fap-meta-69e65fcb69fec\" class=\"fap-single-track fap-track-button fap-play-button\" data-enqueue=\"no\" data-autoenqueue=\"no\" title=\"conversas com trigueirinho n\u00ba 160\"><span class=\"fap-icon-play\"><\/span>Ouvir<\/span> <a href=\"https:\/\/www.irdin.org.br\/site\/envios\/audios\/0023_0160__por_por__conversas_com_trigueirinho_n160.mp3\" class=\"baixar\" download><span class=\"fa fa-arrow-down\"><\/span>Baixar<\/span><\/a> <span class=\"textobaixar\"> conversas com trigueirinho n\u00ba 160<\/span><\/p>\n<p>&nbsp;<\/p>\n","protected":false},"excerpt":{"rendered":"<p>Comunh\u00e3o com mundos invis\u00edveis \/ Celibato e perpetua\u00e7\u00e3o da esp\u00e9cie \/ Visitas a lugares sagrados \/ Os chacras e o<\/p>\n","protected":false},"featured_media":37803,"template":"","meta":{"_acf_changed":false},"product_brand":[],"product_cat":[18076,33068],"product_tag":[39821],"class_list":{"0":"post-83246","1":"product","2":"type-product","3":"status-publish","4":"has-post-thumbnail","6":"product_cat-cddvd","7":"product_cat-palestras","8":"product_tag-39821","9":"pa_autor-trigueirinho","10":"pa_codigo-da-serie-31985","11":"pa_codigo-externo-00230160porcd","12":"pa_data-de-gravacao-21159","13":"pa_duracao-39min39s","14":"pa_idioma-de-destino-portugues","15":"pa_idioma-de-origem-portugues","16":"pa_lancamento-no","17":"pa_midia-cd","18":"pa_moac-39820","19":"pa_quantidade-de-saldo-33067","20":"pa_sequencial-da-serie-32308","21":"pa_tipo-de-traducao-nao-classificado","23":"first","24":"outofstock","25":"product-type-simple"},"acf":[],"_links":{"self":[{"href":"https:\/\/www.irdin.org.br\/site\/wp-json\/wp\/v2\/product\/83246","targetHints":{"allow":["GET"]}}],"collection":[{"href":"https:\/\/www.irdin.org.br\/site\/wp-json\/wp\/v2\/product"}],"about":[{"href":"https:\/\/www.irdin.org.br\/site\/wp-json\/wp\/v2\/types\/product"}],"version-history":[{"count":1,"href":"https:\/\/www.irdin.org.br\/site\/wp-json\/wp\/v2\/product\/83246\/revisions"}],"predecessor-version":[{"id":108954,"href":"https:\/\/www.irdin.org.br\/site\/wp-json\/wp\/v2\/product\/83246\/revisions\/108954"}],"wp:featuredmedia":[{"embeddable":true,"href":"https:\/\/www.irdin.org.br\/site\/wp-json\/wp\/v2\/media\/37803"}],"wp:attachment":[{"href":"https:\/\/www.irdin.org.br\/site\/wp-json\/wp\/v2\/media?parent=83246"}],"wp:term":[{"taxonomy":"product_brand","embeddable":true,"href":"https:\/\/www.irdin.org.br\/site\/wp-json\/wp\/v2\/product_brand?post=83246"},{"taxonomy":"product_cat","embeddable":true,"href":"https:\/\/www.irdin.org.br\/site\/wp-json\/wp\/v2\/product_cat?post=83246"},{"taxonomy":"product_tag","embeddable":true,"href":"https:\/\/www.irdin.org.br\/site\/wp-json\/wp\/v2\/product_tag?post=83246"}],"curies":[{"name":"wp","href":"https:\/\/api.w.org\/{rel}","templated":true}]}}