{"id":83284,"date":"2018-04-26T18:18:56","date_gmt":"2018-04-26T18:18:56","guid":{"rendered":"http:\/\/www.irdin.org.br\/site\/produto\/conversas-com-trigueirinho-no-200\/"},"modified":"2025-03-15T21:22:14","modified_gmt":"2025-03-15T21:22:14","slug":"conversas-com-trigueirinho-no-200","status":"publish","type":"product","link":"https:\/\/www.irdin.org.br\/site\/produtos\/conversas-com-trigueirinho-no-200\/","title":{"rendered":"Conversas com Trigueirinho n\u00ba 200"},"content":{"rendered":"<p><em>Penetrar o significado dos sonhos \/ Sonho com cobra \/ Uni\u00e3o de prop\u00f3sitos \/ Sonho com chap\u00e9u branco \/ Eutan\u00e1sia em animais \/ Mudan\u00e7a sem expectativas \/ Sinais internos e discernimento \/ Ajuda a uma na\u00e7\u00e3o \/ Crueldade e generosidade \/ Estado de ora\u00e7\u00e3o \/ \u00c1gua e recursos naturais \/ Equil\u00edbrio da situa\u00e7\u00e3o planet\u00e1ria \/ Transformar-se \/ Comunica\u00e7\u00e3o entre dimens\u00f5es \/ Redes internas do planeta<\/em><\/p>\n<p>&nbsp;<br \/>\n<strong>Ou\u00e7a agora:<\/strong><\/p>\n<p><span data-href=\"https:\/\/www.irdin.org.br\/site\/envios\/audios\/0023_0200__por_por__conversas_com_trigueirinho_n200.mp3\" data-title=\"conversas com trigueirinho n\u00ba 200\" data-rel=\"\" data-target=\"\" data-meta=\"#fap-meta-69e2b56e42315\" class=\"fap-single-track fap-track-button fap-play-button\" data-enqueue=\"no\" data-autoenqueue=\"no\" title=\"conversas com trigueirinho n\u00ba 200\"><span class=\"fap-icon-play\"><\/span>Ouvir<\/span> <a href=\"https:\/\/www.irdin.org.br\/site\/envios\/audios\/0023_0200__por_por__conversas_com_trigueirinho_n200.mp3\" class=\"baixar\" download><span class=\"fa fa-arrow-down\"><\/span>Baixar<\/span><\/a> <span class=\"textobaixar\"> conversas com trigueirinho n\u00ba 200<\/span><\/p>\n<p>&nbsp;<\/p>\n","protected":false},"excerpt":{"rendered":"<p>Penetrar o significado dos sonhos \/ Sonho com cobra \/ Uni\u00e3o de prop\u00f3sitos \/ Sonho com chap\u00e9u branco \/ Eutan\u00e1sia<\/p>\n","protected":false},"featured_media":37803,"template":"","meta":{"_acf_changed":false},"product_brand":[],"product_cat":[18076,33068],"product_tag":[39887],"class_list":{"0":"post-83284","1":"product","2":"type-product","3":"status-publish","4":"has-post-thumbnail","6":"product_cat-cddvd","7":"product_cat-palestras","8":"product_tag-39887","9":"pa_autor-trigueirinho","10":"pa_codigo-da-serie-31985","11":"pa_codigo-externo-00230200porcd","12":"pa_data-de-gravacao-21278","13":"pa_duracao-44min","14":"pa_idioma-de-destino-portugues","15":"pa_idioma-de-origem-portugues","16":"pa_lancamento-no","17":"pa_midia-cd","18":"pa_moac-39886","19":"pa_quantidade-de-saldo-33067","20":"pa_sequencial-da-serie-32409","21":"pa_tipo-de-traducao-nao-classificado","23":"first","24":"outofstock","25":"product-type-simple"},"acf":[],"_links":{"self":[{"href":"https:\/\/www.irdin.org.br\/site\/wp-json\/wp\/v2\/product\/83284","targetHints":{"allow":["GET"]}}],"collection":[{"href":"https:\/\/www.irdin.org.br\/site\/wp-json\/wp\/v2\/product"}],"about":[{"href":"https:\/\/www.irdin.org.br\/site\/wp-json\/wp\/v2\/types\/product"}],"version-history":[{"count":1,"href":"https:\/\/www.irdin.org.br\/site\/wp-json\/wp\/v2\/product\/83284\/revisions"}],"predecessor-version":[{"id":108916,"href":"https:\/\/www.irdin.org.br\/site\/wp-json\/wp\/v2\/product\/83284\/revisions\/108916"}],"wp:featuredmedia":[{"embeddable":true,"href":"https:\/\/www.irdin.org.br\/site\/wp-json\/wp\/v2\/media\/37803"}],"wp:attachment":[{"href":"https:\/\/www.irdin.org.br\/site\/wp-json\/wp\/v2\/media?parent=83284"}],"wp:term":[{"taxonomy":"product_brand","embeddable":true,"href":"https:\/\/www.irdin.org.br\/site\/wp-json\/wp\/v2\/product_brand?post=83284"},{"taxonomy":"product_cat","embeddable":true,"href":"https:\/\/www.irdin.org.br\/site\/wp-json\/wp\/v2\/product_cat?post=83284"},{"taxonomy":"product_tag","embeddable":true,"href":"https:\/\/www.irdin.org.br\/site\/wp-json\/wp\/v2\/product_tag?post=83284"}],"curies":[{"name":"wp","href":"https:\/\/api.w.org\/{rel}","templated":true}]}}