{"id":83288,"date":"2018-04-26T18:18:56","date_gmt":"2018-04-26T18:18:56","guid":{"rendered":"http:\/\/www.irdin.org.br\/site\/produto\/conversas-com-trigueirinho-no-204\/"},"modified":"2025-03-15T21:22:52","modified_gmt":"2025-03-15T21:22:52","slug":"conversas-com-trigueirinho-no-204","status":"publish","type":"product","link":"https:\/\/www.irdin.org.br\/site\/produtos\/conversas-com-trigueirinho-no-204\/","title":{"rendered":"Conversas com Trigueirinho n\u00ba 204"},"content":{"rendered":"<p><em>Cuidados com os centros nervosos da crian\u00e7a \/ Sonho com perda de sapato \/ Ra\u00e7a \u00c1ria \/ A transmuta\u00e7\u00e3o ambiental feita por animais \/ O s\u00edmbolo do vestu\u00e1rio nos sonhos \/ Purifica\u00e7\u00e3o \/ Criatividade da m\u00f4nada \/ Uni\u00e3o da parte material com a imaterial do ser \/ Entrega do livre-arb\u00edtrio \/ As sete m\u00f4nadas \/ A ajuda de uma m\u00f4nada na evolu\u00e7\u00e3o de outra \/ Sanidade ps\u00edquica para contatar a m\u00f4nada<\/em><\/p>\n<p>&nbsp;<br \/>\n<strong>Ou\u00e7a agora:<\/strong><\/p>\n<p><span data-href=\"https:\/\/www.irdin.org.br\/site\/envios\/audios\/0023_0204__por_por__conversas_com_trigueirinho_n204.mp3\" data-title=\"conversas com trigueirinho n\u00ba 204\" data-rel=\"\" data-target=\"\" data-meta=\"#fap-meta-69e230a864a41\" class=\"fap-single-track fap-track-button fap-play-button\" data-enqueue=\"no\" data-autoenqueue=\"no\" title=\"conversas com trigueirinho n\u00ba 204\"><span class=\"fap-icon-play\"><\/span>Ouvir<\/span> <a href=\"https:\/\/www.irdin.org.br\/site\/envios\/audios\/0023_0204__por_por__conversas_com_trigueirinho_n204.mp3\" class=\"baixar\" download><span class=\"fa fa-arrow-down\"><\/span>Baixar<\/span><\/a> <span class=\"textobaixar\"> conversas com trigueirinho n\u00ba 204<\/span><\/p>\n<p>&nbsp;<\/p>\n","protected":false},"excerpt":{"rendered":"<p>Cuidados com os centros nervosos da crian\u00e7a \/ Sonho com perda de sapato \/ Ra\u00e7a \u00c1ria \/ A transmuta\u00e7\u00e3o ambiental<\/p>\n","protected":false},"featured_media":37803,"template":"","meta":{"_acf_changed":false},"product_brand":[],"product_cat":[18076,33068],"product_tag":[39895],"class_list":{"0":"post-83288","1":"product","2":"type-product","3":"status-publish","4":"has-post-thumbnail","6":"product_cat-cddvd","7":"product_cat-palestras","8":"product_tag-39895","9":"pa_autor-trigueirinho","10":"pa_codigo-da-serie-31985","11":"pa_codigo-externo-00230204porcd","12":"pa_data-de-gravacao-21291","13":"pa_duracao-40min","14":"pa_idioma-de-destino-portugues","15":"pa_idioma-de-origem-portugues","16":"pa_lancamento-no","17":"pa_midia-cd","18":"pa_moac-39894","19":"pa_quantidade-de-saldo-33067","20":"pa_sequencial-da-serie-32417","21":"pa_tipo-de-traducao-nao-classificado","23":"first","24":"outofstock","25":"product-type-simple"},"acf":[],"_links":{"self":[{"href":"https:\/\/www.irdin.org.br\/site\/wp-json\/wp\/v2\/product\/83288","targetHints":{"allow":["GET"]}}],"collection":[{"href":"https:\/\/www.irdin.org.br\/site\/wp-json\/wp\/v2\/product"}],"about":[{"href":"https:\/\/www.irdin.org.br\/site\/wp-json\/wp\/v2\/types\/product"}],"version-history":[{"count":1,"href":"https:\/\/www.irdin.org.br\/site\/wp-json\/wp\/v2\/product\/83288\/revisions"}],"predecessor-version":[{"id":108920,"href":"https:\/\/www.irdin.org.br\/site\/wp-json\/wp\/v2\/product\/83288\/revisions\/108920"}],"wp:featuredmedia":[{"embeddable":true,"href":"https:\/\/www.irdin.org.br\/site\/wp-json\/wp\/v2\/media\/37803"}],"wp:attachment":[{"href":"https:\/\/www.irdin.org.br\/site\/wp-json\/wp\/v2\/media?parent=83288"}],"wp:term":[{"taxonomy":"product_brand","embeddable":true,"href":"https:\/\/www.irdin.org.br\/site\/wp-json\/wp\/v2\/product_brand?post=83288"},{"taxonomy":"product_cat","embeddable":true,"href":"https:\/\/www.irdin.org.br\/site\/wp-json\/wp\/v2\/product_cat?post=83288"},{"taxonomy":"product_tag","embeddable":true,"href":"https:\/\/www.irdin.org.br\/site\/wp-json\/wp\/v2\/product_tag?post=83288"}],"curies":[{"name":"wp","href":"https:\/\/api.w.org\/{rel}","templated":true}]}}