{"id":83289,"date":"2018-04-26T18:18:56","date_gmt":"2018-04-26T18:18:56","guid":{"rendered":"http:\/\/www.irdin.org.br\/site\/produto\/conversas-com-trigueirinho-no-205\/"},"modified":"2025-03-15T21:23:04","modified_gmt":"2025-03-15T21:23:04","slug":"conversas-com-trigueirinho-no-205","status":"publish","type":"product","link":"https:\/\/www.irdin.org.br\/site\/produtos\/conversas-com-trigueirinho-no-205\/","title":{"rendered":"Conversas com Trigueirinho n\u00ba 205"},"content":{"rendered":"<p><em>Golfinhos \/ Ter vida em tudo \/ Individualiza\u00e7\u00e3o \/ Servir no sonho \/ Est\u00edmulo \u00e0 evolu\u00e7\u00e3o \/ Vencer a dualidade \/ Recordar os sonhos \/ Exerc\u00edcio em sonhos \/ N\u00e3o h\u00e1 ?casos perdidos? \/ A B\u00edblia \/ Luz el\u00e9trica e gl\u00e2ndula pineal \/ Tempestades \/ Irm\u00e3os g\u00eameos \/ Problemas criados \/ Aprofundar impulsos espirituais \/ Mensagem interna expressa em palavras \/ Sentimentos que traduzem estados da alma<\/em><\/p>\n<p>&nbsp;<br \/>\n<strong>Ou\u00e7a agora:<\/strong><\/p>\n<p><span data-href=\"https:\/\/www.irdin.org.br\/site\/envios\/audios\/0023_0205__por_por__conversas_com_trigueirinho_n205.mp3\" data-title=\"conversas com trigueirinho n\u00ba 205\" data-rel=\"\" data-target=\"\" data-meta=\"#fap-meta-69febf8f4005b\" class=\"fap-single-track fap-track-button fap-play-button\" data-enqueue=\"no\" data-autoenqueue=\"no\" title=\"conversas com trigueirinho n\u00ba 205\"><span class=\"fap-icon-play\"><\/span>Ouvir<\/span> <a href=\"https:\/\/www.irdin.org.br\/site\/envios\/audios\/0023_0205__por_por__conversas_com_trigueirinho_n205.mp3\" class=\"baixar\" download><span class=\"fa fa-arrow-down\"><\/span>Baixar<\/span><\/a> <span class=\"textobaixar\"> conversas com trigueirinho n\u00ba 205<\/span><\/p>\n<p>&nbsp;<\/p>\n","protected":false},"excerpt":{"rendered":"<p>Golfinhos \/ Ter vida em tudo \/ Individualiza\u00e7\u00e3o \/ Servir no sonho \/ Est\u00edmulo \u00e0 evolu\u00e7\u00e3o \/ Vencer a dualidade<\/p>\n","protected":false},"featured_media":37803,"template":"","meta":{"_acf_changed":false},"product_brand":[],"product_cat":[18076,33068],"product_tag":[39897],"class_list":{"0":"post-83289","1":"product","2":"type-product","3":"status-publish","4":"has-post-thumbnail","6":"product_cat-cddvd","7":"product_cat-palestras","8":"product_tag-39897","9":"pa_autor-trigueirinho","10":"pa_codigo-da-serie-31985","11":"pa_codigo-externo-00230205porcd","12":"pa_data-de-gravacao-20392","13":"pa_duracao-31min","14":"pa_idioma-de-destino-portugues","15":"pa_idioma-de-origem-portugues","16":"pa_lancamento-no","17":"pa_midia-cd","18":"pa_moac-39896","19":"pa_quantidade-de-saldo-33067","20":"pa_sequencial-da-serie-32419","21":"pa_tipo-de-traducao-nao-classificado","23":"first","24":"outofstock","25":"product-type-simple"},"acf":[],"_links":{"self":[{"href":"https:\/\/www.irdin.org.br\/site\/wp-json\/wp\/v2\/product\/83289","targetHints":{"allow":["GET"]}}],"collection":[{"href":"https:\/\/www.irdin.org.br\/site\/wp-json\/wp\/v2\/product"}],"about":[{"href":"https:\/\/www.irdin.org.br\/site\/wp-json\/wp\/v2\/types\/product"}],"version-history":[{"count":1,"href":"https:\/\/www.irdin.org.br\/site\/wp-json\/wp\/v2\/product\/83289\/revisions"}],"predecessor-version":[{"id":108921,"href":"https:\/\/www.irdin.org.br\/site\/wp-json\/wp\/v2\/product\/83289\/revisions\/108921"}],"wp:featuredmedia":[{"embeddable":true,"href":"https:\/\/www.irdin.org.br\/site\/wp-json\/wp\/v2\/media\/37803"}],"wp:attachment":[{"href":"https:\/\/www.irdin.org.br\/site\/wp-json\/wp\/v2\/media?parent=83289"}],"wp:term":[{"taxonomy":"product_brand","embeddable":true,"href":"https:\/\/www.irdin.org.br\/site\/wp-json\/wp\/v2\/product_brand?post=83289"},{"taxonomy":"product_cat","embeddable":true,"href":"https:\/\/www.irdin.org.br\/site\/wp-json\/wp\/v2\/product_cat?post=83289"},{"taxonomy":"product_tag","embeddable":true,"href":"https:\/\/www.irdin.org.br\/site\/wp-json\/wp\/v2\/product_tag?post=83289"}],"curies":[{"name":"wp","href":"https:\/\/api.w.org\/{rel}","templated":true}]}}