{"id":83326,"date":"2018-04-26T18:19:33","date_gmt":"2018-04-26T18:19:33","guid":{"rendered":"http:\/\/www.irdin.org.br\/site\/produto\/conversas-com-trigueirinho-no-242\/"},"modified":"2025-03-15T21:15:10","modified_gmt":"2025-03-15T21:15:10","slug":"conversas-com-trigueirinho-no-242","status":"publish","type":"product","link":"https:\/\/www.irdin.org.br\/site\/produtos\/conversas-com-trigueirinho-no-242\/","title":{"rendered":"Conversas com Trigueirinho n\u00ba 242"},"content":{"rendered":"<p><em>Prote\u00e7\u00e3o para novo trabalho \/ Deixar-se guiar pelo Eu Superior \/ Neutralidade \/ O sil\u00eancio ao despertar \/ Controle da palavra \/ Obst\u00e1culos \/ Colabora\u00e7\u00e3o \/ Impress\u00e3o de j\u00e1 ter vivido uma experi\u00eancia atual \/ Buda \/ Novo passo \/ Uni\u00e3o alma e m\u00f4nada \/ Transmuta\u00e7\u00e3o \/ Inicia\u00e7\u00e3o \/ Premoni\u00e7\u00e3o e pensamento elevado \/ Alimenta\u00e7\u00e3o correta<\/em><\/p>\n<p>&nbsp;<br \/>\n<strong>Ou\u00e7a agora:<\/strong><\/p>\n<p><span data-href=\"https:\/\/www.irdin.org.br\/site\/envios\/audios\/0023_0242__por_por__conversas_com_trigueirinho_n242.mp3\" data-title=\"conversas com trigueirinho n\u00ba 242\" data-rel=\"\" data-target=\"\" data-meta=\"#fap-meta-69e3df5112c89\" class=\"fap-single-track fap-track-button fap-play-button\" data-enqueue=\"no\" data-autoenqueue=\"no\" title=\"conversas com trigueirinho n\u00ba 242\"><span class=\"fap-icon-play\"><\/span>Ouvir<\/span> <a href=\"https:\/\/www.irdin.org.br\/site\/envios\/audios\/0023_0242__por_por__conversas_com_trigueirinho_n242.mp3\" class=\"baixar\" download><span class=\"fa fa-arrow-down\"><\/span>Baixar<\/span><\/a> <span class=\"textobaixar\"> conversas com trigueirinho n\u00ba 242<\/span><\/p>\n<p>&nbsp;<\/p>\n","protected":false},"excerpt":{"rendered":"<p>Prote\u00e7\u00e3o para novo trabalho \/ Deixar-se guiar pelo Eu Superior \/ Neutralidade \/ O sil\u00eancio ao despertar \/ Controle da<\/p>\n","protected":false},"featured_media":37803,"template":"","meta":{"_acf_changed":false},"product_brand":[],"product_cat":[18076,33068],"product_tag":[39971],"class_list":{"0":"post-83326","1":"product","2":"type-product","3":"status-publish","4":"has-post-thumbnail","6":"product_cat-cddvd","7":"product_cat-palestras","8":"product_tag-39971","9":"pa_autor-trigueirinho","10":"pa_codigo-da-serie-31985","11":"pa_codigo-externo-00230242porcd","12":"pa_data-de-gravacao-21401","13":"pa_duracao-48min","14":"pa_idioma-de-destino-portugues","15":"pa_idioma-de-origem-portugues","16":"pa_lancamento-no","17":"pa_midia-cd","18":"pa_moac-39970","19":"pa_quantidade-de-saldo-33067","20":"pa_sequencial-da-serie-32502","21":"pa_tipo-de-traducao-nao-classificado","23":"first","24":"outofstock","25":"product-type-simple"},"acf":[],"_links":{"self":[{"href":"https:\/\/www.irdin.org.br\/site\/wp-json\/wp\/v2\/product\/83326","targetHints":{"allow":["GET"]}}],"collection":[{"href":"https:\/\/www.irdin.org.br\/site\/wp-json\/wp\/v2\/product"}],"about":[{"href":"https:\/\/www.irdin.org.br\/site\/wp-json\/wp\/v2\/types\/product"}],"version-history":[{"count":1,"href":"https:\/\/www.irdin.org.br\/site\/wp-json\/wp\/v2\/product\/83326\/revisions"}],"predecessor-version":[{"id":108878,"href":"https:\/\/www.irdin.org.br\/site\/wp-json\/wp\/v2\/product\/83326\/revisions\/108878"}],"wp:featuredmedia":[{"embeddable":true,"href":"https:\/\/www.irdin.org.br\/site\/wp-json\/wp\/v2\/media\/37803"}],"wp:attachment":[{"href":"https:\/\/www.irdin.org.br\/site\/wp-json\/wp\/v2\/media?parent=83326"}],"wp:term":[{"taxonomy":"product_brand","embeddable":true,"href":"https:\/\/www.irdin.org.br\/site\/wp-json\/wp\/v2\/product_brand?post=83326"},{"taxonomy":"product_cat","embeddable":true,"href":"https:\/\/www.irdin.org.br\/site\/wp-json\/wp\/v2\/product_cat?post=83326"},{"taxonomy":"product_tag","embeddable":true,"href":"https:\/\/www.irdin.org.br\/site\/wp-json\/wp\/v2\/product_tag?post=83326"}],"curies":[{"name":"wp","href":"https:\/\/api.w.org\/{rel}","templated":true}]}}