{"id":83355,"date":"2018-04-26T18:19:51","date_gmt":"2018-04-26T18:19:51","guid":{"rendered":"http:\/\/www.irdin.org.br\/site\/produto\/conversas-com-trigueirinho-no-271\/"},"modified":"2025-03-15T21:12:50","modified_gmt":"2025-03-15T21:12:50","slug":"conversas-com-trigueirinho-no-271","status":"publish","type":"product","link":"https:\/\/www.irdin.org.br\/site\/produtos\/conversas-com-trigueirinho-no-271\/","title":{"rendered":"Conversas com Trigueirinho n\u00ba 271"},"content":{"rendered":"<p><em>Autotransforma\u00e7\u00e3o \/ A ilus\u00e3o da idade f\u00edsica \/ Recapitula\u00e7\u00e3o dos eventos do dia \/ Relacionamento com o reino vegetal \/ Novas energias incidem no planeta \/ O valor das crises \/ Leis humanas e leis superiores \/ Da ang\u00fastia \u00e0 compreens\u00e3o \/ S\u00e3o Francisco de Assis, budismo e compaix\u00e3o<\/em><\/p>\n<p>&nbsp;<br \/>\n<strong>Ou\u00e7a agora:<\/strong><\/p>\n<p><span data-href=\"https:\/\/www.irdin.org.br\/site\/envios\/audios\/0023_0271__por_por__conversas_com_trigueirinho_n271.mp3\" data-title=\"conversas com trigueirinho n\u00ba 271\" data-rel=\"\" data-target=\"\" data-meta=\"#fap-meta-69ff8253d6d4e\" class=\"fap-single-track fap-track-button fap-play-button\" data-enqueue=\"no\" data-autoenqueue=\"no\" title=\"conversas com trigueirinho n\u00ba 271\"><span class=\"fap-icon-play\"><\/span>Ouvir<\/span> <a href=\"https:\/\/www.irdin.org.br\/site\/envios\/audios\/0023_0271__por_por__conversas_com_trigueirinho_n271.mp3\" class=\"baixar\" download><span class=\"fa fa-arrow-down\"><\/span>Baixar<\/span><\/a> <span class=\"textobaixar\"> conversas com trigueirinho n\u00ba 271<\/span><\/p>\n<p>&nbsp;<\/p>\n","protected":false},"excerpt":{"rendered":"<p>Autotransforma\u00e7\u00e3o \/ A ilus\u00e3o da idade f\u00edsica \/ Recapitula\u00e7\u00e3o dos eventos do dia \/ Relacionamento com o reino vegetal \/<\/p>\n","protected":false},"featured_media":37803,"template":"","meta":{"_acf_changed":false},"product_brand":[],"product_cat":[18076,33068],"product_tag":[40029],"class_list":{"0":"post-83355","1":"product","2":"type-product","3":"status-publish","4":"has-post-thumbnail","6":"product_cat-cddvd","7":"product_cat-palestras","8":"product_tag-40029","9":"pa_autor-trigueirinho","10":"pa_codigo-da-serie-31985","11":"pa_codigo-externo-00230271porcd","12":"pa_data-de-gravacao-21484","13":"pa_duracao-34min","14":"pa_idioma-de-destino-portugues","15":"pa_idioma-de-origem-portugues","16":"pa_lancamento-no","17":"pa_midia-cd","18":"pa_moac-40028","19":"pa_quantidade-de-saldo-33067","20":"pa_sequencial-da-serie-32561","21":"pa_tipo-de-traducao-nao-classificado","23":"first","24":"outofstock","25":"product-type-simple"},"acf":[],"_links":{"self":[{"href":"https:\/\/www.irdin.org.br\/site\/wp-json\/wp\/v2\/product\/83355","targetHints":{"allow":["GET"]}}],"collection":[{"href":"https:\/\/www.irdin.org.br\/site\/wp-json\/wp\/v2\/product"}],"about":[{"href":"https:\/\/www.irdin.org.br\/site\/wp-json\/wp\/v2\/types\/product"}],"version-history":[{"count":1,"href":"https:\/\/www.irdin.org.br\/site\/wp-json\/wp\/v2\/product\/83355\/revisions"}],"predecessor-version":[{"id":108867,"href":"https:\/\/www.irdin.org.br\/site\/wp-json\/wp\/v2\/product\/83355\/revisions\/108867"}],"wp:featuredmedia":[{"embeddable":true,"href":"https:\/\/www.irdin.org.br\/site\/wp-json\/wp\/v2\/media\/37803"}],"wp:attachment":[{"href":"https:\/\/www.irdin.org.br\/site\/wp-json\/wp\/v2\/media?parent=83355"}],"wp:term":[{"taxonomy":"product_brand","embeddable":true,"href":"https:\/\/www.irdin.org.br\/site\/wp-json\/wp\/v2\/product_brand?post=83355"},{"taxonomy":"product_cat","embeddable":true,"href":"https:\/\/www.irdin.org.br\/site\/wp-json\/wp\/v2\/product_cat?post=83355"},{"taxonomy":"product_tag","embeddable":true,"href":"https:\/\/www.irdin.org.br\/site\/wp-json\/wp\/v2\/product_tag?post=83355"}],"curies":[{"name":"wp","href":"https:\/\/api.w.org\/{rel}","templated":true}]}}