{"id":83386,"date":"2018-04-26T18:20:29","date_gmt":"2018-04-26T18:20:29","guid":{"rendered":"http:\/\/www.irdin.org.br\/site\/produto\/conversas-com-trigueirinho-no-303\/"},"modified":"2025-03-15T21:02:05","modified_gmt":"2025-03-15T21:02:05","slug":"conversas-com-trigueirinho-no-303","status":"publish","type":"product","link":"https:\/\/www.irdin.org.br\/site\/produtos\/conversas-com-trigueirinho-no-303\/","title":{"rendered":"Conversas com Trigueirinho n\u00ba 303"},"content":{"rendered":"<p><em>Coliga\u00e7\u00e3o com o conte\u00fado das comunica\u00e7\u00f5es \/ Influ\u00eancias externas e evolu\u00e7\u00e3o da alma \/ Adapta\u00e7\u00e3o a novos ritmos \/ Harmoniza\u00e7\u00e3o do ser \/ Limpeza do subconsciente e for\u00e7as retr\u00f3gradas \/ Chaves como s\u00edmbolo, nos sonhos \/ Universalidade dos mantras \/ Como e quando colaborar no caminho dos demais \/ Servi\u00e7o a grupos \/ Suic\u00eddio, um grande equ\u00edvoco \/ Ego e eu interior \/ Os Conselhos internos e seus membros<\/em><\/p>\n<p>&nbsp;<br \/>\n<strong>Ou\u00e7a agora:<\/strong><\/p>\n<p><span data-href=\"https:\/\/www.irdin.org.br\/site\/envios\/audios\/0023_0303__por_por__conversas_com_trigueirinho_n303.mp3\" data-title=\"conversas com trigueirinho n\u00ba 303\" data-rel=\"\" data-target=\"\" data-meta=\"#fap-meta-69e24cfc2880d\" class=\"fap-single-track fap-track-button fap-play-button\" data-enqueue=\"no\" data-autoenqueue=\"no\" title=\"conversas com trigueirinho n\u00ba 303\"><span class=\"fap-icon-play\"><\/span>Ouvir<\/span> <a href=\"https:\/\/www.irdin.org.br\/site\/envios\/audios\/0023_0303__por_por__conversas_com_trigueirinho_n303.mp3\" class=\"baixar\" download><span class=\"fa fa-arrow-down\"><\/span>Baixar<\/span><\/a> <span class=\"textobaixar\"> conversas com trigueirinho n\u00ba 303<\/span><\/p>\n<p>&nbsp;<\/p>\n","protected":false},"excerpt":{"rendered":"<p>Coliga\u00e7\u00e3o com o conte\u00fado das comunica\u00e7\u00f5es \/ Influ\u00eancias externas e evolu\u00e7\u00e3o da alma \/ Adapta\u00e7\u00e3o a novos ritmos \/ Harmoniza\u00e7\u00e3o<\/p>\n","protected":false},"featured_media":37803,"template":"","meta":{"_acf_changed":false},"product_brand":[],"product_cat":[18076,33068],"product_tag":[40091],"class_list":{"0":"post-83386","1":"product","2":"type-product","3":"status-publish","4":"has-post-thumbnail","6":"product_cat-cddvd","7":"product_cat-palestras","8":"product_tag-40091","9":"pa_autor-trigueirinho","10":"pa_codigo-da-serie-31985","11":"pa_codigo-externo-00230303porcd","12":"pa_data-de-gravacao-21579","13":"pa_duracao-42min","14":"pa_idioma-de-destino-portugues","15":"pa_idioma-de-origem-portugues","16":"pa_lancamento-no","17":"pa_midia-cd","18":"pa_moac-40090","19":"pa_quantidade-de-saldo-33067","20":"pa_sequencial-da-serie-32628","21":"pa_tipo-de-traducao-nao-classificado","23":"first","24":"outofstock","25":"product-type-simple"},"acf":[],"_links":{"self":[{"href":"https:\/\/www.irdin.org.br\/site\/wp-json\/wp\/v2\/product\/83386","targetHints":{"allow":["GET"]}}],"collection":[{"href":"https:\/\/www.irdin.org.br\/site\/wp-json\/wp\/v2\/product"}],"about":[{"href":"https:\/\/www.irdin.org.br\/site\/wp-json\/wp\/v2\/types\/product"}],"version-history":[{"count":1,"href":"https:\/\/www.irdin.org.br\/site\/wp-json\/wp\/v2\/product\/83386\/revisions"}],"predecessor-version":[{"id":108819,"href":"https:\/\/www.irdin.org.br\/site\/wp-json\/wp\/v2\/product\/83386\/revisions\/108819"}],"wp:featuredmedia":[{"embeddable":true,"href":"https:\/\/www.irdin.org.br\/site\/wp-json\/wp\/v2\/media\/37803"}],"wp:attachment":[{"href":"https:\/\/www.irdin.org.br\/site\/wp-json\/wp\/v2\/media?parent=83386"}],"wp:term":[{"taxonomy":"product_brand","embeddable":true,"href":"https:\/\/www.irdin.org.br\/site\/wp-json\/wp\/v2\/product_brand?post=83386"},{"taxonomy":"product_cat","embeddable":true,"href":"https:\/\/www.irdin.org.br\/site\/wp-json\/wp\/v2\/product_cat?post=83386"},{"taxonomy":"product_tag","embeddable":true,"href":"https:\/\/www.irdin.org.br\/site\/wp-json\/wp\/v2\/product_tag?post=83386"}],"curies":[{"name":"wp","href":"https:\/\/api.w.org\/{rel}","templated":true}]}}