{"id":83438,"date":"2018-04-26T18:21:26","date_gmt":"2018-04-26T18:21:26","guid":{"rendered":"http:\/\/www.irdin.org.br\/site\/produto\/conversas-com-trigueirinho-no-358\/"},"modified":"2025-03-15T20:33:05","modified_gmt":"2025-03-15T20:33:05","slug":"conversas-com-trigueirinho-no-358","status":"publish","type":"product","link":"https:\/\/www.irdin.org.br\/site\/produtos\/conversas-com-trigueirinho-no-358\/","title":{"rendered":"Conversas com Trigueirinho n\u00ba 358"},"content":{"rendered":"<p><em>C\u00f3lera \/ Sil\u00eancio e medita\u00e7\u00e3o \/ Transmuta\u00e7\u00e3o e sublima\u00e7\u00e3o \/ Sonhos persecut\u00f3rios \/ Procria\u00e7\u00e3o no futuro \/ Vida fraterna \/ Mediunidade \/ Defeitos f\u00edsicos em animais \/ Redu\u00e7\u00e3o de alimentos \/ Ilus\u00f5es \/ Hora de desencarnar \/ Sono excessivo \/ Compreender os reinos da Natureza \/ Polariza\u00e7\u00e3o na alma e servi\u00e7o amplo \/ Consci\u00eancia \/ Transforma\u00e7\u00e3o \/ Aux\u00edlio da Hierarquia \/ O engano da Ci\u00eancia \/ Humildade<\/em><\/p>\n<p>&nbsp;<br \/>\n<strong>Ou\u00e7a agora:<\/strong><\/p>\n<p><span data-href=\"https:\/\/www.irdin.org.br\/site\/envios\/audios\/0023_0358__por_por__conversas_com_trigueirinho_n358.mp3\" data-title=\"conversas com trigueirinho n\u00ba 358\" data-rel=\"\" data-target=\"\" data-meta=\"#fap-meta-69e17d34744c5\" class=\"fap-single-track fap-track-button fap-play-button\" data-enqueue=\"no\" data-autoenqueue=\"no\" title=\"conversas com trigueirinho n\u00ba 358\"><span class=\"fap-icon-play\"><\/span>Ouvir<\/span> <a href=\"https:\/\/www.irdin.org.br\/site\/envios\/audios\/0023_0358__por_por__conversas_com_trigueirinho_n358.mp3\" class=\"baixar\" download><span class=\"fa fa-arrow-down\"><\/span>Baixar<\/span><\/a> <span class=\"textobaixar\"> conversas com trigueirinho n\u00ba 358<\/span><\/p>\n<p>&nbsp;<\/p>\n","protected":false},"excerpt":{"rendered":"<p>C\u00f3lera \/ Sil\u00eancio e medita\u00e7\u00e3o \/ Transmuta\u00e7\u00e3o e sublima\u00e7\u00e3o \/ Sonhos persecut\u00f3rios \/ Procria\u00e7\u00e3o no futuro \/ Vida fraterna \/<\/p>\n","protected":false},"featured_media":37803,"template":"","meta":{"_acf_changed":false},"product_brand":[],"product_cat":[18076,33068],"product_tag":[40195],"class_list":{"0":"post-83438","1":"product","2":"type-product","3":"status-publish","4":"has-post-thumbnail","6":"product_cat-cddvd","7":"product_cat-palestras","8":"product_tag-40195","9":"pa_autor-trigueirinho","10":"pa_codigo-da-serie-31985","11":"pa_codigo-externo-00230358porcd","12":"pa_data-de-gravacao-19231","13":"pa_duracao-42min","14":"pa_idioma-de-destino-portugues","15":"pa_idioma-de-origem-portugues","16":"pa_lancamento-no","17":"pa_midia-cd","18":"pa_moac-40194","19":"pa_quantidade-de-saldo-33067","20":"pa_sequencial-da-serie-32026","21":"pa_tipo-de-traducao-nao-classificado","23":"first","24":"outofstock","25":"product-type-simple"},"acf":[],"_links":{"self":[{"href":"https:\/\/www.irdin.org.br\/site\/wp-json\/wp\/v2\/product\/83438","targetHints":{"allow":["GET"]}}],"collection":[{"href":"https:\/\/www.irdin.org.br\/site\/wp-json\/wp\/v2\/product"}],"about":[{"href":"https:\/\/www.irdin.org.br\/site\/wp-json\/wp\/v2\/types\/product"}],"version-history":[{"count":1,"href":"https:\/\/www.irdin.org.br\/site\/wp-json\/wp\/v2\/product\/83438\/revisions"}],"predecessor-version":[{"id":108755,"href":"https:\/\/www.irdin.org.br\/site\/wp-json\/wp\/v2\/product\/83438\/revisions\/108755"}],"wp:featuredmedia":[{"embeddable":true,"href":"https:\/\/www.irdin.org.br\/site\/wp-json\/wp\/v2\/media\/37803"}],"wp:attachment":[{"href":"https:\/\/www.irdin.org.br\/site\/wp-json\/wp\/v2\/media?parent=83438"}],"wp:term":[{"taxonomy":"product_brand","embeddable":true,"href":"https:\/\/www.irdin.org.br\/site\/wp-json\/wp\/v2\/product_brand?post=83438"},{"taxonomy":"product_cat","embeddable":true,"href":"https:\/\/www.irdin.org.br\/site\/wp-json\/wp\/v2\/product_cat?post=83438"},{"taxonomy":"product_tag","embeddable":true,"href":"https:\/\/www.irdin.org.br\/site\/wp-json\/wp\/v2\/product_tag?post=83438"}],"curies":[{"name":"wp","href":"https:\/\/api.w.org\/{rel}","templated":true}]}}