{"id":83439,"date":"2018-04-26T18:21:26","date_gmt":"2018-04-26T18:21:26","guid":{"rendered":"http:\/\/www.irdin.org.br\/site\/produto\/conversas-com-trigueirinho-no-359\/"},"modified":"2025-03-15T20:33:15","modified_gmt":"2025-03-15T20:33:15","slug":"conversas-com-trigueirinho-no-359","status":"publish","type":"product","link":"https:\/\/www.irdin.org.br\/site\/produtos\/conversas-com-trigueirinho-no-359\/","title":{"rendered":"Conversas com Trigueirinho n\u00ba 359"},"content":{"rendered":"<p><em>Colabora\u00e7\u00e3o com o reino animal \/ Orar pelo outro sem interferir em sua vida \/ Como regenerar o organismo depois do uso indevido da energia \/ Sonhos com serpentes \/ Arte espiritual \/ Rudolf Steiner e sua obra \/ Tempo de espera para uma crema\u00e7\u00e3o \/ O processo de desencarna\u00e7\u00e3o \/ A import\u00e2ncia do desapego \/ M\u00famias \/ A capacidade de transmuta\u00e7\u00e3o de um terapeuta \/ Purifica\u00e7\u00e3o pela \u00e1gua<\/em><\/p>\n<p>&nbsp;<br \/>\n<strong>Ou\u00e7a agora:<\/strong><\/p>\n<p><span data-href=\"https:\/\/www.irdin.org.br\/site\/envios\/audios\/0023_0359__por_por__conversas_com_trigueirinho_n359.mp3\" data-title=\"conversas com trigueirinho n\u00ba 359\" data-rel=\"\" data-target=\"\" data-meta=\"#fap-meta-69e19321db000\" class=\"fap-single-track fap-track-button fap-play-button\" data-enqueue=\"no\" data-autoenqueue=\"no\" title=\"conversas com trigueirinho n\u00ba 359\"><span class=\"fap-icon-play\"><\/span>Ouvir<\/span> <a href=\"https:\/\/www.irdin.org.br\/site\/envios\/audios\/0023_0359__por_por__conversas_com_trigueirinho_n359.mp3\" class=\"baixar\" download><span class=\"fa fa-arrow-down\"><\/span>Baixar<\/span><\/a> <span class=\"textobaixar\"> conversas com trigueirinho n\u00ba 359<\/span><\/p>\n<p>&nbsp;<\/p>\n","protected":false},"excerpt":{"rendered":"<p>Colabora\u00e7\u00e3o com o reino animal \/ Orar pelo outro sem interferir em sua vida \/ Como regenerar o organismo depois<\/p>\n","protected":false},"featured_media":37803,"template":"","meta":{"_acf_changed":false},"product_brand":[],"product_cat":[18076,33068],"product_tag":[40197],"class_list":{"0":"post-83439","1":"product","2":"type-product","3":"status-publish","4":"has-post-thumbnail","6":"product_cat-cddvd","7":"product_cat-palestras","8":"product_tag-40197","9":"pa_autor-trigueirinho","10":"pa_codigo-da-serie-31985","11":"pa_codigo-externo-00230359porcd","12":"pa_data-de-gravacao-25735","13":"pa_duracao-47min","14":"pa_idioma-de-destino-portugues","15":"pa_idioma-de-origem-portugues","16":"pa_lancamento-no","17":"pa_midia-cd","18":"pa_moac-40196","19":"pa_quantidade-de-saldo-33067","20":"pa_sequencial-da-serie-32027","21":"pa_tipo-de-traducao-nao-classificado","23":"first","24":"outofstock","25":"product-type-simple"},"acf":[],"_links":{"self":[{"href":"https:\/\/www.irdin.org.br\/site\/wp-json\/wp\/v2\/product\/83439","targetHints":{"allow":["GET"]}}],"collection":[{"href":"https:\/\/www.irdin.org.br\/site\/wp-json\/wp\/v2\/product"}],"about":[{"href":"https:\/\/www.irdin.org.br\/site\/wp-json\/wp\/v2\/types\/product"}],"version-history":[{"count":1,"href":"https:\/\/www.irdin.org.br\/site\/wp-json\/wp\/v2\/product\/83439\/revisions"}],"predecessor-version":[{"id":108756,"href":"https:\/\/www.irdin.org.br\/site\/wp-json\/wp\/v2\/product\/83439\/revisions\/108756"}],"wp:featuredmedia":[{"embeddable":true,"href":"https:\/\/www.irdin.org.br\/site\/wp-json\/wp\/v2\/media\/37803"}],"wp:attachment":[{"href":"https:\/\/www.irdin.org.br\/site\/wp-json\/wp\/v2\/media?parent=83439"}],"wp:term":[{"taxonomy":"product_brand","embeddable":true,"href":"https:\/\/www.irdin.org.br\/site\/wp-json\/wp\/v2\/product_brand?post=83439"},{"taxonomy":"product_cat","embeddable":true,"href":"https:\/\/www.irdin.org.br\/site\/wp-json\/wp\/v2\/product_cat?post=83439"},{"taxonomy":"product_tag","embeddable":true,"href":"https:\/\/www.irdin.org.br\/site\/wp-json\/wp\/v2\/product_tag?post=83439"}],"curies":[{"name":"wp","href":"https:\/\/api.w.org\/{rel}","templated":true}]}}