{"id":83464,"date":"2018-04-26T18:21:46","date_gmt":"2018-04-26T18:21:46","guid":{"rendered":"http:\/\/www.irdin.org.br\/site\/produto\/conversas-com-trigueirinho-no-384\/"},"modified":"2025-03-15T20:29:45","modified_gmt":"2025-03-15T20:29:45","slug":"conversas-com-trigueirinho-no-384","status":"publish","type":"product","link":"https:\/\/www.irdin.org.br\/site\/produtos\/conversas-com-trigueirinho-no-384\/","title":{"rendered":"Conversas com Trigueirinho n\u00ba 384"},"content":{"rendered":"<p><em>O nome Figueira \/ Cura em Figueira \/ Apego a tarefas e posi\u00e7\u00f5es \/ Nova Psicologia \/ Os Mestres do passado e o est\u00edmulo de agora a transcender a individualidade \/ Grupos de almas e caminho ao ser supremo \/ Centros planet\u00e1rios e expans\u00e3o da consci\u00eancia \/ Cereais como s\u00edmbolos \/ Queda e resgate do reino animal \/ Vegetarianismo \/ Educa\u00e7\u00e3o hoje \/ Eu interno e eleva\u00e7\u00e3o \/ O lado imaterial do alimento<\/em><\/p>\n<p>&nbsp;<br \/>\n<strong>Ou\u00e7a agora:<\/strong><\/p>\n<p><span data-href=\"https:\/\/www.irdin.org.br\/site\/envios\/audios\/0023_0384__por_por__conversas_com_trigueirinho_n384.mp3\" data-title=\"conversas com trigueirinho n\u00ba 384\" data-rel=\"\" data-target=\"\" data-meta=\"#fap-meta-6a01d31f93590\" class=\"fap-single-track fap-track-button fap-play-button\" data-enqueue=\"no\" data-autoenqueue=\"no\" title=\"conversas com trigueirinho n\u00ba 384\"><span class=\"fap-icon-play\"><\/span>Ouvir<\/span> <a href=\"https:\/\/www.irdin.org.br\/site\/envios\/audios\/0023_0384__por_por__conversas_com_trigueirinho_n384.mp3\" class=\"baixar\" download><span class=\"fa fa-arrow-down\"><\/span>Baixar<\/span><\/a> <span class=\"textobaixar\"> conversas com trigueirinho n\u00ba 384<\/span><\/p>\n<p>&nbsp;<\/p>\n","protected":false},"excerpt":{"rendered":"<p>O nome Figueira \/ Cura em Figueira \/ Apego a tarefas e posi\u00e7\u00f5es \/ Nova Psicologia \/ Os Mestres do<\/p>\n","protected":false},"featured_media":37803,"template":"","meta":{"_acf_changed":false},"product_brand":[],"product_cat":[18076,33068],"product_tag":[40247],"class_list":{"0":"post-83464","1":"product","2":"type-product","3":"status-publish","4":"has-post-thumbnail","6":"product_cat-cddvd","7":"product_cat-palestras","8":"product_tag-40247","9":"pa_autor-trigueirinho","10":"pa_codigo-da-serie-31985","11":"pa_codigo-externo-00230384porcd","12":"pa_data-de-gravacao-19259","13":"pa_duracao-50min","14":"pa_idioma-de-destino-portugues","15":"pa_idioma-de-origem-portugues","16":"pa_lancamento-no","17":"pa_midia-cd","18":"pa_moac-40246","19":"pa_quantidade-de-saldo-33067","20":"pa_sequencial-da-serie-32066","21":"pa_tipo-de-traducao-nao-classificado","23":"first","24":"outofstock","25":"product-type-simple"},"acf":[],"_links":{"self":[{"href":"https:\/\/www.irdin.org.br\/site\/wp-json\/wp\/v2\/product\/83464","targetHints":{"allow":["GET"]}}],"collection":[{"href":"https:\/\/www.irdin.org.br\/site\/wp-json\/wp\/v2\/product"}],"about":[{"href":"https:\/\/www.irdin.org.br\/site\/wp-json\/wp\/v2\/types\/product"}],"version-history":[{"count":1,"href":"https:\/\/www.irdin.org.br\/site\/wp-json\/wp\/v2\/product\/83464\/revisions"}],"predecessor-version":[{"id":108740,"href":"https:\/\/www.irdin.org.br\/site\/wp-json\/wp\/v2\/product\/83464\/revisions\/108740"}],"wp:featuredmedia":[{"embeddable":true,"href":"https:\/\/www.irdin.org.br\/site\/wp-json\/wp\/v2\/media\/37803"}],"wp:attachment":[{"href":"https:\/\/www.irdin.org.br\/site\/wp-json\/wp\/v2\/media?parent=83464"}],"wp:term":[{"taxonomy":"product_brand","embeddable":true,"href":"https:\/\/www.irdin.org.br\/site\/wp-json\/wp\/v2\/product_brand?post=83464"},{"taxonomy":"product_cat","embeddable":true,"href":"https:\/\/www.irdin.org.br\/site\/wp-json\/wp\/v2\/product_cat?post=83464"},{"taxonomy":"product_tag","embeddable":true,"href":"https:\/\/www.irdin.org.br\/site\/wp-json\/wp\/v2\/product_tag?post=83464"}],"curies":[{"name":"wp","href":"https:\/\/api.w.org\/{rel}","templated":true}]}}